{"id":15940,"date":"2025-07-15T13:52:13","date_gmt":"2025-07-15T11:52:13","guid":{"rendered":"https:\/\/uj.adatbank.ro\/lexikon\/termek\/musnai-laszlo\/"},"modified":"2025-07-15T13:52:13","modified_gmt":"2025-07-15T11:52:13","slug":"musnai-laszlo","status":"publish","type":"product","link":"https:\/\/uj.adatbank.ro\/lexikon\/termek\/musnai-laszlo\/","title":{"rendered":"MUSNAI L\u00e1szl\u00f3"},"content":{"rendered":"<p>Sz\u00e9kelyk\u00f6vesd, 1888. febr. 26., \u2020 Nagyenyed, 1967. m\u00e1j. 8.: ref. lel\u00adk\u00e9sz, teol\u00f3gus, irodalomt\u00f6rt\u00e9n\u00e9sz, vall\u00e1si k\u00f6z\u00edr\u00f3. \u2013 A sz\u00e9kely udvarhelyi Ref. Koll.-ban j\u00e1rt k\u00f6z\u00e9piskol\u00e1ba. A kv.-i ref. teol\u00f3gi\u00e1n lelk\u00e9szi oklevelet szerzett (1910), B\u00e9csben \u00e9s Berlinben a Hittudom\u00e1nyi Karon bibliai tanulm\u00e1nyokat folytatott (1910\u201311). Marosszentimr\u00e9n lelk\u00e9sz (1911\u201314), k\u00f6zben Kv.-on teol. mag\u00e1ntan\u00e1ri vizsg\u00e1t tett (1913). Lek\u00e9sz Tek\u00e9ben (1914\u201333), emellett a b\u00e9csi \u00e9s a berlini egy.-en teol. kieg\u00e9sz\u00edt\u0151 tanul\u00adm\u00e1nyokat folytatott (1917\u201318), a debreceni egy.-en teol. doktori oklevelet is szerzett (1928). A nagysaj\u00f3i ref. egyh\u00e1zm. esperese (1927\u2013), a nagyenyedi Beth\u00adlen Koll\u00e9giumban vall\u00e1stan\u00e1r (1933\u2013), a koll\u00e9gium igazgat\u00f3ja (1941\u201345). F\u0151k\u00e9nt a v\u00e1ros \u00e9s a koll\u00e9gium m\u0171vel\u0151d\u00e9si hagyom\u00e1nyainak rendszeres feldolgoz\u00e1sa foglalkoztatja, bele\u00e9rtve K\u0151r\u00f6si Csoma S\u00e1ndor eml\u00e9k\u00e9nek \u00e1pol\u00e1s\u00e1t \u00e9s az erd\u00e9lyi rom\u00e1ns\u00e1g k\u00f6r\u00e9ben folyt nyugati misszi\u00f3s t\u00f6rekv\u00e9sek kutat\u00e1s\u00e1t is. Vall\u00e1stan\u00e1rk\u00e9nt re\u00e1 h\u00e1rul a reform\u00e1tus papjel\u00f6ltek nagyenyedi gyakorlati k\u00e9pz\u00e9s\u00e9nek ir\u00e1ny\u00edt\u00e1sa, s igazgat\u00f3k\u00e9nt \u0151 \u00e1ll az 1940\u201345 k\u00f6z\u00f6tt Nagyenyeden megszervezett Ref. Teol\u00f3giai Kar \u00e9l\u00e9n is. Mid\u0151n a szovjet katonai hat\u00f3s\u00e1gok hadik\u00f3rh\u00e1z c\u00e9ljaira ig\u00e9nybe veszik a koll\u00e9gium \u00e9p\u00fclet\u00e9t, szinte \u00e9lete kock\u00e1ztat\u00e1s\u00e1val menti meg a nagyk\u00f6nyvt\u00e1rat a pusztul\u00e1st\u00f3l. Sz\u00e9les k\u00f6r\u0171 teol. irod. munk\u00e1s\u00ads\u00e1g\u00e1nak k\u00f6z\u00e9ppontj\u00e1ban az \u00fajsz\u00f6vets\u00e9gi teol. \u00e9s a m. bibliaford\u00edt\u00e1sokra vonatkoz\u00f3 kutat\u00e1sok \u00e1lltak. \u2013 <strong>F. m.:<\/strong> J\u00e1nos apokalypsis\u00e9nek magya\u00adr\u00e1zata (Gyulafeh\u00e9rv\u00e1r, 1913; 2. f\u00fczet. Torda, 1924); \u00c9letnek besz\u00e9de (besz\u00e9dv\u00e1zlatok; Tor\u00adda, 1923); A magyar Biblia t\u00f6rt\u00e9nete (Torda, 1925); Az \u201e\u00f6reg&#8221; J\u00e1nos (Debrecen, 1926); J\u00e1nos evang\u00e9lium\u00e1nak \u00e9s leveleinek magyar\u00e1zata. (Torda 1926); K\u00e1rolyi G\u00e1sp\u00e1r, a bibliaford\u00edt\u00f3 (Torda, 1929); Szenczi Moln\u00e1r Albert (Torda, 1934); Kecskem\u00e9thy Cs. Istv\u00e1n (Kecskem\u00e9thy Istv\u00e1n Eml\u00e9kk. Kv., 1934); A Vizsolyi Biblia \u00e9s Kom\u00e1romi Csipk\u00e9s Gy\u00f6rgy Bibli\u00e1ja (K\u00e1rolyi Eml\u00e9kk. Bp., 1940); A ker. tudom\u00e1nyoknak r\u00f6vid summ\u00e1ba k\u00f6t\u00f6tt fundamentuma. (Bp. 1941); Eml\u00e9kbesz\u00e9d K\u0151r\u00f6si Csoma S\u00e1ndor hal\u00e1l\u00e1nak 100 \u00e9ves \u00fcnnep\u00e9n. (Aiud 1942); K\u0151r\u00f6si Csoma S\u00e1ndor. (Aiud-Nagyenyed 1943); Az Ige szolg\u00e1lat\u00e1ban. (Aiud-Nagyenyed 1945); A v\u00e1radi biblia (Nagyenyed, 1947); Az els\u0151 m. bibliaford\u00edt\u00e1sok (Nagyenyed, 1947); Miszt\u00f3tfalusi Kis Mikl\u00f3s Aranyos Bibli\u00e1ja (Nagyenyed, 1947); \u00daj adatok Halici Mih\u00e1ly \u00e9let\u00e9hez \u00e9s hagyat\u00e9k\u00e1hoz. (Klny. NyIrK 1960); Date noi privitoare la Mihail Halici. (Klny. Studii de istorie literar\u0103 \u015fi folclor \u2013 Institutul de lingvistic\u0103 Cluj 1964); K\u0151r\u00f6si Csoma S\u00e1ndor \u00e9s Nagyenyed. (Klny. NyIrk 1964); K\u0151r\u00f6si Csoma S\u00e1ndor \u00e9s a kolozsv\u00e1ri tud\u00f3sk\u00f6r. (Klny. A MTA I. Oszt\u00e1ly\u00e1nak K\u00f6zlem\u00e9nyeib\u0151l 1966) A felsoroltakon k\u00edv\u00fcl m\u00e9g sz\u00e1mos, ma m\u00e1r nehezen hozz\u00e1f\u00e9rhet\u0151 apr\u00f3nyomtatv\u00e1nya (pl. A V\u00e1radi biblia) \u00e9s a fentebb felsoroltakkal azonos t\u00e1rgy\u00fa k\u00f6zlem\u00e9nye (pl. K\u0151r\u00f6si Csoma S\u00e1ndor \u00e9s Nagyenyed. Magyar Pedag\u00f3gia 1963\/4.) jelent meg. <br \/><strong>Irod.:<\/strong> Engel K\u00e1roly: Dr. M.L. (NyIrk, 1968\/1); Gy\u00f6rgy 1926; M. L. (Ref. Szle, Kv., 1967); RMIL, Szab\u00f3\u2013Simon\u2013Sz\u00f6gi; T\u00f3th\u2013G\u00e1bor; T\u0151k\u00e9s Istv\u00e1n, \u00daM\u00c9L, \u00daMIL<\/br><\/p>\n","protected":false},"excerpt":{"rendered":"<p>Sz\u00e9kelyk\u00f6vesd, 1888. febr. 26., \u2020 Nagyenyed, 1967. m\u00e1j. 8.: ref. lel\u00adk\u00e9sz, teol\u00f3gus, irodalomt\u00f6rt\u00e9n\u00e9sz, vall\u00e1si k\u00f6z\u00edr\u00f3. \u2013 A sz\u00e9kely udvarhelyi Ref. Koll.-ban j\u00e1rt k\u00f6z\u00e9piskol\u00e1ba. A kv.-i ref. teol\u00f3gi\u00e1n lelk\u00e9szi oklevelet szerzett (1910), B\u00e9csben \u00e9s Berlinben a Hittudom\u00e1nyi Karon bibliai tanulm\u00e1nyokat folytatott (1910\u201311). Marosszentimr\u00e9n lelk\u00e9sz (1911\u201314), k\u00f6zben Kv.-on teol. mag\u00e1ntan\u00e1ri vizsg\u00e1t tett (1913). Lek\u00e9sz Tek\u00e9ben (1914\u201333), emellett [&hellip;]<\/p>\n","protected":false},"featured_media":0,"comment_status":"open","ping_status":"closed","template":"","meta":[],"product_brand":[],"product_cat":[137],"product_tag":[],"class_list":{"0":"post-15940","1":"product","2":"type-product","3":"status-publish","5":"product_cat-maros-megyei-eletrajzi-lexikon","7":"first","8":"instock","9":"shipping-taxable","10":"product-type-simple"},"_links":{"self":[{"href":"https:\/\/uj.adatbank.ro\/lexikon\/wp-json\/wp\/v2\/product\/15940","targetHints":{"allow":["GET"]}}],"collection":[{"href":"https:\/\/uj.adatbank.ro\/lexikon\/wp-json\/wp\/v2\/product"}],"about":[{"href":"https:\/\/uj.adatbank.ro\/lexikon\/wp-json\/wp\/v2\/types\/product"}],"replies":[{"embeddable":true,"href":"https:\/\/uj.adatbank.ro\/lexikon\/wp-json\/wp\/v2\/comments?post=15940"}],"wp:attachment":[{"href":"https:\/\/uj.adatbank.ro\/lexikon\/wp-json\/wp\/v2\/media?parent=15940"}],"wp:term":[{"taxonomy":"product_brand","embeddable":true,"href":"https:\/\/uj.adatbank.ro\/lexikon\/wp-json\/wp\/v2\/product_brand?post=15940"},{"taxonomy":"product_cat","embeddable":true,"href":"https:\/\/uj.adatbank.ro\/lexikon\/wp-json\/wp\/v2\/product_cat?post=15940"},{"taxonomy":"product_tag","embeddable":true,"href":"https:\/\/uj.adatbank.ro\/lexikon\/wp-json\/wp\/v2\/product_tag?post=15940"}],"curies":[{"name":"wp","href":"https:\/\/api.w.org\/{rel}","templated":true}]}}

MUSNAI László

<p>Székelykövesd, 1888. febr. 26., † Nagyenyed, 1967. máj. 8.: ref. lel­kész, teológus, irodalomtörténész, vallási közíró. – A székely udvarhelyi Ref. Koll.-ban járt középiskolába. A kv.-i ref. teológián lelkészi oklevelet szerzett (1910), Bécsben és Berlinben a Hittudományi Karon bibliai tanulmányokat folytatott (1910–11). Marosszentimrén lelkész (1911–14), közben Kv.-on teol. magántanári vizsgát tett (1913). Lekész Tekében (1914–33), emellett a bécsi és a berlini egy.-en teol. kiegészítő tanul­mányokat folytatott (1917–18), a debreceni egy.-en teol. doktori oklevelet is szerzett (1928). A nagysajói ref. egyházm. esperese (1927–), a nagyenyedi Beth­len Kollégiumban vallástanár (1933–), a kollégium igazgatója (1941–45). Főként a város és a kollégium művelődési hagyományainak rendszeres feldolgozása foglalkoztatja, beleértve Kőrösi Csoma Sándor emlékének ápolását és az erdélyi románság körében folyt nyugati missziós törekvések kutatását is. Vallástanárként reá hárul a református papjelöltek nagyenyedi gyakorlati képzésének irányítása, s igazgatóként ő áll az 1940–45 között Nagyenyeden megszervezett Ref. Teológiai Kar élén is. Midőn a szovjet katonai hatóságok hadikórház céljaira igénybe veszik a kollégium épületét, szinte élete kockáztatásával menti meg a nagykönyvtárat a pusztulástól. Széles körű teol. irod. munkás­ságának középpontjában az újszövetségi teol. és a m. bibliafordításokra vonatkozó kutatások álltak. – <strong>F. m.:</strong> János apokalypsisének magya­rázata (Gyulafehérvár, 1913; 2. füzet. Torda, 1924); Életnek beszéde (beszédvázlatok; Tor­da, 1923); A magyar Biblia története (Torda, 1925); Az „öreg&#8221; János (Debrecen, 1926); János evangéliumának és leveleinek magyarázata. (Torda 1926); Károlyi Gáspár, a bibliafordító (Torda, 1929); Szenczi Molnár Albert (Torda, 1934); Kecskeméthy Cs. István (Kecskeméthy István Emlékk. Kv., 1934); A Vizsolyi Biblia és Komáromi Csipkés György Bibliája (Károlyi Emlékk. Bp., 1940); A ker. tudományoknak rövid summába kötött fundamentuma. (Bp. 1941); Emlékbeszéd Kőrösi Csoma Sándor halálának 100 éves ünnepén. (Aiud 1942); Kőrösi Csoma Sándor. (Aiud-Nagyenyed 1943); Az Ige szolgálatában. (Aiud-Nagyenyed 1945); A váradi biblia (Nagyenyed, 1947); Az első m. bibliafordítások (Nagyenyed, 1947); Misztótfalusi Kis Miklós Aranyos Bibliája (Nagyenyed, 1947); Új adatok Halici Mihály életéhez és hagyatékához. (Klny. NyIrK 1960); Date noi privitoare la Mihail Halici. (Klny. Studii de istorie literară şi folclor – Institutul de lingvistică Cluj 1964); Kőrösi Csoma Sándor és Nagyenyed. (Klny. NyIrk 1964); Kőrösi Csoma Sándor és a kolozsvári tudóskör. (Klny. A MTA I. Osztályának Közleményeiből 1966) A felsoroltakon kívül még számos, ma már nehezen hozzáférhető aprónyomtatványa (pl. A Váradi biblia) és a fentebb felsoroltakkal azonos tárgyú közleménye (pl. Kőrösi Csoma Sándor és Nagyenyed. Magyar Pedagógia 1963/4.) jelent meg. <br /><strong>Irod.:</strong> Engel Károly: Dr. M.L. (NyIrk, 1968/1); György 1926; M. L. (Ref. Szle, Kv., 1967); RMIL, Szabó–Simon–Szögi; Tóth–Gábor; Tőkés István, ÚMÉL, ÚMIL</br></p>

<p>Székelykövesd, 1888. febr. 26., † Nagyenyed, 1967. máj. 8.: ref. lel­kész, teológus, irodalomtörténész, vallási közíró. – A székely udvarhelyi Ref. Koll.-ban járt középiskolába. A kv.-i ref. teológián lelkészi oklevelet szerzett (1910), Bécsben és Berlinben a Hittudományi Karon bibliai tanulmányokat folytatott (1910–11). Marosszentimrén lelkész (1911–14), közben Kv.-on teol. magántanári vizsgát tett (1913). Lekész Tekében (1914–33), emellett [&hellip;]</p>
