{"id":15950,"date":"2025-07-15T13:52:34","date_gmt":"2025-07-15T11:52:34","guid":{"rendered":"https:\/\/uj.adatbank.ro\/lexikon\/termek\/muszka-sandor\/"},"modified":"2025-07-15T13:52:34","modified_gmt":"2025-07-15T11:52:34","slug":"muszka-sandor","status":"publish","type":"product","link":"https:\/\/uj.adatbank.ro\/lexikon\/termek\/muszka-sandor\/","title":{"rendered":"MUSZKA S\u00e1ndor"},"content":{"rendered":"<p>Mv., ? \u2020?: zen\u00e9sz. \u2013 M\u00e1r 3 \u00e9ves kor\u00e1ban kis feles heged\u00fct kapott zen\u00e9sz apj\u00e1t\u00f3l. Apja a mv.-i Magyar Kir\u00e1lyi Zenekonzervat\u00f3riumba \u00edratta be. Tan\u00edt\u00f3mestere Haj\u00e1k K\u00e1roly, Kozma G\u00e9za, az elm\u00e9leti \u00e9s kamarazene tan\u00e1ra. Zenekarvezet\u0151 apja seg\u00edts\u00e9g\u00e9vel \u00e9s saj\u00e1t fejl\u0151d\u00e9s\u00e9vel beker\u00fclhetett, mint alap\u00edt\u00f3 \u00e9s szervez\u0151 tag, az indul\u00f3 Filharm\u00f3ni\u00e1ba, a Sz\u00e9kely N\u00e9pi Egy\u00fcttestbe (1957\u2013). Az els\u0151 R\u00e1di\u00f3felv\u00e9tele (1958.m\u00e1j.23.), a zenei szerkeszt\u0151 Zolt\u00e1n Alad\u00e1r volt. Itt befejezte p\u00e1lyafut\u00e1s\u00e1t \u00e9s P\u00e1rizsban, Amerik\u00e1ban \u00e9s sok m\u00e1s helyen zen\u00e9lt, csak anyja betegs\u00e9ge \u00e9s hal\u00e1la t\u00e9r\u00edtette haza. R\u00e9szt vett a Grand, a Continental \u00e9s az Aranykakas vend\u00e9gl\u0151k megny\u00edt\u00e1s\u00e1ban. <br \/><strong>Irod.:<\/strong> Sz\u00e9kely Sz.Z.<\/br><\/p>\n","protected":false},"excerpt":{"rendered":"<p>Mv., ? \u2020?: zen\u00e9sz. \u2013 M\u00e1r 3 \u00e9ves kor\u00e1ban kis feles heged\u00fct kapott zen\u00e9sz apj\u00e1t\u00f3l. Apja a mv.-i Magyar Kir\u00e1lyi Zenekonzervat\u00f3riumba \u00edratta be. Tan\u00edt\u00f3mestere Haj\u00e1k K\u00e1roly, Kozma G\u00e9za, az elm\u00e9leti \u00e9s kamarazene tan\u00e1ra. Zenekarvezet\u0151 apja seg\u00edts\u00e9g\u00e9vel \u00e9s saj\u00e1t fejl\u0151d\u00e9s\u00e9vel beker\u00fclhetett, mint alap\u00edt\u00f3 \u00e9s szervez\u0151 tag, az indul\u00f3 Filharm\u00f3ni\u00e1ba, a Sz\u00e9kely N\u00e9pi Egy\u00fcttestbe (1957\u2013). Az els\u0151 [&hellip;]<\/p>\n","protected":false},"featured_media":0,"comment_status":"open","ping_status":"closed","template":"","meta":[],"product_brand":[],"product_cat":[137],"product_tag":[],"class_list":{"0":"post-15950","1":"product","2":"type-product","3":"status-publish","5":"product_cat-maros-megyei-eletrajzi-lexikon","7":"first","8":"instock","9":"shipping-taxable","10":"product-type-simple"},"_links":{"self":[{"href":"https:\/\/uj.adatbank.ro\/lexikon\/wp-json\/wp\/v2\/product\/15950","targetHints":{"allow":["GET"]}}],"collection":[{"href":"https:\/\/uj.adatbank.ro\/lexikon\/wp-json\/wp\/v2\/product"}],"about":[{"href":"https:\/\/uj.adatbank.ro\/lexikon\/wp-json\/wp\/v2\/types\/product"}],"replies":[{"embeddable":true,"href":"https:\/\/uj.adatbank.ro\/lexikon\/wp-json\/wp\/v2\/comments?post=15950"}],"wp:attachment":[{"href":"https:\/\/uj.adatbank.ro\/lexikon\/wp-json\/wp\/v2\/media?parent=15950"}],"wp:term":[{"taxonomy":"product_brand","embeddable":true,"href":"https:\/\/uj.adatbank.ro\/lexikon\/wp-json\/wp\/v2\/product_brand?post=15950"},{"taxonomy":"product_cat","embeddable":true,"href":"https:\/\/uj.adatbank.ro\/lexikon\/wp-json\/wp\/v2\/product_cat?post=15950"},{"taxonomy":"product_tag","embeddable":true,"href":"https:\/\/uj.adatbank.ro\/lexikon\/wp-json\/wp\/v2\/product_tag?post=15950"}],"curies":[{"name":"wp","href":"https:\/\/api.w.org\/{rel}","templated":true}]}}

MUSZKA Sándor

<p>Mv., ? †?: zenész. – Már 3 éves korában kis feles hegedüt kapott zenész apjától. Apja a mv.-i Magyar Királyi Zenekonzervatóriumba íratta be. Tanítómestere Haják Károly, Kozma Géza, az elméleti és kamarazene tanára. Zenekarvezető apja segítségével és saját fejlődésével bekerülhetett, mint alapító és szervező tag, az induló Filharmóniába, a Székely Népi Együttestbe (1957–). Az első Rádiófelvétele (1958.máj.23.), a zenei szerkesztő Zoltán Aladár volt. Itt befejezte pályafutását és Párizsban, Amerikában és sok más helyen zenélt, csak anyja betegsége és halála térítette haza. Részt vett a Grand, a Continental és az Aranykakas vendéglők megnyításában. <br /><strong>Irod.:</strong> Székely Sz.Z.</br></p>

<p>Mv., ? †?: zenész. – Már 3 éves korában kis feles hegedüt kapott zenész apjától. Apja a mv.-i Magyar Királyi Zenekonzervatóriumba íratta be. Tanítómestere Haják Károly, Kozma Géza, az elméleti és kamarazene tanára. Zenekarvezető apja segítségével és saját fejlődésével bekerülhetett, mint alapító és szervező tag, az induló Filharmóniába, a Székely Népi Együttestbe (1957–). Az első [&hellip;]</p>
