{"id":15960,"date":"2025-07-15T13:52:52","date_gmt":"2025-07-15T11:52:52","guid":{"rendered":"https:\/\/uj.adatbank.ro\/lexikon\/termek\/muzsnai-kis-miklos-musnai-miklos\/"},"modified":"2025-07-15T13:52:52","modified_gmt":"2025-07-15T11:52:52","slug":"muzsnai-kis-miklos-musnai-miklos","status":"publish","type":"product","link":"https:\/\/uj.adatbank.ro\/lexikon\/termek\/muzsnai-kis-miklos-musnai-miklos\/","title":{"rendered":"MUZSNAI Kis Mikl\u00f3s; Musnai Mikl\u00f3s"},"content":{"rendered":"<p>Kib\u00e9d, ? \u2020\u00a0?\u00a0: tan\u00e1r, retor. \u2013 Enyeden v\u00e9gzett teol\u00f3gi\u00e1t jeles eredm\u00e9nnyel (1692), \u00e9s m\u00e9g ebben az \u00e9vben a mv.-i koll\u00e9gium tan\u00e1ra, majd igazgat\u00f3ja lett (1692. m\u00e1j.6.- 1694. \u00e1pr.15.). Oktat\u00f3-nevel\u0151 munk\u00e1j\u00e1t \u00f6t seg\u00e9dtan\u00edt\u00f3val v\u00e9gezte. Igazgat\u00e1sa idej\u00e9n megkezdt\u00e9k az 1658\u201359-es t\u00f6r\u00f6k-tat\u00e1r d\u00fal\u00e1s nyomait t\u00f6bb mint h\u00e1rom \u00e9vtizede mag\u00e1n visel\u0151 iskola- \u00e9p\u00fclet kijav\u00edt\u00e1s\u00e1t. Az esem\u00e9nyt a V\u00e1rtemplom fal\u00e1n m\u00e1rv\u00e1nyt\u00e1bl\u00e1n \u00f6r\u00f6k\u00edtett\u00e9k meg. A jav\u00edt\u00e1s k\u00f6lts\u00e9geit Teleki Mih\u00e1ly a templomnak \u00e9s az isk.-nak adom\u00e1nyozott gernyeszegi birtok\u00e1nak b\u00fazad\u00e9zsm\u00e1j\u00e1b\u00f3l \u00e1llt\u00e1k. Kib\u00e9den pap (1694. \u00e1pr.15\u2013), Backamadarason (1699\u20131716). Az \u00e1tlagos papokn\u00e1l kiv\u00e1l\u00f3bb volt, bizony\u00edtja nemcsak jeles v\u00e9gzetts\u00e9ge, de az egyh\u00e1zmegyei tiszts\u00e9ge is. El\u0151bb egyh\u00e1zmegyei jegyz\u0151, majd esperesk\u00e9nt teljes\u00edtett szolg\u00e1latot (1720\u20131745. m\u00e1j.). Kib\u00e9dr\u0151l Vaj\u00e1ba, majd Kar\u00e1csonyfalv\u00e1ra ker\u00fclt lelk\u00e9sznek (1766\u20131802). Kib\u00e9d gy\u00fclekezete J\u00f3zsef nev\u0171 unok\u00e1j\u00e1t, majd P\u00e1l nev\u0171 sz\u00e9punok\u00e1j\u00e1t is megh\u00edvta lelk\u00e9sznek.-<br \/><strong>Irod.:<\/strong> Backamadaras; Id\u0151t\u00e1r 1.; Imreh Barna; Koncz; Kozma; Kib\u00e9d \u00e9s egyh\u00e1za; Zov\u00e1nyi<\/br><\/p>\n","protected":false},"excerpt":{"rendered":"<p>Kib\u00e9d, ? \u2020\u00a0?\u00a0: tan\u00e1r, retor. \u2013 Enyeden v\u00e9gzett teol\u00f3gi\u00e1t jeles eredm\u00e9nnyel (1692), \u00e9s m\u00e9g ebben az \u00e9vben a mv.-i koll\u00e9gium tan\u00e1ra, majd igazgat\u00f3ja lett (1692. m\u00e1j.6.- 1694. \u00e1pr.15.). Oktat\u00f3-nevel\u0151 munk\u00e1j\u00e1t \u00f6t seg\u00e9dtan\u00edt\u00f3val v\u00e9gezte. Igazgat\u00e1sa idej\u00e9n megkezdt\u00e9k az 1658\u201359-es t\u00f6r\u00f6k-tat\u00e1r d\u00fal\u00e1s nyomait t\u00f6bb mint h\u00e1rom \u00e9vtizede mag\u00e1n visel\u0151 iskola- \u00e9p\u00fclet kijav\u00edt\u00e1s\u00e1t. Az esem\u00e9nyt a V\u00e1rtemplom fal\u00e1n [&hellip;]<\/p>\n","protected":false},"featured_media":0,"comment_status":"open","ping_status":"closed","template":"","meta":[],"product_brand":[],"product_cat":[137],"product_tag":[],"class_list":{"0":"post-15960","1":"product","2":"type-product","3":"status-publish","5":"product_cat-maros-megyei-eletrajzi-lexikon","7":"first","8":"instock","9":"shipping-taxable","10":"product-type-simple"},"_links":{"self":[{"href":"https:\/\/uj.adatbank.ro\/lexikon\/wp-json\/wp\/v2\/product\/15960","targetHints":{"allow":["GET"]}}],"collection":[{"href":"https:\/\/uj.adatbank.ro\/lexikon\/wp-json\/wp\/v2\/product"}],"about":[{"href":"https:\/\/uj.adatbank.ro\/lexikon\/wp-json\/wp\/v2\/types\/product"}],"replies":[{"embeddable":true,"href":"https:\/\/uj.adatbank.ro\/lexikon\/wp-json\/wp\/v2\/comments?post=15960"}],"wp:attachment":[{"href":"https:\/\/uj.adatbank.ro\/lexikon\/wp-json\/wp\/v2\/media?parent=15960"}],"wp:term":[{"taxonomy":"product_brand","embeddable":true,"href":"https:\/\/uj.adatbank.ro\/lexikon\/wp-json\/wp\/v2\/product_brand?post=15960"},{"taxonomy":"product_cat","embeddable":true,"href":"https:\/\/uj.adatbank.ro\/lexikon\/wp-json\/wp\/v2\/product_cat?post=15960"},{"taxonomy":"product_tag","embeddable":true,"href":"https:\/\/uj.adatbank.ro\/lexikon\/wp-json\/wp\/v2\/product_tag?post=15960"}],"curies":[{"name":"wp","href":"https:\/\/api.w.org\/{rel}","templated":true}]}}

MUZSNAI Kis Miklós; Musnai Miklós

<p>Kibéd, ? † ? : tanár, retor. – Enyeden végzett teológiát jeles eredménnyel (1692), és még ebben az évben a mv.-i kollégium tanára, majd igazgatója lett (1692. máj.6.- 1694. ápr.15.). Oktató-nevelő munkáját öt segédtanítóval végezte. Igazgatása idején megkezdték az 1658–59-es török-tatár dúlás nyomait több mint három évtizede magán viselő iskola- épület kijavítását. Az eseményt a Vártemplom falán márványtáblán örökítették meg. A javítás költségeit Teleki Mihály a templomnak és az isk.-nak adományozott gernyeszegi birtokának búzadézsmájából állták. Kibéden pap (1694. ápr.15–), Backamadarason (1699–1716). Az átlagos papoknál kiválóbb volt, bizonyítja nemcsak jeles végzettsége, de az egyházmegyei tisztsége is. Előbb egyházmegyei jegyző, majd esperesként teljesített szolgálatot (1720–1745. máj.). Kibédről Vajába, majd Karácsonyfalvára került lelkésznek (1766–1802). Kibéd gyülekezete József nevű unokáját, majd Pál nevű szépunokáját is meghívta lelkésznek.-<br /><strong>Irod.:</strong> Backamadaras; Időtár 1.; Imreh Barna; Koncz; Kozma; Kibéd és egyháza; Zoványi</br></p>

<p>Kibéd, ? † ? : tanár, retor. – Enyeden végzett teológiát jeles eredménnyel (1692), és még ebben az évben a mv.-i kollégium tanára, majd igazgatója lett (1692. máj.6.- 1694. ápr.15.). Oktató-nevelő munkáját öt segédtanítóval végezte. Igazgatása idején megkezdték az 1658–59-es török-tatár dúlás nyomait több mint három évtizede magán viselő iskola- épület kijavítását. Az eseményt a Vártemplom falán [&hellip;]</p>
