{"id":15962,"date":"2025-07-15T13:52:56","date_gmt":"2025-07-15T11:52:56","guid":{"rendered":"https:\/\/uj.adatbank.ro\/lexikon\/termek\/muzsnai-laszlo\/"},"modified":"2025-07-15T13:52:56","modified_gmt":"2025-07-15T11:52:56","slug":"muzsnai-laszlo","status":"publish","type":"product","link":"https:\/\/uj.adatbank.ro\/lexikon\/termek\/muzsnai-laszlo\/","title":{"rendered":"MUZSNAI L\u00e1szl\u00f3"},"content":{"rendered":"<p>Maroskereszt\u00far, 1897. okt. 31., \u2020 Bp., 1983. szept. 10.: ref. lelk\u00e9sz, teo\u00adl\u00f3gus. \u2013 A gimn\u00e1ziumot Mv.-en v\u00e9gezte (1916). A kv.-i ref. teol. akad.-n (1916\u201320), egyidej\u0171leg (1916\u201319) a kv.-i egy. b\u00f6lcs\u00e9szettud, kar\u00e1n tanult. Kv.-ott hitoktat\u00f3 seg\u00e9dlelk\u00e9sz (1920\u201322), uo. ref. lelk\u00e9szi oklevelet szerzett (1921). K\u00fclf\u00fcldi tanulm\u00e1ny\u00fatra ment (1922): Montpellierben (1922), Genfben (1923), Princetonban (1926), Montrealban (1927) kieg\u00e9sz\u00edt\u0151 teol. tanulm\u00e1nyokat folytatott, Princetonban Sacrae Theologiae Magister fokozatot (1926), Montrealban teol. doktori oklevelet szerzett (1927), k\u00f6zben misszion\u00e1riusi m\u0171k\u00f6d\u00e9st is fejtett ki. Haza j\u0151ve Kv.-on, majd Bp.-en hit\u00adoktat\u00f3 seg\u00e9dlelk\u00e9sz (1927\u201336); k\u00f6zben a kv.-i ref. teol\u00f3gi\u00e1n teol. mag\u00e1ntan\u00e1rr\u00e1 k\u00e9\u00adpes\u00edtett\u00e9k \u00e9s vall\u00e1stan\u00e1ri oklevelet szerzett (1933). A losonci ref. lelk\u00e9szk\u00e9pz\u0151 sze\u00admin\u00e1riumban filoz\u00f3fi\u00e1t tan\u00edtott (1934\u201337). Bp.-en lelk\u00e9sz\u00e9 szentelt\u00e9k(1937), vall\u00e1soktat\u00f3 lelk\u00e9sz (1937\u201350), nyugd\u00edjaz\u00e1sa ut\u00e1n t\u00f6bb bp.-i gy\u00fclekezetben seg\u00e9d-, ill. be\u00adosztott lelk\u00e9sz (1953\u201371)- pl. a Kispesti Wekerletelepi egyh\u00e1zban (1954\u2013) Sz\u00e9les k\u00f6r\u0171 irod. munk\u00e1ss\u00e1got folytatott. Vall\u00e1sl\u00e9lek\u00adtannal is foglalkozott, egy ideig Szondi Lip\u00f3t munkat\u00e1rsa is volt (1930. k.).T\u00f6bb m\u00fcve (pl. A Biblia logik\u00e1ja) k\u00e9ziratban maradt. \u2013 <strong>F. m.:<\/strong> The Mental Evolution (Princeton, 1925); The Doctrine of Sin (Princeton, 1926); The Psychology of Religion (Prince\u00adton, 1926); The Psychology of Religious Consciousness (Montreal, 1927); A l\u00e9lek rej\u00adtelmes vil\u00e1ga (Mez\u0151t\u00far, 1928); Az egyetlen b\u00e1lv\u00e1nyim\u00e1d\u00f3 \u00e1llat \u00e9s vil\u00e1ga (Mez\u0151t\u00far, 1930); Angol nyelvk\u00f6nyv. Kov\u00e1ts Alberttel (Bp. 1932); Lelki probl\u00e9m\u00e1k (Mez\u0151t\u00far, 1933); A valami \u00e9s a semmi logikai szerkezete (Bp., 1936); K\u00e1lvin \u00e9s a k\u00e1lvinizmus (Debrecen, 1936); Magyar metafizika \u00e9s logika (Bp., 1943). <br \/><strong>Irod.:<\/strong> Guly\u00e1s; \u00daM\u00c9L; Zov\u00e1nyi<\/br><\/p>\n","protected":false},"excerpt":{"rendered":"<p>Maroskereszt\u00far, 1897. okt. 31., \u2020 Bp., 1983. szept. 10.: ref. lelk\u00e9sz, teo\u00adl\u00f3gus. \u2013 A gimn\u00e1ziumot Mv.-en v\u00e9gezte (1916). A kv.-i ref. teol. akad.-n (1916\u201320), egyidej\u0171leg (1916\u201319) a kv.-i egy. b\u00f6lcs\u00e9szettud, kar\u00e1n tanult. Kv.-ott hitoktat\u00f3 seg\u00e9dlelk\u00e9sz (1920\u201322), uo. ref. lelk\u00e9szi oklevelet szerzett (1921). K\u00fclf\u00fcldi tanulm\u00e1ny\u00fatra ment (1922): Montpellierben (1922), Genfben (1923), Princetonban (1926), Montrealban (1927) kieg\u00e9sz\u00edt\u0151 [&hellip;]<\/p>\n","protected":false},"featured_media":0,"comment_status":"open","ping_status":"closed","template":"","meta":[],"product_brand":[],"product_cat":[137],"product_tag":[],"class_list":{"0":"post-15962","1":"product","2":"type-product","3":"status-publish","5":"product_cat-maros-megyei-eletrajzi-lexikon","7":"first","8":"instock","9":"shipping-taxable","10":"product-type-simple"},"_links":{"self":[{"href":"https:\/\/uj.adatbank.ro\/lexikon\/wp-json\/wp\/v2\/product\/15962","targetHints":{"allow":["GET"]}}],"collection":[{"href":"https:\/\/uj.adatbank.ro\/lexikon\/wp-json\/wp\/v2\/product"}],"about":[{"href":"https:\/\/uj.adatbank.ro\/lexikon\/wp-json\/wp\/v2\/types\/product"}],"replies":[{"embeddable":true,"href":"https:\/\/uj.adatbank.ro\/lexikon\/wp-json\/wp\/v2\/comments?post=15962"}],"wp:attachment":[{"href":"https:\/\/uj.adatbank.ro\/lexikon\/wp-json\/wp\/v2\/media?parent=15962"}],"wp:term":[{"taxonomy":"product_brand","embeddable":true,"href":"https:\/\/uj.adatbank.ro\/lexikon\/wp-json\/wp\/v2\/product_brand?post=15962"},{"taxonomy":"product_cat","embeddable":true,"href":"https:\/\/uj.adatbank.ro\/lexikon\/wp-json\/wp\/v2\/product_cat?post=15962"},{"taxonomy":"product_tag","embeddable":true,"href":"https:\/\/uj.adatbank.ro\/lexikon\/wp-json\/wp\/v2\/product_tag?post=15962"}],"curies":[{"name":"wp","href":"https:\/\/api.w.org\/{rel}","templated":true}]}}