{"id":15966,"date":"2025-07-15T13:53:04","date_gmt":"2025-07-15T11:53:04","guid":{"rendered":"https:\/\/uj.adatbank.ro\/lexikon\/termek\/muzsnai-pal\/"},"modified":"2025-07-15T13:53:04","modified_gmt":"2025-07-15T11:53:04","slug":"muzsnai-pal","status":"publish","type":"product","link":"https:\/\/uj.adatbank.ro\/lexikon\/termek\/muzsnai-pal\/","title":{"rendered":"MUZSNAI P\u00e1l"},"content":{"rendered":"<p>? \u2020\u00a0?: tan\u00edt\u00f3. \u2013 Az 1848\u201349-es szabads\u00e1gharc alatt \u00f6k\u00e9ntes honv\u00e9d, majd hadnagy volt. A szabads\u00e1gharc lever\u00e9se ut\u00e1n tan\u00edt\u00f3 volt a mv.-i Ref. Koll.-ban (1849\u201352). T\u00f6bb t\u00e1rs\u00e1val egy\u00fctt letart\u00f3ztatt\u00e1k a Makk-G\u00e1l-f\u00e9le \u00f6sszeesk\u00fcv\u00e9sben val\u00f3 r\u00e9szv\u00e9tel gyan\u00faja miatt (1852.j\u00fan. \u00ed3.). T\u00edz\u00e9vi fogh\u00e1zra \u00edt\u00e9lt\u00e9k, Josephstadtban raboskodott, amneszti\u00e1ban r\u00e9szes\u00fclt (1857. m\u00e1j.13.). <br \/><strong>Irod.:<\/strong> Zrinyi E.: Adatok a Makk-G\u00e1l \u2013 f\u00e9le \u00f6sszeesk\u00fcv\u00e9s t\u00f6rt\u00e9net\u00e9hez (1851\u20131854)  =  Mv. t\u00f6rt\u00e9net\u00e9b\u0151l<\/br><\/p>\n","protected":false},"excerpt":{"rendered":"<p>? \u2020\u00a0?: tan\u00edt\u00f3. \u2013 Az 1848\u201349-es szabads\u00e1gharc alatt \u00f6k\u00e9ntes honv\u00e9d, majd hadnagy volt. A szabads\u00e1gharc lever\u00e9se ut\u00e1n tan\u00edt\u00f3 volt a mv.-i Ref. Koll.-ban (1849\u201352). T\u00f6bb t\u00e1rs\u00e1val egy\u00fctt letart\u00f3ztatt\u00e1k a Makk-G\u00e1l-f\u00e9le \u00f6sszeesk\u00fcv\u00e9sben val\u00f3 r\u00e9szv\u00e9tel gyan\u00faja miatt (1852.j\u00fan. \u00ed3.). T\u00edz\u00e9vi fogh\u00e1zra \u00edt\u00e9lt\u00e9k, Josephstadtban raboskodott, amneszti\u00e1ban r\u00e9szes\u00fclt (1857. m\u00e1j.13.). Irod.: Zrinyi E.: Adatok a Makk-G\u00e1l \u2013 f\u00e9le \u00f6sszeesk\u00fcv\u00e9s [&hellip;]<\/p>\n","protected":false},"featured_media":0,"comment_status":"open","ping_status":"closed","template":"","meta":[],"product_brand":[],"product_cat":[137],"product_tag":[],"class_list":{"0":"post-15966","1":"product","2":"type-product","3":"status-publish","5":"product_cat-maros-megyei-eletrajzi-lexikon","7":"first","8":"instock","9":"shipping-taxable","10":"product-type-simple"},"_links":{"self":[{"href":"https:\/\/uj.adatbank.ro\/lexikon\/wp-json\/wp\/v2\/product\/15966","targetHints":{"allow":["GET"]}}],"collection":[{"href":"https:\/\/uj.adatbank.ro\/lexikon\/wp-json\/wp\/v2\/product"}],"about":[{"href":"https:\/\/uj.adatbank.ro\/lexikon\/wp-json\/wp\/v2\/types\/product"}],"replies":[{"embeddable":true,"href":"https:\/\/uj.adatbank.ro\/lexikon\/wp-json\/wp\/v2\/comments?post=15966"}],"wp:attachment":[{"href":"https:\/\/uj.adatbank.ro\/lexikon\/wp-json\/wp\/v2\/media?parent=15966"}],"wp:term":[{"taxonomy":"product_brand","embeddable":true,"href":"https:\/\/uj.adatbank.ro\/lexikon\/wp-json\/wp\/v2\/product_brand?post=15966"},{"taxonomy":"product_cat","embeddable":true,"href":"https:\/\/uj.adatbank.ro\/lexikon\/wp-json\/wp\/v2\/product_cat?post=15966"},{"taxonomy":"product_tag","embeddable":true,"href":"https:\/\/uj.adatbank.ro\/lexikon\/wp-json\/wp\/v2\/product_tag?post=15966"}],"curies":[{"name":"wp","href":"https:\/\/api.w.org\/{rel}","templated":true}]}}

MUZSNAI Pál

<p>? † ?: tanító. – Az 1848–49-es szabadságharc alatt ökéntes honvéd, majd hadnagy volt. A szabadságharc leverése után tanító volt a mv.-i Ref. Koll.-ban (1849–52). Több társával együtt letartóztatták a Makk-Gál-féle összeesküvésben való részvétel gyanúja miatt (1852.jún. í3.). Tízévi fogházra ítélték, Josephstadtban raboskodott, amnesztiában részesült (1857. máj.13.). <br /><strong>Irod.:</strong> Zrinyi E.: Adatok a Makk-Gál – féle összeesküvés történetéhez (1851–1854)  =  Mv. történetéből</br></p>

<p>? † ?: tanító. – Az 1848–49-es szabadságharc alatt ökéntes honvéd, majd hadnagy volt. A szabadságharc leverése után tanító volt a mv.-i Ref. Koll.-ban (1849–52). Több társával együtt letartóztatták a Makk-Gál-féle összeesküvésben való részvétel gyanúja miatt (1852.jún. í3.). Tízévi fogházra ítélték, Josephstadtban raboskodott, amnesztiában részesült (1857. máj.13.). Irod.: Zrinyi E.: Adatok a Makk-Gál – féle összeesküvés [&hellip;]</p>
