{"id":15968,"date":"2025-07-15T13:53:07","date_gmt":"2025-07-15T11:53:07","guid":{"rendered":"https:\/\/uj.adatbank.ro\/lexikon\/termek\/muzsnay-pal-muzsnai-pal\/"},"modified":"2025-07-15T13:53:07","modified_gmt":"2025-07-15T11:53:07","slug":"muzsnay-pal-muzsnai-pal","status":"publish","type":"product","link":"https:\/\/uj.adatbank.ro\/lexikon\/termek\/muzsnay-pal-muzsnai-pal\/","title":{"rendered":"MUZSNAY P\u00e1l, Muzsnai P\u00e1l"},"content":{"rendered":"<p>1863.? \u2020 Kv., 1928. szept. 18.: ref. lelk\u00e9sz. \u2013 Testv\u00e9rei: M. G\u00e9za; dr. M. J\u00f3zsef. Feles\u00e9ge: S\u00e1rk\u00e1ny Anna (1873\u20131961), aki a S. csal\u00e1d Mez\u0151madarason \u00e9lt utols\u00f3 tagja, \u00e1llamos\u00edt\u00e1skor elvett\u00e9k t\u0151le a csal\u00e1di h\u00e1zat \u00e9s a gazdas\u00e1got. Nevelt fi\u00fak: Gy\u00f6rgyp\u00e1l Rezs\u0151. \u2013 Mez\u0151s\u00e1msondon szolg\u00e1lt (1899\u2013 1928). Szolg\u00e1lata idej\u00e9ben az egyh\u00e1ztagok adom\u00e1nyaib\u00f3l az I. vh. idej\u00e9ben elrekvir\u00e1lt orgona \u00e9s harang helyett \u00faj harangokat \u00e9s orgon\u00e1t szerzett be (1924). Ma is ezek haszn\u00e1latosak. <br \/><strong>Irod.:<\/strong> Gy\u00e1szjelent\u0151; Nevelt fi\u00fak: Gy\u00f6rgyp\u00e1l Rezs\u0151. \u2013 Mez\u0151s\u00e1msondon szolg\u00e1lt (1899\u2013 1928). Szolg\u00e1lata idej\u00e9ben az egyh\u00e1ztagok adom\u00e1nyaib\u00f3l az I. vh. idej\u00e9ben elrekvir\u00e1lt orgona \u00e9s harang helyett \u00faj harangokat \u00e9s orgon\u00e1t szerzett be (1924). Ma is ezek haszn\u00e1latosak. <br \/><strong>Irod.:<\/strong> Gy\u00e1szjelent\u0151; Mez\u0151madaras; Mez\u0151s\u00e1msond<\/br><\/p>\n","protected":false},"excerpt":{"rendered":"<p>1863.? \u2020 Kv., 1928. szept. 18.: ref. lelk\u00e9sz. \u2013 Testv\u00e9rei: M. G\u00e9za; dr. M. J\u00f3zsef. Feles\u00e9ge: S\u00e1rk\u00e1ny Anna (1873\u20131961), aki a S. csal\u00e1d Mez\u0151madarason \u00e9lt utols\u00f3 tagja, \u00e1llamos\u00edt\u00e1skor elvett\u00e9k t\u0151le a csal\u00e1di h\u00e1zat \u00e9s a gazdas\u00e1got. Nevelt fi\u00fak: Gy\u00f6rgyp\u00e1l Rezs\u0151. \u2013 Mez\u0151s\u00e1msondon szolg\u00e1lt (1899\u2013 1928). Szolg\u00e1lata idej\u00e9ben az egyh\u00e1ztagok adom\u00e1nyaib\u00f3l az I. vh. idej\u00e9ben elrekvir\u00e1lt [&hellip;]<\/p>\n","protected":false},"featured_media":0,"comment_status":"open","ping_status":"closed","template":"","meta":[],"product_brand":[],"product_cat":[137],"product_tag":[],"class_list":{"0":"post-15968","1":"product","2":"type-product","3":"status-publish","5":"product_cat-maros-megyei-eletrajzi-lexikon","7":"first","8":"instock","9":"shipping-taxable","10":"product-type-simple"},"_links":{"self":[{"href":"https:\/\/uj.adatbank.ro\/lexikon\/wp-json\/wp\/v2\/product\/15968","targetHints":{"allow":["GET"]}}],"collection":[{"href":"https:\/\/uj.adatbank.ro\/lexikon\/wp-json\/wp\/v2\/product"}],"about":[{"href":"https:\/\/uj.adatbank.ro\/lexikon\/wp-json\/wp\/v2\/types\/product"}],"replies":[{"embeddable":true,"href":"https:\/\/uj.adatbank.ro\/lexikon\/wp-json\/wp\/v2\/comments?post=15968"}],"wp:attachment":[{"href":"https:\/\/uj.adatbank.ro\/lexikon\/wp-json\/wp\/v2\/media?parent=15968"}],"wp:term":[{"taxonomy":"product_brand","embeddable":true,"href":"https:\/\/uj.adatbank.ro\/lexikon\/wp-json\/wp\/v2\/product_brand?post=15968"},{"taxonomy":"product_cat","embeddable":true,"href":"https:\/\/uj.adatbank.ro\/lexikon\/wp-json\/wp\/v2\/product_cat?post=15968"},{"taxonomy":"product_tag","embeddable":true,"href":"https:\/\/uj.adatbank.ro\/lexikon\/wp-json\/wp\/v2\/product_tag?post=15968"}],"curies":[{"name":"wp","href":"https:\/\/api.w.org\/{rel}","templated":true}]}}

MUZSNAY Pál, Muzsnai Pál

<p>1863.? † Kv., 1928. szept. 18.: ref. lelkész. – Testvérei: M. Géza; dr. M. József. Felesége: Sárkány Anna (1873–1961), aki a S. család Mezőmadarason élt utolsó tagja, államosításkor elvették tőle a családi házat és a gazdaságot. Nevelt fiúk: Györgypál Rezső. – Mezősámsondon szolgált (1899– 1928). Szolgálata idejében az egyháztagok adományaiból az I. vh. idejében elrekvirált orgona és harang helyett új harangokat és orgonát szerzett be (1924). Ma is ezek használatosak. <br /><strong>Irod.:</strong> Gyászjelentő; Nevelt fiúk: Györgypál Rezső. – Mezősámsondon szolgált (1899– 1928). Szolgálata idejében az egyháztagok adományaiból az I. vh. idejében elrekvirált orgona és harang helyett új harangokat és orgonát szerzett be (1924). Ma is ezek használatosak. <br /><strong>Irod.:</strong> Gyászjelentő; Mezőmadaras; Mezősámsond</br></p>

<p>1863.? † Kv., 1928. szept. 18.: ref. lelkész. – Testvérei: M. Géza; dr. M. József. Felesége: Sárkány Anna (1873–1961), aki a S. család Mezőmadarason élt utolsó tagja, államosításkor elvették tőle a családi házat és a gazdaságot. Nevelt fiúk: Györgypál Rezső. – Mezősámsondon szolgált (1899– 1928). Szolgálata idejében az egyháztagok adományaiból az I. vh. idejében elrekvirált [&hellip;]</p>
