{"id":1597,"date":"2025-06-28T11:47:03","date_gmt":"2025-06-28T09:47:03","guid":{"rendered":"https:\/\/uj.adatbank.ro\/lexikon\/termek\/adorjan\/"},"modified":"2025-06-28T11:47:03","modified_gmt":"2025-06-28T09:47:03","slug":"adorjan","status":"publish","type":"product","link":"https:\/\/uj.adatbank.ro\/lexikon\/termek\/adorjan\/","title":{"rendered":"ADORJ\u00c1N"},"content":{"rendered":"<p>Adorj\u00e1ni csal\u00e1d: sz\u00e1rmaz\u00e1sa Nagyadorj\u00e1n, lovas sz\u00e9kely (1614), l\u00f3f\u0151 sz\u00e9kelly\u00e9 emelte B\u00e1thory G\u00e1bor fejedelem (1609. dec.15.), a csal\u00e1d a nemess\u00e9get igazolta (1785. m\u00e1j.2.). <br \/><strong>Irod.:<\/strong> P\u00e1lmay<\/br><\/p>\n","protected":false},"excerpt":{"rendered":"<p>Adorj\u00e1ni csal\u00e1d: sz\u00e1rmaz\u00e1sa Nagyadorj\u00e1n, lovas sz\u00e9kely (1614), l\u00f3f\u0151 sz\u00e9kelly\u00e9 emelte B\u00e1thory G\u00e1bor fejedelem (1609. dec.15.), a csal\u00e1d a nemess\u00e9get igazolta (1785. m\u00e1j.2.). Irod.: P\u00e1lmay<\/p>\n","protected":false},"featured_media":0,"comment_status":"open","ping_status":"closed","template":"","meta":[],"product_brand":[],"product_cat":[137],"product_tag":[],"class_list":{"0":"post-1597","1":"product","2":"type-product","3":"status-publish","5":"product_cat-maros-megyei-eletrajzi-lexikon","7":"first","8":"instock","9":"shipping-taxable","10":"product-type-simple"},"_links":{"self":[{"href":"https:\/\/uj.adatbank.ro\/lexikon\/wp-json\/wp\/v2\/product\/1597","targetHints":{"allow":["GET"]}}],"collection":[{"href":"https:\/\/uj.adatbank.ro\/lexikon\/wp-json\/wp\/v2\/product"}],"about":[{"href":"https:\/\/uj.adatbank.ro\/lexikon\/wp-json\/wp\/v2\/types\/product"}],"replies":[{"embeddable":true,"href":"https:\/\/uj.adatbank.ro\/lexikon\/wp-json\/wp\/v2\/comments?post=1597"}],"wp:attachment":[{"href":"https:\/\/uj.adatbank.ro\/lexikon\/wp-json\/wp\/v2\/media?parent=1597"}],"wp:term":[{"taxonomy":"product_brand","embeddable":true,"href":"https:\/\/uj.adatbank.ro\/lexikon\/wp-json\/wp\/v2\/product_brand?post=1597"},{"taxonomy":"product_cat","embeddable":true,"href":"https:\/\/uj.adatbank.ro\/lexikon\/wp-json\/wp\/v2\/product_cat?post=1597"},{"taxonomy":"product_tag","embeddable":true,"href":"https:\/\/uj.adatbank.ro\/lexikon\/wp-json\/wp\/v2\/product_tag?post=1597"}],"curies":[{"name":"wp","href":"https:\/\/api.w.org\/{rel}","templated":true}]}}