{"id":15973,"date":"2025-07-15T16:00:52","date_gmt":"2025-07-15T14:00:52","guid":{"rendered":"https:\/\/uj.adatbank.ro\/lexikon\/termek\/nacsadi-bertalan\/"},"modified":"2025-07-15T16:00:52","modified_gmt":"2025-07-15T14:00:52","slug":"nacsadi-bertalan","status":"publish","type":"product","link":"https:\/\/uj.adatbank.ro\/lexikon\/termek\/nacsadi-bertalan\/","title":{"rendered":"NACS\u00c1DI Bertalan"},"content":{"rendered":"<p>Nagyv\u00e1rad, 1920. febr. 24., \u2020 Mv., 2008. febr. v. m\u00e1rc.: orvos, f\u0151vegy\u00e9sz, bi\u00f3k\u00e9mikus. \u2013 Temesv\u00e1ron majd Bp.-en gy\u00e1ri munk\u00e1s (1936\u20131940, 1940\u20131942), katona \u00e9s hadifogoly (1943\u20131945). Hazaker\u00fcl\u00e9se ut\u00e1n \u00e9retts\u00e9gizett (1946), orvosi diplom\u00e1t Kv.-on a BTE \u2013en szerzett (1950). Tan\u00e1rseg\u00e9d a MOGYI-n (1950\u201353), a K\u00f6zeg\u00e9szs\u00e9gtani Int\u00e9zet kutat\u00f3ja (1953\u201364); majd a K\u00f6zeg\u00e9szs\u00e9g\u00fcgyi \u00e9s J\u00e1rv\u00e1nytani Int\u00e9zetben dolgozott, a Megyei F\u00f6ldtani Hivatal orvosa volt (1964\u201382), a geol\u00f3giai laborat\u00f3rium kutat\u00f3ja.Tanulm\u00e1nyokat k\u00f6z\u00f6lt a Meterologia \u2013 hidrologia \u015fi gospod\u0103rirea apelor, Stomatologia c. lapokban. Az Orvostudom\u00e1nyi T\u00e1rsas\u00e1g \u00e9s az EMT tagja volt. <br \/><strong>Irod.:<\/strong> EMKK 2000; [Nekrol\u00f3g] (N\u00fa., 2008. m\u00e1rc. 6.); RMKK<\/br><\/p>\n","protected":false},"excerpt":{"rendered":"<p>Nagyv\u00e1rad, 1920. febr. 24., \u2020 Mv., 2008. febr. v. m\u00e1rc.: orvos, f\u0151vegy\u00e9sz, bi\u00f3k\u00e9mikus. \u2013 Temesv\u00e1ron majd Bp.-en gy\u00e1ri munk\u00e1s (1936\u20131940, 1940\u20131942), katona \u00e9s hadifogoly (1943\u20131945). Hazaker\u00fcl\u00e9se ut\u00e1n \u00e9retts\u00e9gizett (1946), orvosi diplom\u00e1t Kv.-on a BTE \u2013en szerzett (1950). Tan\u00e1rseg\u00e9d a MOGYI-n (1950\u201353), a K\u00f6zeg\u00e9szs\u00e9gtani Int\u00e9zet kutat\u00f3ja (1953\u201364); majd a K\u00f6zeg\u00e9szs\u00e9g\u00fcgyi \u00e9s J\u00e1rv\u00e1nytani Int\u00e9zetben dolgozott, a Megyei [&hellip;]<\/p>\n","protected":false},"featured_media":0,"comment_status":"open","ping_status":"closed","template":"","meta":[],"product_brand":[],"product_cat":[137],"product_tag":[],"class_list":{"0":"post-15973","1":"product","2":"type-product","3":"status-publish","5":"product_cat-maros-megyei-eletrajzi-lexikon","7":"first","8":"instock","9":"shipping-taxable","10":"product-type-simple"},"_links":{"self":[{"href":"https:\/\/uj.adatbank.ro\/lexikon\/wp-json\/wp\/v2\/product\/15973","targetHints":{"allow":["GET"]}}],"collection":[{"href":"https:\/\/uj.adatbank.ro\/lexikon\/wp-json\/wp\/v2\/product"}],"about":[{"href":"https:\/\/uj.adatbank.ro\/lexikon\/wp-json\/wp\/v2\/types\/product"}],"replies":[{"embeddable":true,"href":"https:\/\/uj.adatbank.ro\/lexikon\/wp-json\/wp\/v2\/comments?post=15973"}],"wp:attachment":[{"href":"https:\/\/uj.adatbank.ro\/lexikon\/wp-json\/wp\/v2\/media?parent=15973"}],"wp:term":[{"taxonomy":"product_brand","embeddable":true,"href":"https:\/\/uj.adatbank.ro\/lexikon\/wp-json\/wp\/v2\/product_brand?post=15973"},{"taxonomy":"product_cat","embeddable":true,"href":"https:\/\/uj.adatbank.ro\/lexikon\/wp-json\/wp\/v2\/product_cat?post=15973"},{"taxonomy":"product_tag","embeddable":true,"href":"https:\/\/uj.adatbank.ro\/lexikon\/wp-json\/wp\/v2\/product_tag?post=15973"}],"curies":[{"name":"wp","href":"https:\/\/api.w.org\/{rel}","templated":true}]}}

NACSÁDI Bertalan

<p>Nagyvárad, 1920. febr. 24., † Mv., 2008. febr. v. márc.: orvos, fővegyész, biókémikus. – Temesváron majd Bp.-en gyári munkás (1936–1940, 1940–1942), katona és hadifogoly (1943–1945). Hazakerülése után érettségizett (1946), orvosi diplomát Kv.-on a BTE –en szerzett (1950). Tanársegéd a MOGYI-n (1950–53), a Közegészségtani Intézet kutatója (1953–64); majd a Közegészségügyi és Járványtani Intézetben dolgozott, a Megyei Földtani Hivatal orvosa volt (1964–82), a geológiai laboratórium kutatója.Tanulmányokat közölt a Meterologia – hidrologia şi gospodărirea apelor, Stomatologia c. lapokban. Az Orvostudományi Társaság és az EMT tagja volt. <br /><strong>Irod.:</strong> EMKK 2000; [Nekrológ] (Nú., 2008. márc. 6.); RMKK</br></p>

<p>Nagyvárad, 1920. febr. 24., † Mv., 2008. febr. v. márc.: orvos, fővegyész, biókémikus. – Temesváron majd Bp.-en gyári munkás (1936–1940, 1940–1942), katona és hadifogoly (1943–1945). Hazakerülése után érettségizett (1946), orvosi diplomát Kv.-on a BTE –en szerzett (1950). Tanársegéd a MOGYI-n (1950–53), a Közegészségtani Intézet kutatója (1953–64); majd a Közegészségügyi és Járványtani Intézetben dolgozott, a Megyei [&hellip;]</p>
