{"id":15977,"date":"2025-07-15T16:00:59","date_gmt":"2025-07-15T14:00:59","guid":{"rendered":"https:\/\/uj.adatbank.ro\/lexikon\/termek\/nadudvari-samuel\/"},"modified":"2025-07-15T16:00:59","modified_gmt":"2025-07-15T14:00:59","slug":"nadudvari-samuel","status":"publish","type":"product","link":"https:\/\/uj.adatbank.ro\/lexikon\/termek\/nadudvari-samuel\/","title":{"rendered":"N\u00c1DUDVARI S\u00e1muel"},"content":{"rendered":"<p>1698. k., \u2020 Hollandia, 1754: ref. lelk\u00e9sz, filoz\u00f3fus, f\u0151iskolai tan\u00e1r. \u2013 Els\u0151 feles\u00e9ge meghalt, a m\u00e1sodik elhagyta. \u2013 S\u00e1rospatakon tanult, ahonnan ifj.Cs\u00e9csi J\u00e1nos tan\u00e1r ellen \u00edrt g\u00fanyverse miatt elt\u00e1vol\u00edtott\u00e1k. Nagyenyeden folytatta tanulm\u00e1nyait (1723\u2013), s gr. Bethlen Gy\u00f6rgy fi\u00e1nak nevel\u0151je lett. Az Odera melletti Frankfurtban (1728\u2013), a franekeri egy.-en (1730\u20133l) tanult. Hazaj\u0151ve el\u0151bb m\u00e1sodik, majd els\u0151 pap lett Nagyenyeden, pr\u00e9dik\u00e1ci\u00f3i szabadelv\u0171s\u00e9gr\u0151l tan\u00faskodtak, n\u00e9ha a ref. vall\u00e1s dogm\u00e1i ellen besz\u00e9lt ez\u00e9rt hivatal\u00e1b\u00f3l lemondani k\u00e9nyszer\u00fclt, a ref. egyh\u00e1z v\u00e1s\u00e1rhelyi zsinata megbotr\u00e1nkoztat\u00f3 tanai visszavon\u00e1s\u00e1ra k\u00f6telezte (1734), arra k\u00e9nyszer\u00fclt, hogy elhagyja egyh\u00e1zmegy\u00e9j\u00e9t, mert eretneknek nyilv\u00e1n\u00edtott\u00e1k. Adatok hi\u00e1ny\u00e1ban a k\u00f6vetkez\u0151 \u00e9vei ismeretlenek (1734\u201340). Teleki S\u00e1ndor p\u00e1rtfog\u00e1s\u00e1nak k\u00f6sz\u00f6nhet\u0151en a mv.-i Ref.Koll.-ban kapott katedr\u00e1t, filoz\u00f3fi\u00e1t, matematik\u00e1t, fizik\u00e1t, m\u00e9rtant, t\u00f6rt\u00e9nelmet tan\u00edt \u00e9s \u201e\u00f6r\u00f6k\u00f6s rektor\u201d volt (1741\u201346). Els\u0151k\u00e9nt vezette be a koll.-ba a zeneoktat\u00e1st \u00e9s iskolai k\u00f3rust l\u00e9tes\u00edtett, korszer\u0171s\u00edtette a filoz\u00f3fiaoktat\u00e1st, amennyiben a Wolff f\u00e9le filoz\u00f3fi\u00e1t tan\u00edtotta. Elv\u00e1llalta Teleki fi\u00e1nak, S\u00e1ndornak a h\u00e1zitan\u00edt\u00e1s\u00e1t, aki m\u00e9rn\u00f6k lett. Bod P\u00e9ter szerint szorgalmas di\u00e1k, n\u00e9pszer\u0171 \u00e9s kedvelt tan\u00e1r volt, tagadta a ver\u00e9s sz\u00fcks\u00e9gess\u00e9g\u00e9t az oktat\u00e1sban \u00e9s a nevel\u00e9sben. Felvil\u00e1gosult eszm\u00e9i\u00e9rt sokat zaklatt\u00e1k, anyagi \u00e9s erk\u00f6lcsi okok miatt, a koll.-b\u00f3l t\u00e1vozni k\u00e9nysze\u00adr\u00fclt (1746). \u00c1lland\u00f3 p\u00e9nzzavarral k\u00fczd\u00f6tt, mag\u00e1n\u00e9lete is t\u00f6nkre ment. Feles\u00e9ge elhagyta, gyermekeivel titokban Mo.-ra ment, ahol r\u00f6videsen katoliz\u00e1lt, s K\u00e1rolyi Ferenc gr\u00f3fn\u00e1l nyert alkalmaz\u00e1st. \u00d6regs\u00e9g\u00e9re Hollandi\u00e1ba ment ott visszat\u00e9rve a ref. vall\u00e1sra, tan\u00edtott hal\u00e1l\u00e1ig. Gy\u00e1szbesz\u00e9dei, latin \u00fcdv\u00f6zl\u0151 versei jelentek meg. K\u00e9ziratai, jegyzetei \u00e9s ford\u00edt\u00e1sai egy k\u00f6tetben a ref. koll. k\u00f6nyvt\u00e1r\u00e1ban. \u00c9letrajzi adatair\u00f3l, tanul\u00f3i \u00e9s papi p\u00e1lyafut\u00e1s\u00e1r\u00f3l Bod P\u00e9ter \u00edrt.\u2013 <strong>F. m.:<\/strong> Eml\u00e9kezetre felemeltetett arany oszlop, mellyet ama ritka p\u00e9ld\u00e1j\u00fa, n\u00e9hai b. e. Losonczi Gy\u00fcrki Sofia asszonynak, Giczei G\u00e1bor uramnak t.n. G\u00f6m\u00f6r v\u00e1rmegy\u00e9nek t\u00f6rv\u00e9nyes t\u00e1bla assesor\u00e1nak, kedves \u00e9lete p\u00e1rj\u00e1nak&#8230; eml\u00e9kezetire, kopors\u00f3ba t\u00e9tetett meghidegedett teste felett mondott halotti tan\u00edt\u00e1s Nagy -Szendr\u0151n 3. J\u00fan. 1725. eszt. (Debrecen, 1725); A hal\u00e1lnak \u00e9s v\u00e1ltoz\u00e1soknak el\u0151l j\u00e1r\u00f3 k\u00f6veteir\u0151l magyar oratio, mellyet n\u00e9hai V\u00e1radi K\u00f6bl\u00f6s J\u00e1nos uram teste f\u00f6l\u00f6tt mondott, 1733. \u00e1pr. 26. (Kv., 1733); Rara avis in teris siue christianus sapiens. Ritka mad\u00e1r e f\u00f6ld\u00f6n, avagy kereszty\u00e9n b\u00f6lts. mellyet&#8230;Wass D\u00e1niel \u00farnak..\u00e1br\u00e1zatj\u00e1b\u00f3l, egy igen csek\u00e9ly halotti oratioban&#8230; le\u00e1br\u00e1zolt (Kv., 1741); Carolus VI Romanorum Imperator&#8230;Hungariae Rex&#8230;glorissimae domus archiducalis Austriacae Hesperus Agropol LI In InCLycta panegri VI IDVVM Ian. Oratione au Xia et rigenti representat Vs (Mv., 1741); Isten f\u00e9l\u0151 f\u00e9rfi\u00fanak koron\u00e1ja, mellyet Nagy-V\u00e1radi K\u00f6bl\u00f6s P\u00e9ter h\u00e1zas t\u00e1rsa tekintetes n. Kakutsi Judit asszony isteni f\u00e9lelm\u00e9nek s igaz hitinek aranny\u00e1b\u00f3l, s m\u00e1s sok virtussainak dr\u00e1ga k\u00f6veib\u0151l k\u00e9sz\u00edtett v\u00e9gs\u0151 tisztelet\u00e9re, 1743. jan. 13. (Kv., 1744). Animalis rationalis, civilis, spiritualis et aeternae vitae exemplar, azaz a term\u00e9szeti okoss\u00e1gszer\u00e9nt val\u00f3, k\u00fcls\u0151-t\u00e1rsas\u00e1gi, j\u00f3 h\u00edr \u2013 s n\u00e9vbeli, lelki \u00e9s \u00f6r\u00f6k \u00e9letnek p\u00e9ld\u00e1ja, mellyet n\u00e9hai m\u00e9lt&#8230;. liber b\u00e1r\u00f3 Kem\u00e9ny S\u00e1muel, Dob\u00f3ka v\u00e1rmegyei f\u0151isp\u00e1n \u00e9let\u00e9nek egy csek\u00e9ly magyar oratioban tett lerajzol\u00e1s\u00e1val a V\u00e9tsi v\u00e1r mellett \u00e9pittetett gy\u00e1szos sz\u00edn alatt letelepedett halotti nagy frequentia el\u0151tt felf\u00fcggesztett 1744. szent Jakab hava 12.-\u00e9n (Kv., 1746). <br \/><strong>Irod.:<\/strong> Bod P\u00e9ter: Smirnai Szent Polik\u00e1rpus (Nagyenyed, 1766); Halotti besz\u00e9dek; Id\u0151t\u00e1r 1; Koczi\u00e1ny L\u00e1szl\u00f3: A felvil\u00e1gosod\u00e1s egyik mv.-i \u00fatt\u00f6r\u0151je (V. Z., 1971. aug. 15.); Koncz; Kozma B\u00e9la: Koll\u00e9giumunk \u00e9s az Erd\u00e9lyi Magyar Nyelvm\u00edvel\u0151 T\u00e1rsas\u00e1g (2.)(N\u00fa., 1993. aug. 11.); Kr\u00f3n. F\u00fcz. (1939. 4\/10); Par\u00e1di; Profiluri mure\u015fene. 2.; RMK; Szinnyei; \u00daM\u00c9L<\/br><\/p>\n","protected":false},"excerpt":{"rendered":"<p>1698. k., \u2020 Hollandia, 1754: ref. lelk\u00e9sz, filoz\u00f3fus, f\u0151iskolai tan\u00e1r. \u2013 Els\u0151 feles\u00e9ge meghalt, a m\u00e1sodik elhagyta. \u2013 S\u00e1rospatakon tanult, ahonnan ifj.Cs\u00e9csi J\u00e1nos tan\u00e1r ellen \u00edrt g\u00fanyverse miatt elt\u00e1vol\u00edtott\u00e1k. Nagyenyeden folytatta tanulm\u00e1nyait (1723\u2013), s gr. Bethlen Gy\u00f6rgy fi\u00e1nak nevel\u0151je lett. Az Odera melletti Frankfurtban (1728\u2013), a franekeri egy.-en (1730\u20133l) tanult. Hazaj\u0151ve el\u0151bb m\u00e1sodik, majd els\u0151 [&hellip;]<\/p>\n","protected":false},"featured_media":0,"comment_status":"open","ping_status":"closed","template":"","meta":[],"product_brand":[],"product_cat":[137],"product_tag":[],"class_list":{"0":"post-15977","1":"product","2":"type-product","3":"status-publish","5":"product_cat-maros-megyei-eletrajzi-lexikon","7":"first","8":"instock","9":"shipping-taxable","10":"product-type-simple"},"_links":{"self":[{"href":"https:\/\/uj.adatbank.ro\/lexikon\/wp-json\/wp\/v2\/product\/15977","targetHints":{"allow":["GET"]}}],"collection":[{"href":"https:\/\/uj.adatbank.ro\/lexikon\/wp-json\/wp\/v2\/product"}],"about":[{"href":"https:\/\/uj.adatbank.ro\/lexikon\/wp-json\/wp\/v2\/types\/product"}],"replies":[{"embeddable":true,"href":"https:\/\/uj.adatbank.ro\/lexikon\/wp-json\/wp\/v2\/comments?post=15977"}],"wp:attachment":[{"href":"https:\/\/uj.adatbank.ro\/lexikon\/wp-json\/wp\/v2\/media?parent=15977"}],"wp:term":[{"taxonomy":"product_brand","embeddable":true,"href":"https:\/\/uj.adatbank.ro\/lexikon\/wp-json\/wp\/v2\/product_brand?post=15977"},{"taxonomy":"product_cat","embeddable":true,"href":"https:\/\/uj.adatbank.ro\/lexikon\/wp-json\/wp\/v2\/product_cat?post=15977"},{"taxonomy":"product_tag","embeddable":true,"href":"https:\/\/uj.adatbank.ro\/lexikon\/wp-json\/wp\/v2\/product_tag?post=15977"}],"curies":[{"name":"wp","href":"https:\/\/api.w.org\/{rel}","templated":true}]}}

NÁDUDVARI Sámuel

<p>1698. k., † Hollandia, 1754: ref. lelkész, filozófus, főiskolai tanár. – Első felesége meghalt, a második elhagyta. – Sárospatakon tanult, ahonnan ifj.Csécsi János tanár ellen írt gúnyverse miatt eltávolították. Nagyenyeden folytatta tanulmányait (1723–), s gr. Bethlen György fiának nevelője lett. Az Odera melletti Frankfurtban (1728–), a franekeri egy.-en (1730–3l) tanult. Hazajőve előbb második, majd első pap lett Nagyenyeden, prédikációi szabadelvűségről tanúskodtak, néha a ref. vallás dogmái ellen beszélt ezért hivatalából lemondani kényszerült, a ref. egyház vásárhelyi zsinata megbotránkoztató tanai visszavonására kötelezte (1734), arra kényszerült, hogy elhagyja egyházmegyéjét, mert eretneknek nyilvánították. Adatok hiányában a következő évei ismeretlenek (1734–40). Teleki Sándor pártfogásának köszönhetően a mv.-i Ref.Koll.-ban kapott katedrát, filozófiát, matematikát, fizikát, mértant, történelmet tanít és „örökös rektor” volt (1741–46). Elsőként vezette be a koll.-ba a zeneoktatást és iskolai kórust létesített, korszerűsítette a filozófiaoktatást, amennyiben a Wolff féle filozófiát tanította. Elvállalta Teleki fiának, Sándornak a házitanítását, aki mérnök lett. Bod Péter szerint szorgalmas diák, népszerű és kedvelt tanár volt, tagadta a verés szükségességét az oktatásban és a nevelésben. Felvilágosult eszméiért sokat zaklatták, anyagi és erkölcsi okok miatt, a koll.-ból távozni kénysze­rült (1746). Állandó pénzzavarral küzdött, magánélete is tönkre ment. Felesége elhagyta, gyermekeivel titokban Mo.-ra ment, ahol rövidesen katolizált, s Károlyi Ferenc grófnál nyert alkalmazást. Öregségére Hollandiába ment ott visszatérve a ref. vallásra, tanított haláláig. Gyászbeszédei, latin üdvözlő versei jelentek meg. Kéziratai, jegyzetei és fordításai egy kötetben a ref. koll. könyvtárában. Életrajzi adatairól, tanulói és papi pályafutásáról Bod Péter írt.– <strong>F. m.:</strong> Emlékezetre felemeltetett arany oszlop, mellyet ama ritka példájú, néhai b. e. Losonczi Gyürki Sofia asszonynak, Giczei Gábor uramnak t.n. Gömör vármegyének törvényes tábla assesorának, kedves élete párjának&#8230; emlékezetire, koporsóba tétetett meghidegedett teste felett mondott halotti tanítás Nagy -Szendrőn 3. Jún. 1725. eszt. (Debrecen, 1725); A halálnak és változásoknak elől járó követeiről magyar oratio, mellyet néhai Váradi Köblös János uram teste fölött mondott, 1733. ápr. 26. (Kv., 1733); Rara avis in teris siue christianus sapiens. Ritka madár e földön, avagy keresztyén bölts. mellyet&#8230;Wass Dániel úrnak..ábrázatjából, egy igen csekély halotti oratioban&#8230; leábrázolt (Kv., 1741); Carolus VI Romanorum Imperator&#8230;Hungariae Rex&#8230;glorissimae domus archiducalis Austriacae Hesperus Agropol LI In InCLycta panegri VI IDVVM Ian. Oratione au Xia et rigenti representat Vs (Mv., 1741); Isten félő férfiúnak koronája, mellyet Nagy-Váradi Köblös Péter házas társa tekintetes n. Kakutsi Judit asszony isteni félelmének s igaz hitinek arannyából, s más sok virtussainak drága köveiből készített végső tiszteletére, 1743. jan. 13. (Kv., 1744). Animalis rationalis, civilis, spiritualis et aeternae vitae exemplar, azaz a természeti okosságszerént való, külső-társasági, jó hír – s névbeli, lelki és örök életnek példája, mellyet néhai mélt&#8230;. liber báró Kemény Sámuel, Dobóka vármegyei főispán életének egy csekély magyar oratioban tett lerajzolásával a Vétsi vár mellett épittetett gyászos szín alatt letelepedett halotti nagy frequentia előtt felfüggesztett 1744. szent Jakab hava 12.-én (Kv., 1746). <br /><strong>Irod.:</strong> Bod Péter: Smirnai Szent Polikárpus (Nagyenyed, 1766); Halotti beszédek; Időtár 1; Kocziány László: A felvilágosodás egyik mv.-i úttörője (V. Z., 1971. aug. 15.); Koncz; Kozma Béla: Kollégiumunk és az Erdélyi Magyar Nyelvmívelő Társaság (2.)(Nú., 1993. aug. 11.); Krón. Füz. (1939. 4/10); Parádi; Profiluri mureşene. 2.; RMK; Szinnyei; ÚMÉL</br></p>

<p>1698. k., † Hollandia, 1754: ref. lelkész, filozófus, főiskolai tanár. – Első felesége meghalt, a második elhagyta. – Sárospatakon tanult, ahonnan ifj.Csécsi János tanár ellen írt gúnyverse miatt eltávolították. Nagyenyeden folytatta tanulmányait (1723–), s gr. Bethlen György fiának nevelője lett. Az Odera melletti Frankfurtban (1728–), a franekeri egy.-en (1730–3l) tanult. Hazajőve előbb második, majd első [&hellip;]</p>
