{"id":15978,"date":"2025-07-15T16:01:01","date_gmt":"2025-07-15T14:01:01","guid":{"rendered":"https:\/\/uj.adatbank.ro\/lexikon\/termek\/naftali-jozsef-%c2%a7\/"},"modified":"2025-07-15T16:01:01","modified_gmt":"2025-07-15T14:01:01","slug":"naftali-jozsef-%c2%a7","status":"publish","type":"product","link":"https:\/\/uj.adatbank.ro\/lexikon\/termek\/naftali-jozsef-%c2%a7\/","title":{"rendered":"NAFTALI J\u00f3zsef, \u00a7"},"content":{"rendered":"<p>Bal\u00e1zsfalva, 1894., \u2020 ?: t\u00fck\u00f6rgy\u00e1rtulajdonos. \u2013 Iskol\u00e1i elv\u00e9gz\u00e9se ut\u00e1n az I. vh.-ban (1914. okt. \u201318. szept.), a 21. h. gy. e.-n\u00e9l szakaszvezet\u0151, az orosz harct\u00e9ren vett r\u00e9szt az arcvonalszolg\u00e1latban, orosz fogs\u00e1gba ker\u00fclt. Mint hadifogoly Oroszo.-ban az \u00fcvegcs\u00edszol\u00f3 mesters\u00e9get tanulta ki, hazat\u00e9r\u00e9se ut\u00e1n \u00f6n\u00e1ll\u00f3s\u00edtotta mag\u00e1t Mv.-en \u00e9s \u00fczem\u00e9t szakszer\u0171en fejlesztette, \u00e1tlagosan h\u00fasz munk\u00e1st foglalkoztatott. A M. \u00c9p\u00edt\u0151iparos Egyes\u00fclet \u00e9s a Tanoncotthon tagja volt. Mv.-r\u0151l deport\u00e1lt\u00e1k feles\u00e9g\u00e9vel (*1904\u2013) egy\u00fctt (1944. m\u00e1j. 29.). <br \/><strong>Irod.:<\/strong> M. hadviselt zsid\u00f3k; Mv. zsid\u00f3s\u00e1ga; Sz\u00e9kelyf\u00f6ld \u00ed.k.<\/br><\/p>\n","protected":false},"excerpt":{"rendered":"<p>Bal\u00e1zsfalva, 1894., \u2020 ?: t\u00fck\u00f6rgy\u00e1rtulajdonos. \u2013 Iskol\u00e1i elv\u00e9gz\u00e9se ut\u00e1n az I. vh.-ban (1914. okt. \u201318. szept.), a 21. h. gy. e.-n\u00e9l szakaszvezet\u0151, az orosz harct\u00e9ren vett r\u00e9szt az arcvonalszolg\u00e1latban, orosz fogs\u00e1gba ker\u00fclt. Mint hadifogoly Oroszo.-ban az \u00fcvegcs\u00edszol\u00f3 mesters\u00e9get tanulta ki, hazat\u00e9r\u00e9se ut\u00e1n \u00f6n\u00e1ll\u00f3s\u00edtotta mag\u00e1t Mv.-en \u00e9s \u00fczem\u00e9t szakszer\u0171en fejlesztette, \u00e1tlagosan h\u00fasz munk\u00e1st foglalkoztatott. A M. [&hellip;]<\/p>\n","protected":false},"featured_media":0,"comment_status":"open","ping_status":"closed","template":"","meta":[],"product_brand":[],"product_cat":[137],"product_tag":[],"class_list":{"0":"post-15978","1":"product","2":"type-product","3":"status-publish","5":"product_cat-maros-megyei-eletrajzi-lexikon","7":"first","8":"instock","9":"shipping-taxable","10":"product-type-simple"},"_links":{"self":[{"href":"https:\/\/uj.adatbank.ro\/lexikon\/wp-json\/wp\/v2\/product\/15978","targetHints":{"allow":["GET"]}}],"collection":[{"href":"https:\/\/uj.adatbank.ro\/lexikon\/wp-json\/wp\/v2\/product"}],"about":[{"href":"https:\/\/uj.adatbank.ro\/lexikon\/wp-json\/wp\/v2\/types\/product"}],"replies":[{"embeddable":true,"href":"https:\/\/uj.adatbank.ro\/lexikon\/wp-json\/wp\/v2\/comments?post=15978"}],"wp:attachment":[{"href":"https:\/\/uj.adatbank.ro\/lexikon\/wp-json\/wp\/v2\/media?parent=15978"}],"wp:term":[{"taxonomy":"product_brand","embeddable":true,"href":"https:\/\/uj.adatbank.ro\/lexikon\/wp-json\/wp\/v2\/product_brand?post=15978"},{"taxonomy":"product_cat","embeddable":true,"href":"https:\/\/uj.adatbank.ro\/lexikon\/wp-json\/wp\/v2\/product_cat?post=15978"},{"taxonomy":"product_tag","embeddable":true,"href":"https:\/\/uj.adatbank.ro\/lexikon\/wp-json\/wp\/v2\/product_tag?post=15978"}],"curies":[{"name":"wp","href":"https:\/\/api.w.org\/{rel}","templated":true}]}}

NAFTALI József, §

<p>Balázsfalva, 1894., † ?: tükörgyártulajdonos. – Iskolái elvégzése után az I. vh.-ban (1914. okt. –18. szept.), a 21. h. gy. e.-nél szakaszvezető, az orosz harctéren vett részt az arcvonalszolgálatban, orosz fogságba került. Mint hadifogoly Oroszo.-ban az üvegcsíszoló mesterséget tanulta ki, hazatérése után önállósította magát Mv.-en és üzemét szakszerűen fejlesztette, átlagosan húsz munkást foglalkoztatott. A M. Építőiparos Egyesület és a Tanoncotthon tagja volt. Mv.-ről deportálták feleségével (*1904–) együtt (1944. máj. 29.). <br /><strong>Irod.:</strong> M. hadviselt zsidók; Mv. zsidósága; Székelyföld í.k.</br></p>

<p>Balázsfalva, 1894., † ?: tükörgyártulajdonos. – Iskolái elvégzése után az I. vh.-ban (1914. okt. –18. szept.), a 21. h. gy. e.-nél szakaszvezető, az orosz harctéren vett részt az arcvonalszolgálatban, orosz fogságba került. Mint hadifogoly Oroszo.-ban az üvegcsíszoló mesterséget tanulta ki, hazatérése után önállósította magát Mv.-en és üzemét szakszerűen fejlesztette, átlagosan húsz munkást foglalkoztatott. A M. [&hellip;]</p>
