{"id":15980,"date":"2025-07-15T16:01:04","date_gmt":"2025-07-15T14:01:04","guid":{"rendered":"https:\/\/uj.adatbank.ro\/lexikon\/termek\/naghiu-iosif-nagy-jozsef\/"},"modified":"2025-07-15T16:01:04","modified_gmt":"2025-07-15T14:01:04","slug":"naghiu-iosif-nagy-jozsef","status":"publish","type":"product","link":"https:\/\/uj.adatbank.ro\/lexikon\/termek\/naghiu-iosif-nagy-jozsef\/","title":{"rendered":"NAGHIU, Iosif; Nagy J\u00f3zsef"},"content":{"rendered":"<p>Buk., 1932. m\u00e1rc. 11-. \u2020 Buc.?? : k\u00e9pz\u0151m\u0171v\u00e9sz, dramaturg. \u2013 Sz\u00e1szr\u00e9genben volt k\u00f6z\u00e9piskol\u00e1s, a K\u00e9pz\u0151m\u0171v\u00e9szeti akad\u00e9mi\u00e1t Buk.-ben a grafika szakon v\u00e9gezte (1958). Sz\u00edndarabokat, verseket \u00e9s versford\u00edt\u00e1sokat k\u00f6z\u00f6lt. <br \/><strong>Irod.:<\/strong> Moln\u00e1r; RMKK<\/br><\/p>\n","protected":false},"excerpt":{"rendered":"<p>Buk., 1932. m\u00e1rc. 11-. \u2020 Buc.?? : k\u00e9pz\u0151m\u0171v\u00e9sz, dramaturg. \u2013 Sz\u00e1szr\u00e9genben volt k\u00f6z\u00e9piskol\u00e1s, a K\u00e9pz\u0151m\u0171v\u00e9szeti akad\u00e9mi\u00e1t Buk.-ben a grafika szakon v\u00e9gezte (1958). Sz\u00edndarabokat, verseket \u00e9s versford\u00edt\u00e1sokat k\u00f6z\u00f6lt. Irod.: Moln\u00e1r; RMKK<\/p>\n","protected":false},"featured_media":0,"comment_status":"open","ping_status":"closed","template":"","meta":[],"product_brand":[],"product_cat":[137],"product_tag":[],"class_list":{"0":"post-15980","1":"product","2":"type-product","3":"status-publish","5":"product_cat-maros-megyei-eletrajzi-lexikon","7":"first","8":"instock","9":"shipping-taxable","10":"product-type-simple"},"_links":{"self":[{"href":"https:\/\/uj.adatbank.ro\/lexikon\/wp-json\/wp\/v2\/product\/15980","targetHints":{"allow":["GET"]}}],"collection":[{"href":"https:\/\/uj.adatbank.ro\/lexikon\/wp-json\/wp\/v2\/product"}],"about":[{"href":"https:\/\/uj.adatbank.ro\/lexikon\/wp-json\/wp\/v2\/types\/product"}],"replies":[{"embeddable":true,"href":"https:\/\/uj.adatbank.ro\/lexikon\/wp-json\/wp\/v2\/comments?post=15980"}],"wp:attachment":[{"href":"https:\/\/uj.adatbank.ro\/lexikon\/wp-json\/wp\/v2\/media?parent=15980"}],"wp:term":[{"taxonomy":"product_brand","embeddable":true,"href":"https:\/\/uj.adatbank.ro\/lexikon\/wp-json\/wp\/v2\/product_brand?post=15980"},{"taxonomy":"product_cat","embeddable":true,"href":"https:\/\/uj.adatbank.ro\/lexikon\/wp-json\/wp\/v2\/product_cat?post=15980"},{"taxonomy":"product_tag","embeddable":true,"href":"https:\/\/uj.adatbank.ro\/lexikon\/wp-json\/wp\/v2\/product_tag?post=15980"}],"curies":[{"name":"wp","href":"https:\/\/api.w.org\/{rel}","templated":true}]}}