{"id":15994,"date":"2025-07-15T16:01:26","date_gmt":"2025-07-15T14:01:26","guid":{"rendered":"https:\/\/uj.adatbank.ro\/lexikon\/termek\/nagy-erdoszentgyorgyi-csalad\/"},"modified":"2025-07-15T16:01:26","modified_gmt":"2025-07-15T14:01:26","slug":"nagy-erdoszentgyorgyi-csalad","status":"publish","type":"product","link":"https:\/\/uj.adatbank.ro\/lexikon\/termek\/nagy-erdoszentgyorgyi-csalad\/","title":{"rendered":"NAGY, erd\u0151szentgy\u00f6rgyi csal\u00e1d"},"content":{"rendered":"<p>Tagjai k\u00f6z\u00fcl az egyik \u00e1g N. J\u00e1nos \u00e9s ut\u00f3dai, B\u00e1thory G\u00e1bort\u00f3l kapott nemess\u00e9get (l\u00f3f\u0151s\u00e9get) (1608. szept. 28.); a m\u00e1sik \u00e1gb\u00f3l N. Ferenc Leopold kir\u00e1lyt\u00f3l nyert c\u00edmeres nemeslevelet (1698. febr. 13.). <br \/><strong>Irod.:<\/strong> Kempelen; P\u00e1lmay<\/br><\/p>\n","protected":false},"excerpt":{"rendered":"<p>Tagjai k\u00f6z\u00fcl az egyik \u00e1g N. J\u00e1nos \u00e9s ut\u00f3dai, B\u00e1thory G\u00e1bort\u00f3l kapott nemess\u00e9get (l\u00f3f\u0151s\u00e9get) (1608. szept. 28.); a m\u00e1sik \u00e1gb\u00f3l N. Ferenc Leopold kir\u00e1lyt\u00f3l nyert c\u00edmeres nemeslevelet (1698. febr. 13.). Irod.: Kempelen; P\u00e1lmay<\/p>\n","protected":false},"featured_media":0,"comment_status":"open","ping_status":"closed","template":"","meta":[],"product_brand":[],"product_cat":[137],"product_tag":[],"class_list":{"0":"post-15994","1":"product","2":"type-product","3":"status-publish","5":"product_cat-maros-megyei-eletrajzi-lexikon","7":"first","8":"instock","9":"shipping-taxable","10":"product-type-simple"},"_links":{"self":[{"href":"https:\/\/uj.adatbank.ro\/lexikon\/wp-json\/wp\/v2\/product\/15994","targetHints":{"allow":["GET"]}}],"collection":[{"href":"https:\/\/uj.adatbank.ro\/lexikon\/wp-json\/wp\/v2\/product"}],"about":[{"href":"https:\/\/uj.adatbank.ro\/lexikon\/wp-json\/wp\/v2\/types\/product"}],"replies":[{"embeddable":true,"href":"https:\/\/uj.adatbank.ro\/lexikon\/wp-json\/wp\/v2\/comments?post=15994"}],"wp:attachment":[{"href":"https:\/\/uj.adatbank.ro\/lexikon\/wp-json\/wp\/v2\/media?parent=15994"}],"wp:term":[{"taxonomy":"product_brand","embeddable":true,"href":"https:\/\/uj.adatbank.ro\/lexikon\/wp-json\/wp\/v2\/product_brand?post=15994"},{"taxonomy":"product_cat","embeddable":true,"href":"https:\/\/uj.adatbank.ro\/lexikon\/wp-json\/wp\/v2\/product_cat?post=15994"},{"taxonomy":"product_tag","embeddable":true,"href":"https:\/\/uj.adatbank.ro\/lexikon\/wp-json\/wp\/v2\/product_tag?post=15994"}],"curies":[{"name":"wp","href":"https:\/\/api.w.org\/{rel}","templated":true}]}}