{"id":16008,"date":"2025-07-15T16:02:00","date_gmt":"2025-07-15T14:02:00","guid":{"rendered":"https:\/\/uj.adatbank.ro\/lexikon\/termek\/nagy-kebelei-csalad\/"},"modified":"2025-07-15T16:02:00","modified_gmt":"2025-07-15T14:02:00","slug":"nagy-kebelei-csalad","status":"publish","type":"product","link":"https:\/\/uj.adatbank.ro\/lexikon\/termek\/nagy-kebelei-csalad\/","title":{"rendered":"NAGY, kebelei csal\u00e1d"},"content":{"rendered":"<p>F\u00e9szke a Mv. mellett fekv\u0151 Kebele helys\u00e9g, honnan el\u0151nev\u00e9t veszi. T\u00f6bb tagja a cs. \u00e9s kir. h\u0171s\u00e9g\u00e9re esk\u00fcd\u00f6tt fel B\u00e1sta f\u0151gener\u00e1lis rendelet\u00e9re (1602); N. M\u00e1rton, P\u00e1l, Mih\u00e1ly \u00e9s Istv\u00e1n, mint primipilusok lustr\u00e1ltak Bethlen G\u00e1bor alatt (1614); P\u00e9ter adom\u00e1ny levelet kapott (1651) \u00e9s meghalt a lengyelorsz\u00e1gi hadj\u00e1ratban (1656); D\u00e1niel egyszersmind cimzetes kir. tan\u00e1csos. Fia I. S\u00e1muel el\u0151bb szint\u00e9n ott marossz\u00e9ki alkir. bir\u00f3, ut\u00f3bb kir. t\u00e1blai \u00fcln\u00f6k. Ennek fia II. S\u00e1muel az 1849-ki forradalomban mint honv\u00e9d der\u00e9kon goly\u00f3-sebet kapott.P\u00e1l (m\u00e1s \u00e1gb\u00f3l) 1815. k\u00f6r\u00fcl marossz\u00e9ki lev\u00e9lt\u00e1rnok \u00e9s alsz\u00e9ki bir\u00f3. C\u00edmerpecs\u00e9t a gr. Teleki-lev\u00e9lt\u00e1rban Mv. <br \/><strong>Irod.:<\/strong> Filep; Nagy Iv\u00e1n; P\u00e1lmay<\/br><\/p>\n","protected":false},"excerpt":{"rendered":"<p>F\u00e9szke a Mv. mellett fekv\u0151 Kebele helys\u00e9g, honnan el\u0151nev\u00e9t veszi. T\u00f6bb tagja a cs. \u00e9s kir. h\u0171s\u00e9g\u00e9re esk\u00fcd\u00f6tt fel B\u00e1sta f\u0151gener\u00e1lis rendelet\u00e9re (1602); N. M\u00e1rton, P\u00e1l, Mih\u00e1ly \u00e9s Istv\u00e1n, mint primipilusok lustr\u00e1ltak Bethlen G\u00e1bor alatt (1614); P\u00e9ter adom\u00e1ny levelet kapott (1651) \u00e9s meghalt a lengyelorsz\u00e1gi hadj\u00e1ratban (1656); D\u00e1niel egyszersmind cimzetes kir. tan\u00e1csos. Fia I. S\u00e1muel [&hellip;]<\/p>\n","protected":false},"featured_media":0,"comment_status":"open","ping_status":"closed","template":"","meta":[],"product_brand":[],"product_cat":[137],"product_tag":[],"class_list":{"0":"post-16008","1":"product","2":"type-product","3":"status-publish","5":"product_cat-maros-megyei-eletrajzi-lexikon","7":"first","8":"instock","9":"shipping-taxable","10":"product-type-simple"},"_links":{"self":[{"href":"https:\/\/uj.adatbank.ro\/lexikon\/wp-json\/wp\/v2\/product\/16008","targetHints":{"allow":["GET"]}}],"collection":[{"href":"https:\/\/uj.adatbank.ro\/lexikon\/wp-json\/wp\/v2\/product"}],"about":[{"href":"https:\/\/uj.adatbank.ro\/lexikon\/wp-json\/wp\/v2\/types\/product"}],"replies":[{"embeddable":true,"href":"https:\/\/uj.adatbank.ro\/lexikon\/wp-json\/wp\/v2\/comments?post=16008"}],"wp:attachment":[{"href":"https:\/\/uj.adatbank.ro\/lexikon\/wp-json\/wp\/v2\/media?parent=16008"}],"wp:term":[{"taxonomy":"product_brand","embeddable":true,"href":"https:\/\/uj.adatbank.ro\/lexikon\/wp-json\/wp\/v2\/product_brand?post=16008"},{"taxonomy":"product_cat","embeddable":true,"href":"https:\/\/uj.adatbank.ro\/lexikon\/wp-json\/wp\/v2\/product_cat?post=16008"},{"taxonomy":"product_tag","embeddable":true,"href":"https:\/\/uj.adatbank.ro\/lexikon\/wp-json\/wp\/v2\/product_tag?post=16008"}],"curies":[{"name":"wp","href":"https:\/\/api.w.org\/{rel}","templated":true}]}}

NAGY, kebelei család

<p>Fészke a Mv. mellett fekvő Kebele helység, honnan előnevét veszi. Több tagja a cs. és kir. hűségére esküdött fel Básta főgenerális rendeletére (1602); N. Márton, Pál, Mihály és István, mint primipilusok lustráltak Bethlen Gábor alatt (1614); Péter adomány levelet kapott (1651) és meghalt a lengyelországi hadjáratban (1656); Dániel egyszersmind cimzetes kir. tanácsos. Fia I. Sámuel előbb szintén ott marosszéki alkir. biró, utóbb kir. táblai ülnök. Ennek fia II. Sámuel az 1849-ki forradalomban mint honvéd derékon golyó-sebet kapott.Pál (más ágból) 1815. körül marosszéki levéltárnok és alszéki biró. Címerpecsét a gr. Teleki-levéltárban Mv. <br /><strong>Irod.:</strong> Filep; Nagy Iván; Pálmay</br></p>

<p>Fészke a Mv. mellett fekvő Kebele helység, honnan előnevét veszi. Több tagja a cs. és kir. hűségére esküdött fel Básta főgenerális rendeletére (1602); N. Márton, Pál, Mihály és István, mint primipilusok lustráltak Bethlen Gábor alatt (1614); Péter adomány levelet kapott (1651) és meghalt a lengyelországi hadjáratban (1656); Dániel egyszersmind cimzetes kir. tanácsos. Fia I. Sámuel [&hellip;]</p>
