{"id":16016,"date":"2025-07-15T16:02:12","date_gmt":"2025-07-15T14:02:12","guid":{"rendered":"https:\/\/uj.adatbank.ro\/lexikon\/termek\/nagy-marosvasarhelyi-csalad\/"},"modified":"2025-07-15T16:02:12","modified_gmt":"2025-07-15T14:02:12","slug":"nagy-marosvasarhelyi-csalad","status":"publish","type":"product","link":"https:\/\/uj.adatbank.ro\/lexikon\/termek\/nagy-marosvasarhelyi-csalad\/","title":{"rendered":"NAGY, marosv\u00e1s\u00e1rhelyi csal\u00e1d"},"content":{"rendered":"<p>Nagy alias Sz\u00edgy\u00e1rt\u00f3 Istv\u00e1n \u00e9s Gy\u00f6rgy c\u00edmeres nemeslevelet nyert Apaffy Mih\u00e1lyt\u00f3l (1667. j\u00fal. 16.); S\u00e1ndor aljegyz\u0151, ut\u00f3bb t\u00f6rv\u00e9nysz\u00e9ki \u00fcln\u00f6k Fels\u0151-Fej\u00e9r megy\u00e9ben; Istv\u00e1n ugyanott irnok (1837. k\u00f6r\u0171l.). \u00dagy l\u00e1tszik \u2013 e k\u00f6zelebb el\u00e9sorolt csal\u00e1dokhoz tartoznak Istv\u00e1n, Mih\u00e1ly, Ferenc mv.-i v\u00e1rosi hivatalnokok (1815. k\u00f6r\u00fcl), \u00e9s J\u00e1nos ugyanott esk\u00fcdt (1837. k\u00f6r\u0171l.). <br \/><strong>Irod.:<\/strong> Nagy Iv\u00e1n; P\u00e1lmay<\/br><\/p>\n","protected":false},"excerpt":{"rendered":"<p>Nagy alias Sz\u00edgy\u00e1rt\u00f3 Istv\u00e1n \u00e9s Gy\u00f6rgy c\u00edmeres nemeslevelet nyert Apaffy Mih\u00e1lyt\u00f3l (1667. j\u00fal. 16.); S\u00e1ndor aljegyz\u0151, ut\u00f3bb t\u00f6rv\u00e9nysz\u00e9ki \u00fcln\u00f6k Fels\u0151-Fej\u00e9r megy\u00e9ben; Istv\u00e1n ugyanott irnok (1837. k\u00f6r\u0171l.). \u00dagy l\u00e1tszik \u2013 e k\u00f6zelebb el\u00e9sorolt csal\u00e1dokhoz tartoznak Istv\u00e1n, Mih\u00e1ly, Ferenc mv.-i v\u00e1rosi hivatalnokok (1815. k\u00f6r\u00fcl), \u00e9s J\u00e1nos ugyanott esk\u00fcdt (1837. k\u00f6r\u0171l.). Irod.: Nagy Iv\u00e1n; P\u00e1lmay<\/p>\n","protected":false},"featured_media":0,"comment_status":"open","ping_status":"closed","template":"","meta":[],"product_brand":[],"product_cat":[137],"product_tag":[],"class_list":{"0":"post-16016","1":"product","2":"type-product","3":"status-publish","5":"product_cat-maros-megyei-eletrajzi-lexikon","7":"first","8":"instock","9":"shipping-taxable","10":"product-type-simple"},"_links":{"self":[{"href":"https:\/\/uj.adatbank.ro\/lexikon\/wp-json\/wp\/v2\/product\/16016","targetHints":{"allow":["GET"]}}],"collection":[{"href":"https:\/\/uj.adatbank.ro\/lexikon\/wp-json\/wp\/v2\/product"}],"about":[{"href":"https:\/\/uj.adatbank.ro\/lexikon\/wp-json\/wp\/v2\/types\/product"}],"replies":[{"embeddable":true,"href":"https:\/\/uj.adatbank.ro\/lexikon\/wp-json\/wp\/v2\/comments?post=16016"}],"wp:attachment":[{"href":"https:\/\/uj.adatbank.ro\/lexikon\/wp-json\/wp\/v2\/media?parent=16016"}],"wp:term":[{"taxonomy":"product_brand","embeddable":true,"href":"https:\/\/uj.adatbank.ro\/lexikon\/wp-json\/wp\/v2\/product_brand?post=16016"},{"taxonomy":"product_cat","embeddable":true,"href":"https:\/\/uj.adatbank.ro\/lexikon\/wp-json\/wp\/v2\/product_cat?post=16016"},{"taxonomy":"product_tag","embeddable":true,"href":"https:\/\/uj.adatbank.ro\/lexikon\/wp-json\/wp\/v2\/product_tag?post=16016"}],"curies":[{"name":"wp","href":"https:\/\/api.w.org\/{rel}","templated":true}]}}

NAGY, marosvásárhelyi család

<p>Nagy alias Szígyártó István és György címeres nemeslevelet nyert Apaffy Mihálytól (1667. júl. 16.); Sándor aljegyző, utóbb törvényszéki ülnök Felső-Fejér megyében; István ugyanott irnok (1837. körűl.). Úgy látszik – e közelebb elésorolt családokhoz tartoznak István, Mihály, Ferenc mv.-i városi hivatalnokok (1815. körül), és János ugyanott esküdt (1837. körűl.). <br /><strong>Irod.:</strong> Nagy Iván; Pálmay</br></p>

<p>Nagy alias Szígyártó István és György címeres nemeslevelet nyert Apaffy Mihálytól (1667. júl. 16.); Sándor aljegyző, utóbb törvényszéki ülnök Felső-Fejér megyében; István ugyanott irnok (1837. körűl.). Úgy látszik – e közelebb elésorolt családokhoz tartoznak István, Mihály, Ferenc mv.-i városi hivatalnokok (1815. körül), és János ugyanott esküdt (1837. körűl.). Irod.: Nagy Iván; Pálmay</p>
