{"id":16018,"date":"2025-07-15T16:02:17","date_gmt":"2025-07-15T14:02:17","guid":{"rendered":"https:\/\/uj.adatbank.ro\/lexikon\/termek\/nagy-mezobandi-csalad\/"},"modified":"2025-07-15T16:02:17","modified_gmt":"2025-07-15T14:02:17","slug":"nagy-mezobandi-csalad","status":"publish","type":"product","link":"https:\/\/uj.adatbank.ro\/lexikon\/termek\/nagy-mezobandi-csalad\/","title":{"rendered":"NAGY, mez\u0151b\u00e1ndi csal\u00e1d"},"content":{"rendered":"<p>Istv\u00e1n nyert primipil\u00e1ris levelet (1655.); lesz\u00e1rmaz\u00f3i k\u00f6z\u00fcl N. Istv\u00e1n \u00fcgyv\u00e9d Mv.-en (1848 ig.). <br \/><strong>Irod.:<\/strong> Nagy Iv\u00e1n; P\u00e1lmay<\/br><\/p>\n","protected":false},"excerpt":{"rendered":"<p>Istv\u00e1n nyert primipil\u00e1ris levelet (1655.); lesz\u00e1rmaz\u00f3i k\u00f6z\u00fcl N. Istv\u00e1n \u00fcgyv\u00e9d Mv.-en (1848 ig.). Irod.: Nagy Iv\u00e1n; P\u00e1lmay<\/p>\n","protected":false},"featured_media":0,"comment_status":"open","ping_status":"closed","template":"","meta":[],"product_brand":[],"product_cat":[137],"product_tag":[],"class_list":{"0":"post-16018","1":"product","2":"type-product","3":"status-publish","5":"product_cat-maros-megyei-eletrajzi-lexikon","7":"first","8":"instock","9":"shipping-taxable","10":"product-type-simple"},"_links":{"self":[{"href":"https:\/\/uj.adatbank.ro\/lexikon\/wp-json\/wp\/v2\/product\/16018","targetHints":{"allow":["GET"]}}],"collection":[{"href":"https:\/\/uj.adatbank.ro\/lexikon\/wp-json\/wp\/v2\/product"}],"about":[{"href":"https:\/\/uj.adatbank.ro\/lexikon\/wp-json\/wp\/v2\/types\/product"}],"replies":[{"embeddable":true,"href":"https:\/\/uj.adatbank.ro\/lexikon\/wp-json\/wp\/v2\/comments?post=16018"}],"wp:attachment":[{"href":"https:\/\/uj.adatbank.ro\/lexikon\/wp-json\/wp\/v2\/media?parent=16018"}],"wp:term":[{"taxonomy":"product_brand","embeddable":true,"href":"https:\/\/uj.adatbank.ro\/lexikon\/wp-json\/wp\/v2\/product_brand?post=16018"},{"taxonomy":"product_cat","embeddable":true,"href":"https:\/\/uj.adatbank.ro\/lexikon\/wp-json\/wp\/v2\/product_cat?post=16018"},{"taxonomy":"product_tag","embeddable":true,"href":"https:\/\/uj.adatbank.ro\/lexikon\/wp-json\/wp\/v2\/product_tag?post=16018"}],"curies":[{"name":"wp","href":"https:\/\/api.w.org\/{rel}","templated":true}]}}