{"id":16029,"date":"2025-07-15T16:02:39","date_gmt":"2025-07-15T14:02:39","guid":{"rendered":"https:\/\/uj.adatbank.ro\/lexikon\/termek\/nagy-szekesi-csalad\/"},"modified":"2025-07-15T16:02:39","modified_gmt":"2025-07-15T14:02:39","slug":"nagy-szekesi-csalad","status":"publish","type":"product","link":"https:\/\/uj.adatbank.ro\/lexikon\/termek\/nagy-szekesi-csalad\/","title":{"rendered":"NAGY, sz\u00e9kesi csal\u00e1d"},"content":{"rendered":"<p>N. Gy\u00f6rgy, P\u00e1l \u00e9s Mih\u00e1ly nyert c\u00edmeres nemeslevelet (1602. j\u00fan. 4.); Nemess\u00e9get (1608-ban ); c\u00edmeres levelet R\u00e1k\u00f3czi Gy\u00f6rgyt\u0151l (1631. aug. 2.) nyert. (Szatm\u00e1rm. lt.) Kihird. (1632. jun. 17) Mv.-t.; N. P\u00e1l nemeslevelet kapott (l\u00f3f\u0151s\u00e9get) I. R\u00e1k\u00f3czi Gy\u00f6rgyt\u0151l (1635. aug. 3.); Nemess\u00e9g\u00e9t (1672-ben) igazolta. <br \/><strong>Irod.:<\/strong> P\u00e1lmay<\/br><\/p>\n","protected":false},"excerpt":{"rendered":"<p>N. Gy\u00f6rgy, P\u00e1l \u00e9s Mih\u00e1ly nyert c\u00edmeres nemeslevelet (1602. j\u00fan. 4.); Nemess\u00e9get (1608-ban ); c\u00edmeres levelet R\u00e1k\u00f3czi Gy\u00f6rgyt\u0151l (1631. aug. 2.) nyert. (Szatm\u00e1rm. lt.) Kihird. (1632. jun. 17) Mv.-t.; N. P\u00e1l nemeslevelet kapott (l\u00f3f\u0151s\u00e9get) I. R\u00e1k\u00f3czi Gy\u00f6rgyt\u0151l (1635. aug. 3.); Nemess\u00e9g\u00e9t (1672-ben) igazolta. Irod.: P\u00e1lmay<\/p>\n","protected":false},"featured_media":0,"comment_status":"open","ping_status":"closed","template":"","meta":[],"product_brand":[],"product_cat":[137],"product_tag":[],"class_list":{"0":"post-16029","1":"product","2":"type-product","3":"status-publish","5":"product_cat-maros-megyei-eletrajzi-lexikon","7":"first","8":"instock","9":"shipping-taxable","10":"product-type-simple"},"_links":{"self":[{"href":"https:\/\/uj.adatbank.ro\/lexikon\/wp-json\/wp\/v2\/product\/16029","targetHints":{"allow":["GET"]}}],"collection":[{"href":"https:\/\/uj.adatbank.ro\/lexikon\/wp-json\/wp\/v2\/product"}],"about":[{"href":"https:\/\/uj.adatbank.ro\/lexikon\/wp-json\/wp\/v2\/types\/product"}],"replies":[{"embeddable":true,"href":"https:\/\/uj.adatbank.ro\/lexikon\/wp-json\/wp\/v2\/comments?post=16029"}],"wp:attachment":[{"href":"https:\/\/uj.adatbank.ro\/lexikon\/wp-json\/wp\/v2\/media?parent=16029"}],"wp:term":[{"taxonomy":"product_brand","embeddable":true,"href":"https:\/\/uj.adatbank.ro\/lexikon\/wp-json\/wp\/v2\/product_brand?post=16029"},{"taxonomy":"product_cat","embeddable":true,"href":"https:\/\/uj.adatbank.ro\/lexikon\/wp-json\/wp\/v2\/product_cat?post=16029"},{"taxonomy":"product_tag","embeddable":true,"href":"https:\/\/uj.adatbank.ro\/lexikon\/wp-json\/wp\/v2\/product_tag?post=16029"}],"curies":[{"name":"wp","href":"https:\/\/api.w.org\/{rel}","templated":true}]}}