{"id":16032,"date":"2025-07-15T16:02:43","date_gmt":"2025-07-15T14:02:43","guid":{"rendered":"https:\/\/uj.adatbank.ro\/lexikon\/termek\/nagy-szokefalvi-csalad\/"},"modified":"2025-07-15T16:02:43","modified_gmt":"2025-07-15T14:02:43","slug":"nagy-szokefalvi-csalad","status":"publish","type":"product","link":"https:\/\/uj.adatbank.ro\/lexikon\/termek\/nagy-szokefalvi-csalad\/","title":{"rendered":"NAGY, sz\u0151kefalvi csal\u00e1d"},"content":{"rendered":"<p>K\u00fck\u00fcll\u0151 v\u00e1rmegyei nemes csal\u00e1d. C\u00edmeres levelet Bethlen G\u00e1bort\u00f3l (1626. jun. 6.) N. P\u00e1l nyert. Nemess\u00e9g\u00e9t K\u00fck\u00fcll\u0151v\u00e1rmegy\u00e9ben 1771. igazolta (1771), melyet azt\u00e1n Tordamegye is kihirdetett. A csal\u00e1db\u00f3l L\u0151rinc 1763-ban K\u00fck\u00fcll\u0151megye assessora, majd szolgab\u00edr\u00e1ja, k\u00e9s\u0151bb pedig Mv.-en \u00fcgyv\u00e9deskedett; K\u00e1roly (1799) v\u00e1rmegyei aljegyz\u0151, ut\u00f3bb v\u00e1rmegyei k\u00f6vet, v\u00e9g\u00fcl v\u00e1rmegyei f\u0151jegyz\u0151 (1810). A XIX. sz\u00e1zad elej\u00e9n Andr\u00e1s is nevezett v\u00e1rmegye assessora (t\u00f6rv\u00e9nysz\u00e9ki \u00fcln\u00f6k) volt (1815); Ferenc kir. perceptor, D\u00e1niel kancellista. Zsigmond assessor, v\u00e1rmegyei aljegyz\u0151 \u00e9s perceptor. P\u00e1l (1785\u20131803). K\u00fck\u00fcll\u0151megye asessora; id\u0151sb J\u00f3zsef sz\u00e1mvev\u0151, ifj. J\u00f3zsef (1837-ben), G\u00e1bor (1848. k\u00f6r\u00fcl). kir. \u00fcgy igazgat\u00f3s\u00e1gi irnokok; S\u00e1ndor Kolos megyei iktat\u00f3 \u00e9s t\u0171zifa biztos (1848. k\u00f6r\u0171l). K\u00fck\u00fcll\u0151 megy\u00e9ben birtokosokul fordulnak el\u00e9: Mikl\u00f3s N.-Csergeden, N. S\u00e1mueln\u00e9 \u00e9s mostoha gyermekei Kati, Nina, R\u00f3za, Am\u00e1lia, Ferenc mikesz\u00e1szi birtokosok, Erzs\u00e9bet bir Lodorm\u00e1nyon, S\u00e1ndor Lackodon, \u00d3-Kocs\u00e1rdon. Ezek is t\u00e1n a sz\u0151kefalvi Nagycsal\u00e1d ivad\u00e9kai. A csal\u00e1d Sz\u0151kefalv\u00e1n k\u00edv\u00fcl t\u00f6bb m\u00e1s helyen is birt r\u00e9szj\u00f3sz\u00e1gokat. A csal\u00e1dnak 951 darabb\u00f3l \u00e1ll\u00f3 lev\u00e9lt\u00e1r\u00e1ban t\u00f6bb t\u00f6rt\u00e9neti \u00e9rt\u00e9k\u0171 irat van. A sz\u0151kefalvi Nagy csal\u00e1d egy \u00e1ga kisz\u00e1rmazott Magyarorsz\u00e1gra, hol Gy\u00f6ngy\u00f6s\u00f6n 1788. april. 18 \u00e1n sz\u00fcl. Nagy P\u00e1l, nagyv\u00e1radi ut\u00f3bb Pesten egyetemi tan\u00e1r, \u00e9s b\u00f6lcs\u00e9szeti tudor. 1840-ben a \u201eNemzeti ujs\u00e1got\u201c szerkesztette. Munk\u00e1i 1. B. Simonyi J\u00f3zsef \u00e9lete. 2. Historia pragmatica R. Hung. 3. Hist. universalis. Meghalt 1859. dec. 18-\u00e1n Pozsony v\u00e1rmegy\u00e9ben Eperjesen fi\u00e1n\u00e1l, ki ott pl\u00e9b\u00e1nos volt. <br \/><strong>Irod.:<\/strong> Kempelen; Nagy Iv\u00e1n<\/br><\/p>\n","protected":false},"excerpt":{"rendered":"<p>K\u00fck\u00fcll\u0151 v\u00e1rmegyei nemes csal\u00e1d. C\u00edmeres levelet Bethlen G\u00e1bort\u00f3l (1626. jun. 6.) N. P\u00e1l nyert. Nemess\u00e9g\u00e9t K\u00fck\u00fcll\u0151v\u00e1rmegy\u00e9ben 1771. igazolta (1771), melyet azt\u00e1n Tordamegye is kihirdetett. A csal\u00e1db\u00f3l L\u0151rinc 1763-ban K\u00fck\u00fcll\u0151megye assessora, majd szolgab\u00edr\u00e1ja, k\u00e9s\u0151bb pedig Mv.-en \u00fcgyv\u00e9deskedett; K\u00e1roly (1799) v\u00e1rmegyei aljegyz\u0151, ut\u00f3bb v\u00e1rmegyei k\u00f6vet, v\u00e9g\u00fcl v\u00e1rmegyei f\u0151jegyz\u0151 (1810). A XIX. sz\u00e1zad elej\u00e9n Andr\u00e1s is nevezett v\u00e1rmegye [&hellip;]<\/p>\n","protected":false},"featured_media":0,"comment_status":"open","ping_status":"closed","template":"","meta":[],"product_brand":[],"product_cat":[137],"product_tag":[],"class_list":{"0":"post-16032","1":"product","2":"type-product","3":"status-publish","5":"product_cat-maros-megyei-eletrajzi-lexikon","7":"first","8":"instock","9":"shipping-taxable","10":"product-type-simple"},"_links":{"self":[{"href":"https:\/\/uj.adatbank.ro\/lexikon\/wp-json\/wp\/v2\/product\/16032","targetHints":{"allow":["GET"]}}],"collection":[{"href":"https:\/\/uj.adatbank.ro\/lexikon\/wp-json\/wp\/v2\/product"}],"about":[{"href":"https:\/\/uj.adatbank.ro\/lexikon\/wp-json\/wp\/v2\/types\/product"}],"replies":[{"embeddable":true,"href":"https:\/\/uj.adatbank.ro\/lexikon\/wp-json\/wp\/v2\/comments?post=16032"}],"wp:attachment":[{"href":"https:\/\/uj.adatbank.ro\/lexikon\/wp-json\/wp\/v2\/media?parent=16032"}],"wp:term":[{"taxonomy":"product_brand","embeddable":true,"href":"https:\/\/uj.adatbank.ro\/lexikon\/wp-json\/wp\/v2\/product_brand?post=16032"},{"taxonomy":"product_cat","embeddable":true,"href":"https:\/\/uj.adatbank.ro\/lexikon\/wp-json\/wp\/v2\/product_cat?post=16032"},{"taxonomy":"product_tag","embeddable":true,"href":"https:\/\/uj.adatbank.ro\/lexikon\/wp-json\/wp\/v2\/product_tag?post=16032"}],"curies":[{"name":"wp","href":"https:\/\/api.w.org\/{rel}","templated":true}]}}

NAGY, szőkefalvi család

<p>Küküllő vármegyei nemes család. Címeres levelet Bethlen Gábortól (1626. jun. 6.) N. Pál nyert. Nemességét Küküllővármegyében 1771. igazolta (1771), melyet aztán Tordamegye is kihirdetett. A családból Lőrinc 1763-ban Küküllőmegye assessora, majd szolgabírája, később pedig Mv.-en ügyvédeskedett; Károly (1799) vármegyei aljegyző, utóbb vármegyei követ, végül vármegyei főjegyző (1810). A XIX. század elején András is nevezett vármegye assessora (törvényszéki ülnök) volt (1815); Ferenc kir. perceptor, Dániel kancellista. Zsigmond assessor, vármegyei aljegyző és perceptor. Pál (1785–1803). Küküllőmegye asessora; idősb József számvevő, ifj. József (1837-ben), Gábor (1848. körül). kir. ügy igazgatósági irnokok; Sándor Kolos megyei iktató és tűzifa biztos (1848. körűl). Küküllő megyében birtokosokul fordulnak elé: Miklós N.-Csergeden, N. Sámuelné és mostoha gyermekei Kati, Nina, Róza, Amália, Ferenc mikeszászi birtokosok, Erzsébet bir Lodormányon, Sándor Lackodon, Ó-Kocsárdon. Ezek is tán a szőkefalvi Nagycsalád ivadékai. A család Szőkefalván kívül több más helyen is birt részjószágokat. A családnak 951 darabból álló levéltárában több történeti értékű irat van. A szőkefalvi Nagy család egy ága kiszármazott Magyarországra, hol Gyöngyösön 1788. april. 18 án szül. Nagy Pál, nagyváradi utóbb Pesten egyetemi tanár, és bölcsészeti tudor. 1840-ben a „Nemzeti ujságot“ szerkesztette. Munkái 1. B. Simonyi József élete. 2. Historia pragmatica R. Hung. 3. Hist. universalis. Meghalt 1859. dec. 18-án Pozsony vármegyében Eperjesen fiánál, ki ott plébános volt. <br /><strong>Irod.:</strong> Kempelen; Nagy Iván</br></p>

<p>Küküllő vármegyei nemes család. Címeres levelet Bethlen Gábortól (1626. jun. 6.) N. Pál nyert. Nemességét Küküllővármegyében 1771. igazolta (1771), melyet aztán Tordamegye is kihirdetett. A családból Lőrinc 1763-ban Küküllőmegye assessora, majd szolgabírája, később pedig Mv.-en ügyvédeskedett; Károly (1799) vármegyei aljegyző, utóbb vármegyei követ, végül vármegyei főjegyző (1810). A XIX. század elején András is nevezett vármegye [&hellip;]</p>
