{"id":16038,"date":"2025-07-15T16:02:50","date_gmt":"2025-07-15T14:02:50","guid":{"rendered":"https:\/\/uj.adatbank.ro\/lexikon\/termek\/nagy-adam\/"},"modified":"2025-07-15T16:02:50","modified_gmt":"2025-07-15T14:02:50","slug":"nagy-adam","status":"publish","type":"product","link":"https:\/\/uj.adatbank.ro\/lexikon\/termek\/nagy-adam\/","title":{"rendered":"NAGY \u00c1d\u00e1m"},"content":{"rendered":"<p>Imecsfalva, 1921. okt. 15. \u2020 Mv., ?: naiv fest\u0151. \u2013A mv.-i Ref. Koll.-ban j\u00e1rt majd M\u0171v\u00e9szeti Isk.-t v\u00e9gzett a Gh. Olariu oszt\u00e1ly\u00e1ban. V\u00e1szonra \u00e9s kartonra festett olajfestm\u00e9nyeivel \u00e9s grafik\u00e1ival t\u00f6bb csoportos \u00e9s kollekt\u00edv ki\u00e1ll\u00edt\u00e1son vett r\u00e9szt Mv.-en az Unirea Teremben \u00e9s a v\u00e1rban. Tagja volt a KMMSz-nek (1983\u2013). Alkot\u00e1sai megtal\u00e1lhat\u00f3ak t\u00f6bb hazai, osztr\u00e1k, n\u00e9met, amerikai \u00e9s magyaro.-i mag\u00e1ngy\u0171jtem\u00e9nyben. <br \/><strong>Irod.:<\/strong> Opri\u015f 2018: Opri\u015f-Mure\u015fan: A<\/br><\/p>\n","protected":false},"excerpt":{"rendered":"<p>Imecsfalva, 1921. okt. 15. \u2020 Mv., ?: naiv fest\u0151. \u2013A mv.-i Ref. Koll.-ban j\u00e1rt majd M\u0171v\u00e9szeti Isk.-t v\u00e9gzett a Gh. Olariu oszt\u00e1ly\u00e1ban. V\u00e1szonra \u00e9s kartonra festett olajfestm\u00e9nyeivel \u00e9s grafik\u00e1ival t\u00f6bb csoportos \u00e9s kollekt\u00edv ki\u00e1ll\u00edt\u00e1son vett r\u00e9szt Mv.-en az Unirea Teremben \u00e9s a v\u00e1rban. Tagja volt a KMMSz-nek (1983\u2013). Alkot\u00e1sai megtal\u00e1lhat\u00f3ak t\u00f6bb hazai, osztr\u00e1k, n\u00e9met, amerikai [&hellip;]<\/p>\n","protected":false},"featured_media":0,"comment_status":"open","ping_status":"closed","template":"","meta":[],"product_brand":[],"product_cat":[137],"product_tag":[],"class_list":{"0":"post-16038","1":"product","2":"type-product","3":"status-publish","5":"product_cat-maros-megyei-eletrajzi-lexikon","7":"first","8":"instock","9":"shipping-taxable","10":"product-type-simple"},"_links":{"self":[{"href":"https:\/\/uj.adatbank.ro\/lexikon\/wp-json\/wp\/v2\/product\/16038","targetHints":{"allow":["GET"]}}],"collection":[{"href":"https:\/\/uj.adatbank.ro\/lexikon\/wp-json\/wp\/v2\/product"}],"about":[{"href":"https:\/\/uj.adatbank.ro\/lexikon\/wp-json\/wp\/v2\/types\/product"}],"replies":[{"embeddable":true,"href":"https:\/\/uj.adatbank.ro\/lexikon\/wp-json\/wp\/v2\/comments?post=16038"}],"wp:attachment":[{"href":"https:\/\/uj.adatbank.ro\/lexikon\/wp-json\/wp\/v2\/media?parent=16038"}],"wp:term":[{"taxonomy":"product_brand","embeddable":true,"href":"https:\/\/uj.adatbank.ro\/lexikon\/wp-json\/wp\/v2\/product_brand?post=16038"},{"taxonomy":"product_cat","embeddable":true,"href":"https:\/\/uj.adatbank.ro\/lexikon\/wp-json\/wp\/v2\/product_cat?post=16038"},{"taxonomy":"product_tag","embeddable":true,"href":"https:\/\/uj.adatbank.ro\/lexikon\/wp-json\/wp\/v2\/product_tag?post=16038"}],"curies":[{"name":"wp","href":"https:\/\/api.w.org\/{rel}","templated":true}]}}

NAGY Ádám

<p>Imecsfalva, 1921. okt. 15. † Mv., ?: naiv festő. –A mv.-i Ref. Koll.-ban járt majd Művészeti Isk.-t végzett a Gh. Olariu osztályában. Vászonra és kartonra festett olajfestményeivel és grafikáival több csoportos és kollektív kiállításon vett részt Mv.-en az Unirea Teremben és a várban. Tagja volt a KMMSz-nek (1983–). Alkotásai megtalálhatóak több hazai, osztrák, német, amerikai és magyaro.-i magángyűjteményben. <br /><strong>Irod.:</strong> Opriş 2018: Opriş-Mureşan: A</br></p>

<p>Imecsfalva, 1921. okt. 15. † Mv., ?: naiv festő. –A mv.-i Ref. Koll.-ban járt majd Művészeti Isk.-t végzett a Gh. Olariu osztályában. Vászonra és kartonra festett olajfestményeivel és grafikáival több csoportos és kollektív kiállításon vett részt Mv.-en az Unirea Teremben és a várban. Tagja volt a KMMSz-nek (1983–). Alkotásai megtalálhatóak több hazai, osztrák, német, amerikai [&hellip;]</p>
