{"id":16057,"date":"2025-07-15T16:03:30","date_gmt":"2025-07-15T14:03:30","guid":{"rendered":"https:\/\/uj.adatbank.ro\/lexikon\/termek\/nagy-andras-5\/"},"modified":"2025-07-15T16:03:30","modified_gmt":"2025-07-15T14:03:30","slug":"nagy-andras-5","status":"publish","type":"product","link":"https:\/\/uj.adatbank.ro\/lexikon\/termek\/nagy-andras-5\/","title":{"rendered":"NAGY Andr\u00e1s"},"content":{"rendered":"<p>1846. j\u00fal. 12., \u2020 Kiskend, 1892 m\u00e1j. 15, : ref. lelk\u00e9sz. \u2013 Kiskenden szolg\u00e1lt (1878 m\u00e1j.11-hal\u00e1l\u00e1ig). Lelkiismeretesen v\u00e9gezte papi teend\u0151it, irodai munk\u00e1j\u00e1t. Az \u0151 szolg\u00e1lata ideje alatt t\u00f6rt\u00e9nt meg a falu \u00e1ttelep\u00fcl\u00e9se, ugyanis az\u00e1rv\u00edz \u00f3ri\u00e1si k\u00e1rokat okozott (1879). Ekkor hat\u00e1rozt\u00e1k el, h. \u00e1tk\u00f6lt\u00f6znek a Kapuszeri nev\u0171 orsz\u00e1g\u00fat melletti emelkedettebb helyre. A k\u00f6v. \u00e9vt\u0151l kezdve meg is kezd\u0151d\u00f6tt a kihurcolkod\u00e1s. A lelk\u00e9sz is tev\u00e9kenyen vett r\u00e9szt az \u00e1ttelep\u00fcl\u00e9s neh\u00e9z munk\u00e1j\u00e1ban. Buzd\u00edt\u00e1s\u00e1ra a m\u00f3dosabbak, az ig\u00e1s \u00e1llattal rendelkez\u0151k seg\u00edtettek a szeg\u00e9nyebbeknek. Az ekl\u00e9zsia is \u00faj telket kapott az \u00faj k\u00f6zs\u00e9g ter\u00fclet\u00e9n (1881). R\u00f6vid betegesked\u00e9s ut\u00e1n h\u00fanyt el, ott is temett\u00e9k el. <br \/><strong>Irod.:<\/strong> Kend \u00e9s egyh\u00e1za<\/br><\/p>\n","protected":false},"excerpt":{"rendered":"<p>1846. j\u00fal. 12., \u2020 Kiskend, 1892 m\u00e1j. 15, : ref. lelk\u00e9sz. \u2013 Kiskenden szolg\u00e1lt (1878 m\u00e1j.11-hal\u00e1l\u00e1ig). Lelkiismeretesen v\u00e9gezte papi teend\u0151it, irodai munk\u00e1j\u00e1t. Az \u0151 szolg\u00e1lata ideje alatt t\u00f6rt\u00e9nt meg a falu \u00e1ttelep\u00fcl\u00e9se, ugyanis az\u00e1rv\u00edz \u00f3ri\u00e1si k\u00e1rokat okozott (1879). Ekkor hat\u00e1rozt\u00e1k el, h. \u00e1tk\u00f6lt\u00f6znek a Kapuszeri nev\u0171 orsz\u00e1g\u00fat melletti emelkedettebb helyre. A k\u00f6v. \u00e9vt\u0151l kezdve meg [&hellip;]<\/p>\n","protected":false},"featured_media":0,"comment_status":"open","ping_status":"closed","template":"","meta":[],"product_brand":[],"product_cat":[137],"product_tag":[],"class_list":{"0":"post-16057","1":"product","2":"type-product","3":"status-publish","5":"product_cat-maros-megyei-eletrajzi-lexikon","7":"first","8":"instock","9":"shipping-taxable","10":"product-type-simple"},"_links":{"self":[{"href":"https:\/\/uj.adatbank.ro\/lexikon\/wp-json\/wp\/v2\/product\/16057","targetHints":{"allow":["GET"]}}],"collection":[{"href":"https:\/\/uj.adatbank.ro\/lexikon\/wp-json\/wp\/v2\/product"}],"about":[{"href":"https:\/\/uj.adatbank.ro\/lexikon\/wp-json\/wp\/v2\/types\/product"}],"replies":[{"embeddable":true,"href":"https:\/\/uj.adatbank.ro\/lexikon\/wp-json\/wp\/v2\/comments?post=16057"}],"wp:attachment":[{"href":"https:\/\/uj.adatbank.ro\/lexikon\/wp-json\/wp\/v2\/media?parent=16057"}],"wp:term":[{"taxonomy":"product_brand","embeddable":true,"href":"https:\/\/uj.adatbank.ro\/lexikon\/wp-json\/wp\/v2\/product_brand?post=16057"},{"taxonomy":"product_cat","embeddable":true,"href":"https:\/\/uj.adatbank.ro\/lexikon\/wp-json\/wp\/v2\/product_cat?post=16057"},{"taxonomy":"product_tag","embeddable":true,"href":"https:\/\/uj.adatbank.ro\/lexikon\/wp-json\/wp\/v2\/product_tag?post=16057"}],"curies":[{"name":"wp","href":"https:\/\/api.w.org\/{rel}","templated":true}]}}

NAGY András

<p>1846. júl. 12., † Kiskend, 1892 máj. 15, : ref. lelkész. – Kiskenden szolgált (1878 máj.11-haláláig). Lelkiismeretesen végezte papi teendőit, irodai munkáját. Az ő szolgálata ideje alatt történt meg a falu áttelepülése, ugyanis azárvíz óriási károkat okozott (1879). Ekkor határozták el, h. átköltöznek a Kapuszeri nevű országút melletti emelkedettebb helyre. A köv. évtől kezdve meg is kezdődött a kihurcolkodás. A lelkész is tevékenyen vett részt az áttelepülés nehéz munkájában. Buzdítására a módosabbak, az igás állattal rendelkezők segítettek a szegényebbeknek. Az eklézsia is új telket kapott az új község területén (1881). Rövid betegeskedés után húnyt el, ott is temették el. <br /><strong>Irod.:</strong> Kend és egyháza</br></p>

<p>1846. júl. 12., † Kiskend, 1892 máj. 15, : ref. lelkész. – Kiskenden szolgált (1878 máj.11-haláláig). Lelkiismeretesen végezte papi teendőit, irodai munkáját. Az ő szolgálata ideje alatt történt meg a falu áttelepülése, ugyanis azárvíz óriási károkat okozott (1879). Ekkor határozták el, h. átköltöznek a Kapuszeri nevű országút melletti emelkedettebb helyre. A köv. évtől kezdve meg [&hellip;]</p>
