{"id":16061,"date":"2025-07-15T16:03:37","date_gmt":"2025-07-15T14:03:37","guid":{"rendered":"https:\/\/uj.adatbank.ro\/lexikon\/termek\/nagy-andras-bodosi\/"},"modified":"2025-07-15T16:03:37","modified_gmt":"2025-07-15T14:03:37","slug":"nagy-andras-bodosi","status":"publish","type":"product","link":"https:\/\/uj.adatbank.ro\/lexikon\/termek\/nagy-andras-bodosi\/","title":{"rendered":"NAGY Andr\u00e1s, b\u00f3dosi"},"content":{"rendered":"<p>Beszterce, 1878., \u2020 ?: tb. f\u0151szolgab\u00edr\u00f3, f\u00f6ldbirtokos. \u2013 Tanulm\u00e1nyait \u00e9s az egyetemet Kv.-on v\u00e9gezte, majd k\u00f6zigazgat\u00e1si p\u00e1ly\u00e1n m\u0171k\u00f6d\u00f6tt: volt tb. f\u0151szolgab\u00edr\u00f3 Ny\u00e1r\u00e1dszered\u00e1ban \u00e9s Mv.-en t\u00f6rv\u00e9nysz\u00e9ki joggyakornok, majd nyugd\u00edjazt\u00e1k (1918). Azut\u00e1n gazd\u00e1lkodott Magyarp\u00e9terlak\u00e1n. Az els\u0151 vh.-ban a 22. h. gy. ezredben harcolt. A Hitelsz\u00f6vetkezet igazgat\u00f3s\u00e1gi tagja, minden kultur\u00e1lis egyes\u00fclet t\u00e1mogat\u00f3ja volt.. <br \/><strong>Irod.:<\/strong> Sz\u00e9kelyf\u00f6ld \u00ed.k.<\/br><\/p>\n","protected":false},"excerpt":{"rendered":"<p>Beszterce, 1878., \u2020 ?: tb. f\u0151szolgab\u00edr\u00f3, f\u00f6ldbirtokos. \u2013 Tanulm\u00e1nyait \u00e9s az egyetemet Kv.-on v\u00e9gezte, majd k\u00f6zigazgat\u00e1si p\u00e1ly\u00e1n m\u0171k\u00f6d\u00f6tt: volt tb. f\u0151szolgab\u00edr\u00f3 Ny\u00e1r\u00e1dszered\u00e1ban \u00e9s Mv.-en t\u00f6rv\u00e9nysz\u00e9ki joggyakornok, majd nyugd\u00edjazt\u00e1k (1918). Azut\u00e1n gazd\u00e1lkodott Magyarp\u00e9terlak\u00e1n. Az els\u0151 vh.-ban a 22. h. gy. ezredben harcolt. A Hitelsz\u00f6vetkezet igazgat\u00f3s\u00e1gi tagja, minden kultur\u00e1lis egyes\u00fclet t\u00e1mogat\u00f3ja volt.. Irod.: Sz\u00e9kelyf\u00f6ld \u00ed.k.<\/p>\n","protected":false},"featured_media":0,"comment_status":"open","ping_status":"closed","template":"","meta":[],"product_brand":[],"product_cat":[137],"product_tag":[],"class_list":{"0":"post-16061","1":"product","2":"type-product","3":"status-publish","5":"product_cat-maros-megyei-eletrajzi-lexikon","7":"first","8":"instock","9":"shipping-taxable","10":"product-type-simple"},"_links":{"self":[{"href":"https:\/\/uj.adatbank.ro\/lexikon\/wp-json\/wp\/v2\/product\/16061","targetHints":{"allow":["GET"]}}],"collection":[{"href":"https:\/\/uj.adatbank.ro\/lexikon\/wp-json\/wp\/v2\/product"}],"about":[{"href":"https:\/\/uj.adatbank.ro\/lexikon\/wp-json\/wp\/v2\/types\/product"}],"replies":[{"embeddable":true,"href":"https:\/\/uj.adatbank.ro\/lexikon\/wp-json\/wp\/v2\/comments?post=16061"}],"wp:attachment":[{"href":"https:\/\/uj.adatbank.ro\/lexikon\/wp-json\/wp\/v2\/media?parent=16061"}],"wp:term":[{"taxonomy":"product_brand","embeddable":true,"href":"https:\/\/uj.adatbank.ro\/lexikon\/wp-json\/wp\/v2\/product_brand?post=16061"},{"taxonomy":"product_cat","embeddable":true,"href":"https:\/\/uj.adatbank.ro\/lexikon\/wp-json\/wp\/v2\/product_cat?post=16061"},{"taxonomy":"product_tag","embeddable":true,"href":"https:\/\/uj.adatbank.ro\/lexikon\/wp-json\/wp\/v2\/product_tag?post=16061"}],"curies":[{"name":"wp","href":"https:\/\/api.w.org\/{rel}","templated":true}]}}

NAGY András, bódosi

<p>Beszterce, 1878., † ?: tb. főszolgabíró, földbirtokos. – Tanulmányait és az egyetemet Kv.-on végezte, majd közigazgatási pályán működött: volt tb. főszolgabíró Nyárádszeredában és Mv.-en törvényszéki joggyakornok, majd nyugdíjazták (1918). Azután gazdálkodott Magyarpéterlakán. Az első vh.-ban a 22. h. gy. ezredben harcolt. A Hitelszövetkezet igazgatósági tagja, minden kulturális egyesület támogatója volt.. <br /><strong>Irod.:</strong> Székelyföld í.k.</br></p>

<p>Beszterce, 1878., † ?: tb. főszolgabíró, földbirtokos. – Tanulmányait és az egyetemet Kv.-on végezte, majd közigazgatási pályán működött: volt tb. főszolgabíró Nyárádszeredában és Mv.-en törvényszéki joggyakornok, majd nyugdíjazták (1918). Azután gazdálkodott Magyarpéterlakán. Az első vh.-ban a 22. h. gy. ezredben harcolt. A Hitelszövetkezet igazgatósági tagja, minden kulturális egyesület támogatója volt.. Irod.: Székelyföld í.k.</p>
