{"id":16063,"date":"2025-07-15T16:03:40","date_gmt":"2025-07-15T14:03:40","guid":{"rendered":"https:\/\/uj.adatbank.ro\/lexikon\/termek\/nagy-antal\/"},"modified":"2025-07-15T16:03:40","modified_gmt":"2025-07-15T14:03:40","slug":"nagy-antal","status":"publish","type":"product","link":"https:\/\/uj.adatbank.ro\/lexikon\/termek\/nagy-antal\/","title":{"rendered":"NAGY Antal"},"content":{"rendered":"<p>1808., \u2020 Mv., 1901: tan\u00edt\u00f3, k\u00e1ntor. \u2013 Feles\u00e9ge: Kov\u00e1cs Eszter (1807 \u2013 Mv., 1860. dec. 10.). Gyermekeik: N. Lilla Varr\u00f3 J\u00f3zsefn\u00e9; Eszter; M\u00e1ria; R\u00f3za. \u2013 Val\u00f3sz\u00edn\u0171 \u0151 az a N. A., aki Csittszentiv\u00e1non volt k\u00e1ntortan\u00edt\u00f3 (1831\u201335). Mv.-en Barab\u00e1s J\u00e1nos rektorral egy\u00fctt a Kistemplom \u00e9s a Szentgy\u00f6rgy utcai fi\u00faiskol\u00e1ban tan\u00edtottak. A MT megyei \u00c1ltal\u00e1nos Tan\u00edt\u00f3egyes\u00fclet alap\u00edt\u00f3 tagja. 54 \u00e9vet t\u00f6lt\u00f6tt a p\u00e1ly\u00e1n ez\u00e9rt a kir\u00e1lyt\u00f3l az Arany \u00c9rdemkereszt kit\u00fcnt\u00e9st kapta (1887. m\u00e1rc. 27.). <br \/><strong>Irod.:<\/strong> B\u00f6jthe Andor: A G\u00f6rg\u00e9nyi ev. ref. egyh\u00e1zmegye t\u00f6rt\u00e9nete [k\u00e9zirat]; Csittszentiv\u00e1n; Eml\u00e9kk\u00f6nyv; Gy\u00e1szjelent\u0151; L\u00e9n\u00e1rt J\u00f3zsef: Eml\u00e9klap Nagy Antal mv.-i ev. ref. tan\u00edt\u00f3nak arany \u00e9rdemkereszttel kit\u0171ntet\u00e9se alkalm\u00e1b\u00f3l 1887 m\u00e1rc. 27. (Mv., 1887); P\u00e1lmay J\u00f3zsef<\/br><\/p>\n","protected":false},"excerpt":{"rendered":"<p>1808., \u2020 Mv., 1901: tan\u00edt\u00f3, k\u00e1ntor. \u2013 Feles\u00e9ge: Kov\u00e1cs Eszter (1807 \u2013 Mv., 1860. dec. 10.). Gyermekeik: N. Lilla Varr\u00f3 J\u00f3zsefn\u00e9; Eszter; M\u00e1ria; R\u00f3za. \u2013 Val\u00f3sz\u00edn\u0171 \u0151 az a N. A., aki Csittszentiv\u00e1non volt k\u00e1ntortan\u00edt\u00f3 (1831\u201335). Mv.-en Barab\u00e1s J\u00e1nos rektorral egy\u00fctt a Kistemplom \u00e9s a Szentgy\u00f6rgy utcai fi\u00faiskol\u00e1ban tan\u00edtottak. A MT megyei \u00c1ltal\u00e1nos Tan\u00edt\u00f3egyes\u00fclet alap\u00edt\u00f3 [&hellip;]<\/p>\n","protected":false},"featured_media":0,"comment_status":"open","ping_status":"closed","template":"","meta":[],"product_brand":[],"product_cat":[137],"product_tag":[],"class_list":{"0":"post-16063","1":"product","2":"type-product","3":"status-publish","5":"product_cat-maros-megyei-eletrajzi-lexikon","7":"first","8":"instock","9":"shipping-taxable","10":"product-type-simple"},"_links":{"self":[{"href":"https:\/\/uj.adatbank.ro\/lexikon\/wp-json\/wp\/v2\/product\/16063","targetHints":{"allow":["GET"]}}],"collection":[{"href":"https:\/\/uj.adatbank.ro\/lexikon\/wp-json\/wp\/v2\/product"}],"about":[{"href":"https:\/\/uj.adatbank.ro\/lexikon\/wp-json\/wp\/v2\/types\/product"}],"replies":[{"embeddable":true,"href":"https:\/\/uj.adatbank.ro\/lexikon\/wp-json\/wp\/v2\/comments?post=16063"}],"wp:attachment":[{"href":"https:\/\/uj.adatbank.ro\/lexikon\/wp-json\/wp\/v2\/media?parent=16063"}],"wp:term":[{"taxonomy":"product_brand","embeddable":true,"href":"https:\/\/uj.adatbank.ro\/lexikon\/wp-json\/wp\/v2\/product_brand?post=16063"},{"taxonomy":"product_cat","embeddable":true,"href":"https:\/\/uj.adatbank.ro\/lexikon\/wp-json\/wp\/v2\/product_cat?post=16063"},{"taxonomy":"product_tag","embeddable":true,"href":"https:\/\/uj.adatbank.ro\/lexikon\/wp-json\/wp\/v2\/product_tag?post=16063"}],"curies":[{"name":"wp","href":"https:\/\/api.w.org\/{rel}","templated":true}]}}

<p>1808., † Mv., 1901: tanító, kántor. – Felesége: Kovács Eszter (1807 – Mv., 1860. dec. 10.). Gyermekeik: N. Lilla Varró Józsefné; Eszter; Mária; Róza. – Valószínű ő az a N. A., aki Csittszentivánon volt kántortanító (1831–35). Mv.-en Barabás János rektorral együtt a Kistemplom és a Szentgyörgy utcai fiúiskolában tanítottak. A MT megyei Általános Tanítóegyesület alapító tagja. 54 évet töltött a pályán ezért a királytól az Arany Érdemkereszt kitüntést kapta (1887. márc. 27.). <br /><strong>Irod.:</strong> Böjthe Andor: A Görgényi ev. ref. egyházmegye története [kézirat]; Csittszentiván; Emlékkönyv; Gyászjelentő; Lénárt József: Emléklap Nagy Antal mv.-i ev. ref. tanítónak arany érdemkereszttel kitűntetése alkalmából 1887 márc. 27. (Mv., 1887); Pálmay József</br></p>

<p>1808., † Mv., 1901: tanító, kántor. – Felesége: Kovács Eszter (1807 – Mv., 1860. dec. 10.). Gyermekeik: N. Lilla Varró Józsefné; Eszter; Mária; Róza. – Valószínű ő az a N. A., aki Csittszentivánon volt kántortanító (1831–35). Mv.-en Barabás János rektorral együtt a Kistemplom és a Szentgyörgy utcai fiúiskolában tanítottak. A MT megyei Általános Tanítóegyesület alapító [&hellip;]</p>
