{"id":16071,"date":"2025-07-15T16:03:56","date_gmt":"2025-07-15T14:03:56","guid":{"rendered":"https:\/\/uj.adatbank.ro\/lexikon\/termek\/nagy-arpad-kali-kaali-nagy-arpad\/"},"modified":"2025-07-15T16:03:56","modified_gmt":"2025-07-15T14:03:56","slug":"nagy-arpad-kali-kaali-nagy-arpad","status":"publish","type":"product","link":"https:\/\/uj.adatbank.ro\/lexikon\/termek\/nagy-arpad-kali-kaali-nagy-arpad\/","title":{"rendered":"NAGY \u00c1rp\u00e1d, k\u00e1li, Ka\u00e1li Nagy \u00c1rp\u00e1d"},"content":{"rendered":"<p>Maroskereszt\u00far, 1885., \u2020 1936. j\u00fan. 13.: f\u00f6ldbirtokos, th. f\u0151szolgab\u00edr\u00f3. \u2013 Tanulm\u00e1nyait Kv.-on a jogakad\u00e9mi\u00e1n v\u00e9gezte. P\u00e1lyafut\u00e1s\u00e1t a k\u00f6zigazgat\u00e1sban kezte, th. f\u0151szolgab\u00edr\u00f3 volt Mv.-en. Sz\u00e9kelyk\u00e1lban 600 hold f\u00f6ldje volt. Az I. vh.-ban mint tart. hadnagy harcolt, felment\u00e9ssel t\u00e9rt haza. Az Egys\u00e9ges M. P\u00e1rt mv.-i szervezet\u00e9nek vezet\u0151s\u00e9gi tagja (1922), majd az OMP k\u00e9pvisel\u0151jel\u00f6ltje (1926). K\u00fari\u00e1ja volt Sz\u00e9kelyk\u00e1l k\u00f6zpontj\u00e1ban, amit a n\u00e9metek felgy\u00fajtottak visszavonul\u00e1suk sor\u00e1n (1944). <br \/><strong>Irod.:<\/strong> Berekm\u00e9ri Edmond: A m\u00faltr\u00f3l besz\u00e9lgett\u00fcnk (V\u00e1s\u00e1rhelyi H\u00edrlap, 2010. szept. 20.); Erd\u00e9lyi v\u00e1rmegy\u00e9k; Filep; Id\u0151t\u00e1r 3; Keresztes Gyula: \u00d6r\u00f6ks\u00e9g\u00fcnk 67.: Udvarh\u00e1zak a Maros v\u00f6lgy\u00e9ben (N\u00fa., 1994. nov. 12.); Sz\u00e9kelyf\u00f6ld \u00ed.k.<\/br><\/p>\n","protected":false},"excerpt":{"rendered":"<p>Maroskereszt\u00far, 1885., \u2020 1936. j\u00fan. 13.: f\u00f6ldbirtokos, th. f\u0151szolgab\u00edr\u00f3. \u2013 Tanulm\u00e1nyait Kv.-on a jogakad\u00e9mi\u00e1n v\u00e9gezte. P\u00e1lyafut\u00e1s\u00e1t a k\u00f6zigazgat\u00e1sban kezte, th. f\u0151szolgab\u00edr\u00f3 volt Mv.-en. Sz\u00e9kelyk\u00e1lban 600 hold f\u00f6ldje volt. Az I. vh.-ban mint tart. hadnagy harcolt, felment\u00e9ssel t\u00e9rt haza. Az Egys\u00e9ges M. P\u00e1rt mv.-i szervezet\u00e9nek vezet\u0151s\u00e9gi tagja (1922), majd az OMP k\u00e9pvisel\u0151jel\u00f6ltje (1926). K\u00fari\u00e1ja volt Sz\u00e9kelyk\u00e1l [&hellip;]<\/p>\n","protected":false},"featured_media":0,"comment_status":"open","ping_status":"closed","template":"","meta":[],"product_brand":[],"product_cat":[137],"product_tag":[],"class_list":{"0":"post-16071","1":"product","2":"type-product","3":"status-publish","5":"product_cat-maros-megyei-eletrajzi-lexikon","7":"first","8":"instock","9":"shipping-taxable","10":"product-type-simple"},"_links":{"self":[{"href":"https:\/\/uj.adatbank.ro\/lexikon\/wp-json\/wp\/v2\/product\/16071","targetHints":{"allow":["GET"]}}],"collection":[{"href":"https:\/\/uj.adatbank.ro\/lexikon\/wp-json\/wp\/v2\/product"}],"about":[{"href":"https:\/\/uj.adatbank.ro\/lexikon\/wp-json\/wp\/v2\/types\/product"}],"replies":[{"embeddable":true,"href":"https:\/\/uj.adatbank.ro\/lexikon\/wp-json\/wp\/v2\/comments?post=16071"}],"wp:attachment":[{"href":"https:\/\/uj.adatbank.ro\/lexikon\/wp-json\/wp\/v2\/media?parent=16071"}],"wp:term":[{"taxonomy":"product_brand","embeddable":true,"href":"https:\/\/uj.adatbank.ro\/lexikon\/wp-json\/wp\/v2\/product_brand?post=16071"},{"taxonomy":"product_cat","embeddable":true,"href":"https:\/\/uj.adatbank.ro\/lexikon\/wp-json\/wp\/v2\/product_cat?post=16071"},{"taxonomy":"product_tag","embeddable":true,"href":"https:\/\/uj.adatbank.ro\/lexikon\/wp-json\/wp\/v2\/product_tag?post=16071"}],"curies":[{"name":"wp","href":"https:\/\/api.w.org\/{rel}","templated":true}]}}

NAGY Árpád, káli, Kaáli Nagy Árpád

<p>Maroskeresztúr, 1885., † 1936. jún. 13.: földbirtokos, th. főszolgabíró. – Tanulmányait Kv.-on a jogakadémián végezte. Pályafutását a közigazgatásban kezte, th. főszolgabíró volt Mv.-en. Székelykálban 600 hold földje volt. Az I. vh.-ban mint tart. hadnagy harcolt, felmentéssel tért haza. Az Egységes M. Párt mv.-i szervezetének vezetőségi tagja (1922), majd az OMP képviselőjelöltje (1926). Kúriája volt Székelykál központjában, amit a németek felgyújtottak visszavonulásuk során (1944). <br /><strong>Irod.:</strong> Berekméri Edmond: A múltról beszélgettünk (Vásárhelyi Hírlap, 2010. szept. 20.); Erdélyi vármegyék; Filep; Időtár 3; Keresztes Gyula: Örökségünk 67.: Udvarházak a Maros völgyében (Nú., 1994. nov. 12.); Székelyföld í.k.</br></p>

<p>Maroskeresztúr, 1885., † 1936. jún. 13.: földbirtokos, th. főszolgabíró. – Tanulmányait Kv.-on a jogakadémián végezte. Pályafutását a közigazgatásban kezte, th. főszolgabíró volt Mv.-en. Székelykálban 600 hold földje volt. Az I. vh.-ban mint tart. hadnagy harcolt, felmentéssel tért haza. Az Egységes M. Párt mv.-i szervezetének vezetőségi tagja (1922), majd az OMP képviselőjelöltje (1926). Kúriája volt Székelykál [&hellip;]</p>
