{"id":16072,"date":"2025-07-15T16:03:58","date_gmt":"2025-07-15T14:03:58","guid":{"rendered":"https:\/\/uj.adatbank.ro\/lexikon\/termek\/nagy-attila\/"},"modified":"2025-07-15T16:03:58","modified_gmt":"2025-07-15T14:03:58","slug":"nagy-attila","status":"publish","type":"product","link":"https:\/\/uj.adatbank.ro\/lexikon\/termek\/nagy-attila\/","title":{"rendered":"NAGY Attila"},"content":{"rendered":"<p>N\u00e1zn\u00e1nfalva, 1926. j\u00fan. 28., \u2020 ?: orvos, tan\u00e1r. \u2013 Tanult Mv.-en az OGYI-n (\u20131951). Orvos Torj\u00e1n (1951\u201353), Nagyenyeden (1953\u201355), Mv.-en az I. sz. Gyermekklinik\u00e1n (1957\u201373), a T\u00fcd\u0151klinika szakorvosa (1957\u201393), f\u0151orvos, oszt\u00e1lyvezet\u0151; tan\u00edtott az OGYI-n (1985\u2013) k\u00e9t \u00e9vtizeden \u00e1t; a Ref. Diakoniszai Asszisztensk\u00e9pz\u0151 F\u0151iskola igazgat\u00f3ja (1992\u2013), k\u00e9nyszernyugd\u00edjaz\u00e1s\u00e1ig. <br \/><strong>Irod.:<\/strong> APM Todea 2013; Genersich; \u00c1br\u00e1m Zolt\u00e1n:B\u00facs\u00fa id. Dr. Nagy Attil\u00e1t\u00f3l (N\u00fa., 2023. m\u00e1rc.6.)<\/br><\/p>\n","protected":false},"excerpt":{"rendered":"<p>N\u00e1zn\u00e1nfalva, 1926. j\u00fan. 28., \u2020 ?: orvos, tan\u00e1r. \u2013 Tanult Mv.-en az OGYI-n (\u20131951). Orvos Torj\u00e1n (1951\u201353), Nagyenyeden (1953\u201355), Mv.-en az I. sz. Gyermekklinik\u00e1n (1957\u201373), a T\u00fcd\u0151klinika szakorvosa (1957\u201393), f\u0151orvos, oszt\u00e1lyvezet\u0151; tan\u00edtott az OGYI-n (1985\u2013) k\u00e9t \u00e9vtizeden \u00e1t; a Ref. Diakoniszai Asszisztensk\u00e9pz\u0151 F\u0151iskola igazgat\u00f3ja (1992\u2013), k\u00e9nyszernyugd\u00edjaz\u00e1s\u00e1ig. Irod.: APM Todea 2013; Genersich; \u00c1br\u00e1m Zolt\u00e1n:B\u00facs\u00fa id. Dr. [&hellip;]<\/p>\n","protected":false},"featured_media":0,"comment_status":"open","ping_status":"closed","template":"","meta":[],"product_brand":[],"product_cat":[137],"product_tag":[],"class_list":{"0":"post-16072","1":"product","2":"type-product","3":"status-publish","5":"product_cat-maros-megyei-eletrajzi-lexikon","7":"first","8":"instock","9":"shipping-taxable","10":"product-type-simple"},"_links":{"self":[{"href":"https:\/\/uj.adatbank.ro\/lexikon\/wp-json\/wp\/v2\/product\/16072","targetHints":{"allow":["GET"]}}],"collection":[{"href":"https:\/\/uj.adatbank.ro\/lexikon\/wp-json\/wp\/v2\/product"}],"about":[{"href":"https:\/\/uj.adatbank.ro\/lexikon\/wp-json\/wp\/v2\/types\/product"}],"replies":[{"embeddable":true,"href":"https:\/\/uj.adatbank.ro\/lexikon\/wp-json\/wp\/v2\/comments?post=16072"}],"wp:attachment":[{"href":"https:\/\/uj.adatbank.ro\/lexikon\/wp-json\/wp\/v2\/media?parent=16072"}],"wp:term":[{"taxonomy":"product_brand","embeddable":true,"href":"https:\/\/uj.adatbank.ro\/lexikon\/wp-json\/wp\/v2\/product_brand?post=16072"},{"taxonomy":"product_cat","embeddable":true,"href":"https:\/\/uj.adatbank.ro\/lexikon\/wp-json\/wp\/v2\/product_cat?post=16072"},{"taxonomy":"product_tag","embeddable":true,"href":"https:\/\/uj.adatbank.ro\/lexikon\/wp-json\/wp\/v2\/product_tag?post=16072"}],"curies":[{"name":"wp","href":"https:\/\/api.w.org\/{rel}","templated":true}]}}

<p>Náznánfalva, 1926. jún. 28., † ?: orvos, tanár. – Tanult Mv.-en az OGYI-n (–1951). Orvos Torján (1951–53), Nagyenyeden (1953–55), Mv.-en az I. sz. Gyermekklinikán (1957–73), a Tüdőklinika szakorvosa (1957–93), főorvos, osztályvezető; tanított az OGYI-n (1985–) két évtizeden át; a Ref. Diakoniszai Asszisztensképző Főiskola igazgatója (1992–), kényszernyugdíjazásáig. <br /><strong>Irod.:</strong> APM Todea 2013; Genersich; Ábrám Zoltán:Búcsú id. Dr. Nagy Attilától (Nú., 2023. márc.6.)</br></p>

<p>Náznánfalva, 1926. jún. 28., † ?: orvos, tanár. – Tanult Mv.-en az OGYI-n (–1951). Orvos Torján (1951–53), Nagyenyeden (1953–55), Mv.-en az I. sz. Gyermekklinikán (1957–73), a Tüdőklinika szakorvosa (1957–93), főorvos, osztályvezető; tanított az OGYI-n (1985–) két évtizeden át; a Ref. Diakoniszai Asszisztensképző Főiskola igazgatója (1992–), kényszernyugdíjazásáig. Irod.: APM Todea 2013; Genersich; Ábrám Zoltán:Búcsú id. Dr. [&hellip;]</p>
