{"id":16074,"date":"2025-07-15T16:04:01","date_gmt":"2025-07-15T14:04:01","guid":{"rendered":"https:\/\/uj.adatbank.ro\/lexikon\/termek\/nagy-bela\/"},"modified":"2025-07-15T16:04:01","modified_gmt":"2025-07-15T14:04:01","slug":"nagy-bela","status":"publish","type":"product","link":"https:\/\/uj.adatbank.ro\/lexikon\/termek\/nagy-bela\/","title":{"rendered":"NAGY B\u00e9la"},"content":{"rendered":"<p>Iszl\u00f3, 1874. jan. 5., \u2020 Segesv\u00e1r, ? :unit. lelk\u00e9sz. \u2013 Fia: N. Ferenc. \u2013 Teol\u00f3gi\u00e1t Kv.-on v\u00e9gzett (1898), ut\u00e1na Bethlenszentmikl\u00f3son lelk\u00e9szkedett. A segesv\u00e1ri unit. gy\u00fclekezet \u00f6n\u00e1ll\u00f3 anyaegyh\u00e1zk\u00f6zs\u00e9g\u00e9 alakult (1911) \u00e9s ekkor nevezt\u00e9k ki ennek lelk\u00e9sz\u00e9v\u00e9, Bethlenszentmikl\u00f3sr\u00f3l j\u00f6tt \u00e1t. Fel\u00e9p\u00edtett\u00e9k az unit. templomot (1920-sa \u00e9vekben). 32 \u00e9vig espereshelyettes \u00e9s egyh\u00e1zi jegyz\u0151. \u00c9l\u00e9nk t\u00e1rsadalmi \u00e9letet \u00e9lt, a segesv\u00e1ri fi\u00f3kp\u00e9nzt\u00e1r alap\u00edt\u00f3, els\u0151 eln\u00f6ke, a K\u00fck\u00fcll\u0151 Takar\u00e9kp\u00e9nzt\u00e1r igazgat\u00f3tan\u00e1cs\u00e1nak tagja. A korabeli sajt\u00f3ban vall\u00e1si, t\u00e1rsadalmi \u00e9s nevel\u00e9s\u00fcgyi k\u00e9rd\u00e9seket fejteget\u0151 cikkei jelentek meg. Nyugd\u00edjaz\u00e1sa ut\u00e1n, fia k\u00f6vette \u0151t segesv\u00e1ri lelk\u00e9szk\u00e9nt (1953\u2013). <br \/><strong>Irod.:<\/strong> Hipper S\u00e1ndor: A mo.-i Munk\u00e1sok Rokkant \u2013 \u00e9s Nyugd\u00edjegyes\u00fclet\u00e9nek huszon\u00f6t \u00e9ves t\u00f6rt\u00e9nete (Bp., 1918); Kelemen Imre; Lexiconul vie\u0163ii publice; Pan\u0103<\/br><\/p>\n","protected":false},"excerpt":{"rendered":"<p>Iszl\u00f3, 1874. jan. 5., \u2020 Segesv\u00e1r, ? :unit. lelk\u00e9sz. \u2013 Fia: N. Ferenc. \u2013 Teol\u00f3gi\u00e1t Kv.-on v\u00e9gzett (1898), ut\u00e1na Bethlenszentmikl\u00f3son lelk\u00e9szkedett. A segesv\u00e1ri unit. gy\u00fclekezet \u00f6n\u00e1ll\u00f3 anyaegyh\u00e1zk\u00f6zs\u00e9g\u00e9 alakult (1911) \u00e9s ekkor nevezt\u00e9k ki ennek lelk\u00e9sz\u00e9v\u00e9, Bethlenszentmikl\u00f3sr\u00f3l j\u00f6tt \u00e1t. Fel\u00e9p\u00edtett\u00e9k az unit. templomot (1920-sa \u00e9vekben). 32 \u00e9vig espereshelyettes \u00e9s egyh\u00e1zi jegyz\u0151. \u00c9l\u00e9nk t\u00e1rsadalmi \u00e9letet \u00e9lt, a [&hellip;]<\/p>\n","protected":false},"featured_media":0,"comment_status":"open","ping_status":"closed","template":"","meta":[],"product_brand":[],"product_cat":[137],"product_tag":[],"class_list":{"0":"post-16074","1":"product","2":"type-product","3":"status-publish","5":"product_cat-maros-megyei-eletrajzi-lexikon","7":"first","8":"instock","9":"shipping-taxable","10":"product-type-simple"},"_links":{"self":[{"href":"https:\/\/uj.adatbank.ro\/lexikon\/wp-json\/wp\/v2\/product\/16074","targetHints":{"allow":["GET"]}}],"collection":[{"href":"https:\/\/uj.adatbank.ro\/lexikon\/wp-json\/wp\/v2\/product"}],"about":[{"href":"https:\/\/uj.adatbank.ro\/lexikon\/wp-json\/wp\/v2\/types\/product"}],"replies":[{"embeddable":true,"href":"https:\/\/uj.adatbank.ro\/lexikon\/wp-json\/wp\/v2\/comments?post=16074"}],"wp:attachment":[{"href":"https:\/\/uj.adatbank.ro\/lexikon\/wp-json\/wp\/v2\/media?parent=16074"}],"wp:term":[{"taxonomy":"product_brand","embeddable":true,"href":"https:\/\/uj.adatbank.ro\/lexikon\/wp-json\/wp\/v2\/product_brand?post=16074"},{"taxonomy":"product_cat","embeddable":true,"href":"https:\/\/uj.adatbank.ro\/lexikon\/wp-json\/wp\/v2\/product_cat?post=16074"},{"taxonomy":"product_tag","embeddable":true,"href":"https:\/\/uj.adatbank.ro\/lexikon\/wp-json\/wp\/v2\/product_tag?post=16074"}],"curies":[{"name":"wp","href":"https:\/\/api.w.org\/{rel}","templated":true}]}}

NAGY Béla

<p>Iszló, 1874. jan. 5., † Segesvár, ? :unit. lelkész. – Fia: N. Ferenc. – Teológiát Kv.-on végzett (1898), utána Bethlenszentmiklóson lelkészkedett. A segesvári unit. gyülekezet önálló anyaegyházközségé alakult (1911) és ekkor nevezték ki ennek lelkészévé, Bethlenszentmiklósról jött át. Felépítették az unit. templomot (1920-sa években). 32 évig espereshelyettes és egyházi jegyző. Élénk társadalmi életet élt, a segesvári fiókpénztár alapító, első elnöke, a Küküllő Takarékpénztár igazgatótanácsának tagja. A korabeli sajtóban vallási, társadalmi és nevelésügyi kérdéseket fejtegető cikkei jelentek meg. Nyugdíjazása után, fia követte őt segesvári lelkészként (1953–). <br /><strong>Irod.:</strong> Hipper Sándor: A mo.-i Munkások Rokkant – és Nyugdíjegyesületének huszonöt éves története (Bp., 1918); Kelemen Imre; Lexiconul vieţii publice; Pană</br></p>

<p>Iszló, 1874. jan. 5., † Segesvár, ? :unit. lelkész. – Fia: N. Ferenc. – Teológiát Kv.-on végzett (1898), utána Bethlenszentmiklóson lelkészkedett. A segesvári unit. gyülekezet önálló anyaegyházközségé alakult (1911) és ekkor nevezték ki ennek lelkészévé, Bethlenszentmiklósról jött át. Felépítették az unit. templomot (1920-sa években). 32 évig espereshelyettes és egyházi jegyző. Élénk társadalmi életet élt, a [&hellip;]</p>
