{"id":16077,"date":"2025-07-15T16:04:10","date_gmt":"2025-07-15T14:04:10","guid":{"rendered":"https:\/\/uj.adatbank.ro\/lexikon\/termek\/nagy-bela-adam-s-nagy-bela-sepsiszentgyorgyi\/"},"modified":"2025-07-15T16:04:10","modified_gmt":"2025-07-15T14:04:10","slug":"nagy-bela-adam-s-nagy-bela-sepsiszentgyorgyi","status":"publish","type":"product","link":"https:\/\/uj.adatbank.ro\/lexikon\/termek\/nagy-bela-adam-s-nagy-bela-sepsiszentgyorgyi\/","title":{"rendered":"NAGY B\u00e9la \u00c1d\u00e1m, S. Nagy B\u00e9la, sepsiszentgy\u00f6rgyi"},"content":{"rendered":"<p>Sepsiszentgy\u00f6rgy, 1907. dec. 29., \u2020 Mv., 1967. dec. 13.: ref. lelk\u00e9sz, lev\u00e9lt\u00e1ros. \u2013 Ref. teol\u00f3giai tanulm\u00e1nyai ut\u00e1n a fintah\u00e1zi egyh\u00e1zk\u00f6zs\u00e9gben \u00e9s Gyergy\u00f3szentmikl\u00f3son szolg\u00e1lt 28 \u00e9vet \u00e9s Sz\u00e9kelyb\u0151n is szolg\u00e1lt. Betegs\u00e9ge miatt nem folytathatta lelk\u00e9szi tev\u00e9kenys\u00e9g\u00e9t, a Marosi Egyh\u00e1zmegye Gy\u00fcjt\u0151lev\u00e9lt\u00e1r\u00e1nak volt munkat\u00e1rsa, a lev\u00e9lt\u00e1rosi teend\u0151ket b\u00edztak r\u00e1 (1959. nov. 1.\u20131967. jan. 28-ig). <br \/><strong>Irod.:<\/strong> Berekm\u00e9ri \u00c1rp\u00e1d-R\u00f3bert: A marosv\u00e1s\u00e1rhelyi reform\u00e1tus vid\u00e9ki gy\u0171jt\u0151lev\u00e9lt\u00e1r 50 \u00e9ve (1961\u20132011) (Korunk, 8. sz., 2012); Cs\u00e1ky; Csekme<\/br><\/p>\n","protected":false},"excerpt":{"rendered":"<p>Sepsiszentgy\u00f6rgy, 1907. dec. 29., \u2020 Mv., 1967. dec. 13.: ref. lelk\u00e9sz, lev\u00e9lt\u00e1ros. \u2013 Ref. teol\u00f3giai tanulm\u00e1nyai ut\u00e1n a fintah\u00e1zi egyh\u00e1zk\u00f6zs\u00e9gben \u00e9s Gyergy\u00f3szentmikl\u00f3son szolg\u00e1lt 28 \u00e9vet \u00e9s Sz\u00e9kelyb\u0151n is szolg\u00e1lt. Betegs\u00e9ge miatt nem folytathatta lelk\u00e9szi tev\u00e9kenys\u00e9g\u00e9t, a Marosi Egyh\u00e1zmegye Gy\u00fcjt\u0151lev\u00e9lt\u00e1r\u00e1nak volt munkat\u00e1rsa, a lev\u00e9lt\u00e1rosi teend\u0151ket b\u00edztak r\u00e1 (1959. nov. 1.\u20131967. jan. 28-ig). Irod.: Berekm\u00e9ri \u00c1rp\u00e1d-R\u00f3bert: A [&hellip;]<\/p>\n","protected":false},"featured_media":0,"comment_status":"open","ping_status":"closed","template":"","meta":[],"product_brand":[],"product_cat":[137],"product_tag":[],"class_list":{"0":"post-16077","1":"product","2":"type-product","3":"status-publish","5":"product_cat-maros-megyei-eletrajzi-lexikon","7":"first","8":"instock","9":"shipping-taxable","10":"product-type-simple"},"_links":{"self":[{"href":"https:\/\/uj.adatbank.ro\/lexikon\/wp-json\/wp\/v2\/product\/16077","targetHints":{"allow":["GET"]}}],"collection":[{"href":"https:\/\/uj.adatbank.ro\/lexikon\/wp-json\/wp\/v2\/product"}],"about":[{"href":"https:\/\/uj.adatbank.ro\/lexikon\/wp-json\/wp\/v2\/types\/product"}],"replies":[{"embeddable":true,"href":"https:\/\/uj.adatbank.ro\/lexikon\/wp-json\/wp\/v2\/comments?post=16077"}],"wp:attachment":[{"href":"https:\/\/uj.adatbank.ro\/lexikon\/wp-json\/wp\/v2\/media?parent=16077"}],"wp:term":[{"taxonomy":"product_brand","embeddable":true,"href":"https:\/\/uj.adatbank.ro\/lexikon\/wp-json\/wp\/v2\/product_brand?post=16077"},{"taxonomy":"product_cat","embeddable":true,"href":"https:\/\/uj.adatbank.ro\/lexikon\/wp-json\/wp\/v2\/product_cat?post=16077"},{"taxonomy":"product_tag","embeddable":true,"href":"https:\/\/uj.adatbank.ro\/lexikon\/wp-json\/wp\/v2\/product_tag?post=16077"}],"curies":[{"name":"wp","href":"https:\/\/api.w.org\/{rel}","templated":true}]}}

NAGY Béla Ádám, S. Nagy Béla, sepsiszentgyörgyi

<p>Sepsiszentgyörgy, 1907. dec. 29., † Mv., 1967. dec. 13.: ref. lelkész, levéltáros. – Ref. teológiai tanulmányai után a fintaházi egyházközségben és Gyergyószentmiklóson szolgált 28 évet és Székelybőn is szolgált. Betegsége miatt nem folytathatta lelkészi tevékenységét, a Marosi Egyházmegye Gyüjtőlevéltárának volt munkatársa, a levéltárosi teendőket bíztak rá (1959. nov. 1.–1967. jan. 28-ig). <br /><strong>Irod.:</strong> Berekméri Árpád-Róbert: A marosvásárhelyi református vidéki gyűjtőlevéltár 50 éve (1961–2011) (Korunk, 8. sz., 2012); Csáky; Csekme</br></p>

<p>Sepsiszentgyörgy, 1907. dec. 29., † Mv., 1967. dec. 13.: ref. lelkész, levéltáros. – Ref. teológiai tanulmányai után a fintaházi egyházközségben és Gyergyószentmiklóson szolgált 28 évet és Székelybőn is szolgált. Betegsége miatt nem folytathatta lelkészi tevékenységét, a Marosi Egyházmegye Gyüjtőlevéltárának volt munkatársa, a levéltárosi teendőket bíztak rá (1959. nov. 1.–1967. jan. 28-ig). Irod.: Berekméri Árpád-Róbert: A [&hellip;]</p>
