{"id":16078,"date":"2025-07-15T16:04:12","date_gmt":"2025-07-15T14:04:12","guid":{"rendered":"https:\/\/uj.adatbank.ro\/lexikon\/termek\/nagy-belane-aranka-kovacs-aranka-%c2%a7\/"},"modified":"2025-07-15T16:04:12","modified_gmt":"2025-07-15T14:04:12","slug":"nagy-belane-aranka-kovacs-aranka-%c2%a7","status":"publish","type":"product","link":"https:\/\/uj.adatbank.ro\/lexikon\/termek\/nagy-belane-aranka-kovacs-aranka-%c2%a7\/","title":{"rendered":"NAGY B\u00e9l\u00e1n\u00e9 Aranka, Kov\u00e1cs Aranka, \u00a7"},"content":{"rendered":"<p>Abaf\u00e1ja, 1935, \u2020 Mv., 2000. jan. 29.:tan\u00e1r, k\u00f6nyvt\u00e1ros. \u2013 Kov\u00e1cs J\u00f3zsef, g\u00e9p\u00e9sz \u00e9s kelemen Anna le\u00e1nya. F\u00e9rje Nagy B\u00e9la g\u00e9p\u00e9szm\u00e9rn\u00f6k. Gyermekeik.Attila (1963) kereskedelmi \u00fcgyn\u00f6k; Melinda (1965).tan\u00e1r. \u2013 A kv-i Bolyai TE, pedag\u00f3gia-l\u00e9lektan szak\u00e1n v\u00e9gzett (1957). A gal\u00f3c\u00e1si \u00e1lt iskol\u00e1ban tan\u00edtott irod.-t\u00f6rt\u00e9nemet (1957\u201358).. A Maros Megyei K\u00f6nyvt\u00e1r f\u0151k\u00f6nyvt\u00e1rosa, oszt\u00e1lyvezet\u0151je, a gyermek \u2013 \u00e9s ifj.k\u00f6nyvt\u00e1r vezet\u0151je.Tanulm\u00e1nyait, cikkeit k\u00f6z\u00f6lte a K\u00f6nyvt\u00e1ros, M\u0171vel\u0151d\u00e9s, Curierul bibliotecilor. Munka\u00e9rdemrend (1988). <br \/><strong>Irod.:<\/strong> EMKK 2000; [Nekrol\u00f3g] (N\u00fa., 2000. febr.1.)<\/br><\/p>\n","protected":false},"excerpt":{"rendered":"<p>Abaf\u00e1ja, 1935, \u2020 Mv., 2000. jan. 29.:tan\u00e1r, k\u00f6nyvt\u00e1ros. \u2013 Kov\u00e1cs J\u00f3zsef, g\u00e9p\u00e9sz \u00e9s kelemen Anna le\u00e1nya. F\u00e9rje Nagy B\u00e9la g\u00e9p\u00e9szm\u00e9rn\u00f6k. Gyermekeik.Attila (1963) kereskedelmi \u00fcgyn\u00f6k; Melinda (1965).tan\u00e1r. \u2013 A kv-i Bolyai TE, pedag\u00f3gia-l\u00e9lektan szak\u00e1n v\u00e9gzett (1957). A gal\u00f3c\u00e1si \u00e1lt iskol\u00e1ban tan\u00edtott irod.-t\u00f6rt\u00e9nemet (1957\u201358).. A Maros Megyei K\u00f6nyvt\u00e1r f\u0151k\u00f6nyvt\u00e1rosa, oszt\u00e1lyvezet\u0151je, a gyermek \u2013 \u00e9s ifj.k\u00f6nyvt\u00e1r vezet\u0151je.Tanulm\u00e1nyait, cikkeit [&hellip;]<\/p>\n","protected":false},"featured_media":0,"comment_status":"open","ping_status":"closed","template":"","meta":[],"product_brand":[],"product_cat":[137],"product_tag":[],"class_list":{"0":"post-16078","1":"product","2":"type-product","3":"status-publish","5":"product_cat-maros-megyei-eletrajzi-lexikon","7":"first","8":"instock","9":"shipping-taxable","10":"product-type-simple"},"_links":{"self":[{"href":"https:\/\/uj.adatbank.ro\/lexikon\/wp-json\/wp\/v2\/product\/16078","targetHints":{"allow":["GET"]}}],"collection":[{"href":"https:\/\/uj.adatbank.ro\/lexikon\/wp-json\/wp\/v2\/product"}],"about":[{"href":"https:\/\/uj.adatbank.ro\/lexikon\/wp-json\/wp\/v2\/types\/product"}],"replies":[{"embeddable":true,"href":"https:\/\/uj.adatbank.ro\/lexikon\/wp-json\/wp\/v2\/comments?post=16078"}],"wp:attachment":[{"href":"https:\/\/uj.adatbank.ro\/lexikon\/wp-json\/wp\/v2\/media?parent=16078"}],"wp:term":[{"taxonomy":"product_brand","embeddable":true,"href":"https:\/\/uj.adatbank.ro\/lexikon\/wp-json\/wp\/v2\/product_brand?post=16078"},{"taxonomy":"product_cat","embeddable":true,"href":"https:\/\/uj.adatbank.ro\/lexikon\/wp-json\/wp\/v2\/product_cat?post=16078"},{"taxonomy":"product_tag","embeddable":true,"href":"https:\/\/uj.adatbank.ro\/lexikon\/wp-json\/wp\/v2\/product_tag?post=16078"}],"curies":[{"name":"wp","href":"https:\/\/api.w.org\/{rel}","templated":true}]}}

NAGY Béláné Aranka, Kovács Aranka, §

<p>Abafája, 1935, † Mv., 2000. jan. 29.:tanár, könyvtáros. – Kovács József, gépész és kelemen Anna leánya. Férje Nagy Béla gépészmérnök. Gyermekeik.Attila (1963) kereskedelmi ügynök; Melinda (1965).tanár. – A kv-i Bolyai TE, pedagógia-lélektan szakán végzett (1957). A galócási ált iskolában tanított irod.-történemet (1957–58).. A Maros Megyei Könyvtár főkönyvtárosa, osztályvezetője, a gyermek – és ifj.könyvtár vezetője.Tanulmányait, cikkeit közölte a Könyvtáros, Művelődés, Curierul bibliotecilor. Munkaérdemrend (1988). <br /><strong>Irod.:</strong> EMKK 2000; [Nekrológ] (Nú., 2000. febr.1.)</br></p>

<p>Abafája, 1935, † Mv., 2000. jan. 29.:tanár, könyvtáros. – Kovács József, gépész és kelemen Anna leánya. Férje Nagy Béla gépészmérnök. Gyermekeik.Attila (1963) kereskedelmi ügynök; Melinda (1965).tanár. – A kv-i Bolyai TE, pedagógia-lélektan szakán végzett (1957). A galócási ált iskolában tanított irod.-történemet (1957–58).. A Maros Megyei Könyvtár főkönyvtárosa, osztályvezetője, a gyermek – és ifj.könyvtár vezetője.Tanulmányait, cikkeit [&hellip;]</p>
