{"id":1608,"date":"2025-06-28T11:47:28","date_gmt":"2025-06-28T09:47:28","guid":{"rendered":"https:\/\/uj.adatbank.ro\/lexikon\/termek\/adorjan-jeno\/"},"modified":"2025-06-28T11:47:28","modified_gmt":"2025-06-28T09:47:28","slug":"adorjan-jeno","status":"publish","type":"product","link":"https:\/\/uj.adatbank.ro\/lexikon\/termek\/adorjan-jeno\/","title":{"rendered":"ADORJ\u00c1N Jen\u0151"},"content":{"rendered":"<p>Vargyas,1886., \u2020\u00a0Kv.,1956. A H\u00e1zsong\u00e1rdi temet\u0151ben nyugszik: tan\u00e1r. \u2013 Kv.-on, J\u00e9n\u00e1ban \u00e9s B\u00e9csben tanult. Meltzl Hug\u00f3 tan\u00edtv\u00e1nya volt. Gyakornok a mv.-i Ref. Koll.-ban (1909\u201312), majd a kv.-i Kereskedelmi Akad.-nak lett a tan\u00e1ra, ahol a n\u00e9met levelez\u00e9st adta el\u0151. \u2013 <strong>F. m.:<\/strong> Garay J\u00e1nos elbesz\u00e9l\u0151 k\u00f6lt\u00e9szete (1914). <br \/><strong>Irod.:<\/strong> H\u00e1zsong\u00e1rd; MIL; Mv. t\u00f6rt. 2.<\/br><\/p>\n","protected":false},"excerpt":{"rendered":"<p>Vargyas,1886., \u2020\u00a0Kv.,1956. A H\u00e1zsong\u00e1rdi temet\u0151ben nyugszik: tan\u00e1r. \u2013 Kv.-on, J\u00e9n\u00e1ban \u00e9s B\u00e9csben tanult. Meltzl Hug\u00f3 tan\u00edtv\u00e1nya volt. Gyakornok a mv.-i Ref. Koll.-ban (1909\u201312), majd a kv.-i Kereskedelmi Akad.-nak lett a tan\u00e1ra, ahol a n\u00e9met levelez\u00e9st adta el\u0151. \u2013 F. m.: Garay J\u00e1nos elbesz\u00e9l\u0151 k\u00f6lt\u00e9szete (1914). Irod.: H\u00e1zsong\u00e1rd; MIL; Mv. t\u00f6rt. 2.<\/p>\n","protected":false},"featured_media":0,"comment_status":"open","ping_status":"closed","template":"","meta":[],"product_brand":[],"product_cat":[137],"product_tag":[],"class_list":{"0":"post-1608","1":"product","2":"type-product","3":"status-publish","5":"product_cat-maros-megyei-eletrajzi-lexikon","7":"first","8":"instock","9":"shipping-taxable","10":"product-type-simple"},"_links":{"self":[{"href":"https:\/\/uj.adatbank.ro\/lexikon\/wp-json\/wp\/v2\/product\/1608","targetHints":{"allow":["GET"]}}],"collection":[{"href":"https:\/\/uj.adatbank.ro\/lexikon\/wp-json\/wp\/v2\/product"}],"about":[{"href":"https:\/\/uj.adatbank.ro\/lexikon\/wp-json\/wp\/v2\/types\/product"}],"replies":[{"embeddable":true,"href":"https:\/\/uj.adatbank.ro\/lexikon\/wp-json\/wp\/v2\/comments?post=1608"}],"wp:attachment":[{"href":"https:\/\/uj.adatbank.ro\/lexikon\/wp-json\/wp\/v2\/media?parent=1608"}],"wp:term":[{"taxonomy":"product_brand","embeddable":true,"href":"https:\/\/uj.adatbank.ro\/lexikon\/wp-json\/wp\/v2\/product_brand?post=1608"},{"taxonomy":"product_cat","embeddable":true,"href":"https:\/\/uj.adatbank.ro\/lexikon\/wp-json\/wp\/v2\/product_cat?post=1608"},{"taxonomy":"product_tag","embeddable":true,"href":"https:\/\/uj.adatbank.ro\/lexikon\/wp-json\/wp\/v2\/product_tag?post=1608"}],"curies":[{"name":"wp","href":"https:\/\/api.w.org\/{rel}","templated":true}]}}