{"id":16082,"date":"2025-07-15T16:04:20","date_gmt":"2025-07-15T14:04:20","guid":{"rendered":"https:\/\/uj.adatbank.ro\/lexikon\/termek\/nagy-beno-2\/"},"modified":"2025-07-15T16:04:20","modified_gmt":"2025-07-15T14:04:20","slug":"nagy-beno-2","status":"publish","type":"product","link":"https:\/\/uj.adatbank.ro\/lexikon\/termek\/nagy-beno-2\/","title":{"rendered":"NAGY Ben\u0151"},"content":{"rendered":"<p>M\u00e1ja, 1893., \u2020 ?: szobr\u00e1sz. \u2013 Gimn\u00e1ziumot, fa \u2013 \u00e9s f\u00e9mipari szakiskol\u00e1t Mv.-en, iparm\u0171v\u00e9szeti f\u0151iskol\u00e1t Bp.-en v\u00e9gzett. R\u00e9szt vett az els\u0151 vh.-ban, nemsok\u00e1ra orosz fogs\u00e1gba esett, Szib\u00e9ri\u00e1ban volt, ahol fafarag\u00e1ssal, \u00fcveg \u2013 \u00e9s fafest\u00e9ssel foglalkozott, k\u00e9s\u0151bb mint sz\u00ednh\u00e1zi dekorat\u00edv fest\u0151 volt. Mint cserefogoly szabadult (1921), azut\u00e1n Mv.-en mint szobr\u00e1sz \u00e9lt , majd az \u00dakir\u00e1lys\u00e1gba k\u00f6lt\u00f6z\u00f6tt, ahol a szobr\u00e1szat minden \u00e1g\u00e1val foglalkozott. Ottani munk\u00e1i k\u00f6z\u00fcl eml\u00edt\u00e9sre m\u00e9lt\u00f3 a galavi egyik zsid\u00f3 templom berendez\u00e9s\u00e9nek szobr\u00e1szati munk\u00e1lata. K\u00e9t \u00e9v m\u00falva vissza ker\u00fclt Mv.-re \u00e9s a Sz\u00e9kely \u00e9s R\u00e9ti M\u0171b\u00fatorgy\u00e1r szobr\u00e1szati m\u0171hely\u00e9nek vezet\u0151je lett (1921\u2013). R\u00f6videsen megh\u00edv\u00e1st kapott a szatm\u00e1ri faipari szakiskol\u00e1hoz mint szobr\u00e1sz tan\u00e1r, ill. a fafarag\u00e1s \u00e9s a mint\u00e1z\u00e1s tansz\u00e9k\u00e9re. Ploiestiben \u00e9lt azut\u00e1n.Tan\u00edtott Marosi T\u00edm\u00e1r J\u00e1nos fest\u0151iskol\u00e1j\u00e1ban. Szobr\u00e1szattal, fafarag\u00e1ssal, grafikai \u00e9s dekorativ fest\u00e9szettel foglalkozott, Mv.-en \u00e9s Szatm\u00e1ron t\u00f6bb kollektiv ki\u00e1ll\u00edt\u00e1son vett r\u00e9szt, rajzai, szobrai, b\u0151riparm\u0171v\u00e9szeti munk\u00e1i a legjobb kritik\u00e1kat kapt\u00e1k. A szobr\u00e1szatban a kubista ir\u00e1ny k\u00f6vet\u0151je. Dekorativ munk\u00e1ira nagy hat\u00e1ssal volr Axcelgellen a h\u00edres sv\u00e9d fest\u0151. M\u00e1rv\u00e1ny szobr\u00e1szattal is foglalkozott. \u2013 Kollekt\u00edv ki\u00e1ll.: Mv.-en \u00e9s Szatm\u00e1ron. \u2013 <strong>F. m.:<\/strong> ill : Versek, elbesz\u00e9l\u00e9sek, tanulm\u00e1nyok tizenegy fiatal erd\u00e9lyi \u00edr\u00f3t\u00f3l erd\u00e9lyi m\u0171v\u00e9szek rajzaival (Kv., 1923). <br \/><strong>Irod.:<\/strong> EM; Moln\u00e1r<\/br><\/p>\n","protected":false},"excerpt":{"rendered":"<p>M\u00e1ja, 1893., \u2020 ?: szobr\u00e1sz. \u2013 Gimn\u00e1ziumot, fa \u2013 \u00e9s f\u00e9mipari szakiskol\u00e1t Mv.-en, iparm\u0171v\u00e9szeti f\u0151iskol\u00e1t Bp.-en v\u00e9gzett. R\u00e9szt vett az els\u0151 vh.-ban, nemsok\u00e1ra orosz fogs\u00e1gba esett, Szib\u00e9ri\u00e1ban volt, ahol fafarag\u00e1ssal, \u00fcveg \u2013 \u00e9s fafest\u00e9ssel foglalkozott, k\u00e9s\u0151bb mint sz\u00ednh\u00e1zi dekorat\u00edv fest\u0151 volt. Mint cserefogoly szabadult (1921), azut\u00e1n Mv.-en mint szobr\u00e1sz \u00e9lt , majd az \u00dakir\u00e1lys\u00e1gba k\u00f6lt\u00f6z\u00f6tt, [&hellip;]<\/p>\n","protected":false},"featured_media":0,"comment_status":"open","ping_status":"closed","template":"","meta":[],"product_brand":[],"product_cat":[137],"product_tag":[],"class_list":{"0":"post-16082","1":"product","2":"type-product","3":"status-publish","5":"product_cat-maros-megyei-eletrajzi-lexikon","7":"first","8":"instock","9":"shipping-taxable","10":"product-type-simple"},"_links":{"self":[{"href":"https:\/\/uj.adatbank.ro\/lexikon\/wp-json\/wp\/v2\/product\/16082","targetHints":{"allow":["GET"]}}],"collection":[{"href":"https:\/\/uj.adatbank.ro\/lexikon\/wp-json\/wp\/v2\/product"}],"about":[{"href":"https:\/\/uj.adatbank.ro\/lexikon\/wp-json\/wp\/v2\/types\/product"}],"replies":[{"embeddable":true,"href":"https:\/\/uj.adatbank.ro\/lexikon\/wp-json\/wp\/v2\/comments?post=16082"}],"wp:attachment":[{"href":"https:\/\/uj.adatbank.ro\/lexikon\/wp-json\/wp\/v2\/media?parent=16082"}],"wp:term":[{"taxonomy":"product_brand","embeddable":true,"href":"https:\/\/uj.adatbank.ro\/lexikon\/wp-json\/wp\/v2\/product_brand?post=16082"},{"taxonomy":"product_cat","embeddable":true,"href":"https:\/\/uj.adatbank.ro\/lexikon\/wp-json\/wp\/v2\/product_cat?post=16082"},{"taxonomy":"product_tag","embeddable":true,"href":"https:\/\/uj.adatbank.ro\/lexikon\/wp-json\/wp\/v2\/product_tag?post=16082"}],"curies":[{"name":"wp","href":"https:\/\/api.w.org\/{rel}","templated":true}]}}

NAGY Benő

<p>Mája, 1893., † ?: szobrász. – Gimnáziumot, fa – és fémipari szakiskolát Mv.-en, iparművészeti főiskolát Bp.-en végzett. Részt vett az első vh.-ban, nemsokára orosz fogságba esett, Szibériában volt, ahol fafaragással, üveg – és fafestéssel foglalkozott, később mint színházi dekoratív festő volt. Mint cserefogoly szabadult (1921), azután Mv.-en mint szobrász élt , majd az Úkirályságba költözött, ahol a szobrászat minden ágával foglalkozott. Ottani munkái közül említésre méltó a galavi egyik zsidó templom berendezésének szobrászati munkálata. Két év múlva vissza került Mv.-re és a Székely és Réti Műbútorgyár szobrászati műhelyének vezetője lett (1921–). Rövidesen meghívást kapott a szatmári faipari szakiskolához mint szobrász tanár, ill. a fafaragás és a mintázás tanszékére. Ploiestiben élt azután.Tanított Marosi Tímár János festőiskolájában. Szobrászattal, fafaragással, grafikai és dekorativ festészettel foglalkozott, Mv.-en és Szatmáron több kollektiv kiállításon vett részt, rajzai, szobrai, bőriparművészeti munkái a legjobb kritikákat kapták. A szobrászatban a kubista irány követője. Dekorativ munkáira nagy hatással volr Axcelgellen a híres svéd festő. Márvány szobrászattal is foglalkozott. – Kollektív kiáll.: Mv.-en és Szatmáron. – <strong>F. m.:</strong> ill : Versek, elbeszélések, tanulmányok tizenegy fiatal erdélyi írótól erdélyi művészek rajzaival (Kv., 1923). <br /><strong>Irod.:</strong> EM; Molnár</br></p>

<p>Mája, 1893., † ?: szobrász. – Gimnáziumot, fa – és fémipari szakiskolát Mv.-en, iparművészeti főiskolát Bp.-en végzett. Részt vett az első vh.-ban, nemsokára orosz fogságba esett, Szibériában volt, ahol fafaragással, üveg – és fafestéssel foglalkozott, később mint színházi dekoratív festő volt. Mint cserefogoly szabadult (1921), azután Mv.-en mint szobrász élt , majd az Úkirályságba költözött, [&hellip;]</p>
