{"id":16084,"date":"2025-07-15T16:04:24","date_gmt":"2025-07-15T14:04:24","guid":{"rendered":"https:\/\/uj.adatbank.ro\/lexikon\/termek\/nagy-borbala-borbas-magdolna\/"},"modified":"2025-07-15T16:04:24","modified_gmt":"2025-07-15T14:04:24","slug":"nagy-borbala-borbas-magdolna","status":"publish","type":"product","link":"https:\/\/uj.adatbank.ro\/lexikon\/termek\/nagy-borbala-borbas-magdolna\/","title":{"rendered":"NAGY Borb\u00e1la, Borb\u00e1s Magdolna"},"content":{"rendered":"<p>Olcsva, 1927. m\u00e1j. 13., \u2020 ?: tan\u00e1r. \u2013 Szatm\u00e1rn\u00e9metiben a Tan\u00edt\u00f3k\u00e9pz\u0151 F\u0151iskol\u00e1n \u00e9retts\u00e9gizett (1945), majd a kv.-i BBTE magyar szak\u00e1n szerzett oklevelet (1960). Mv.-en tan\u00e1r (1947\u201382). <br \/><strong>Irod.:<\/strong> KKACs<\/br><\/p>\n","protected":false},"excerpt":{"rendered":"<p>Olcsva, 1927. m\u00e1j. 13., \u2020 ?: tan\u00e1r. \u2013 Szatm\u00e1rn\u00e9metiben a Tan\u00edt\u00f3k\u00e9pz\u0151 F\u0151iskol\u00e1n \u00e9retts\u00e9gizett (1945), majd a kv.-i BBTE magyar szak\u00e1n szerzett oklevelet (1960). Mv.-en tan\u00e1r (1947\u201382). Irod.: KKACs<\/p>\n","protected":false},"featured_media":0,"comment_status":"open","ping_status":"closed","template":"","meta":[],"product_brand":[],"product_cat":[137],"product_tag":[],"class_list":{"0":"post-16084","1":"product","2":"type-product","3":"status-publish","5":"product_cat-maros-megyei-eletrajzi-lexikon","7":"first","8":"instock","9":"shipping-taxable","10":"product-type-simple"},"_links":{"self":[{"href":"https:\/\/uj.adatbank.ro\/lexikon\/wp-json\/wp\/v2\/product\/16084","targetHints":{"allow":["GET"]}}],"collection":[{"href":"https:\/\/uj.adatbank.ro\/lexikon\/wp-json\/wp\/v2\/product"}],"about":[{"href":"https:\/\/uj.adatbank.ro\/lexikon\/wp-json\/wp\/v2\/types\/product"}],"replies":[{"embeddable":true,"href":"https:\/\/uj.adatbank.ro\/lexikon\/wp-json\/wp\/v2\/comments?post=16084"}],"wp:attachment":[{"href":"https:\/\/uj.adatbank.ro\/lexikon\/wp-json\/wp\/v2\/media?parent=16084"}],"wp:term":[{"taxonomy":"product_brand","embeddable":true,"href":"https:\/\/uj.adatbank.ro\/lexikon\/wp-json\/wp\/v2\/product_brand?post=16084"},{"taxonomy":"product_cat","embeddable":true,"href":"https:\/\/uj.adatbank.ro\/lexikon\/wp-json\/wp\/v2\/product_cat?post=16084"},{"taxonomy":"product_tag","embeddable":true,"href":"https:\/\/uj.adatbank.ro\/lexikon\/wp-json\/wp\/v2\/product_tag?post=16084"}],"curies":[{"name":"wp","href":"https:\/\/api.w.org\/{rel}","templated":true}]}}