{"id":16090,"date":"2025-07-15T16:04:37","date_gmt":"2025-07-15T14:04:37","guid":{"rendered":"https:\/\/uj.adatbank.ro\/lexikon\/termek\/nagy-daniel-kebelei\/"},"modified":"2025-07-15T16:04:37","modified_gmt":"2025-07-15T14:04:37","slug":"nagy-daniel-kebelei","status":"publish","type":"product","link":"https:\/\/uj.adatbank.ro\/lexikon\/termek\/nagy-daniel-kebelei\/","title":{"rendered":"NAGY D\u00e1niel, kebelei"},"content":{"rendered":"<p>? \u2020 ?: dirigens kir\u00e1lyb\u00edr\u00f3, kir. tan\u00e1csos, f\u0151jegyz\u0151. \u2013 Feles\u00e9ge Er\u0151s \u00c1gnes. \u2013 A Bethlen gr\u00f3fok int\u00e9z\u0151je Nagyteremiben. J\u00f6vedelm\u00e9b\u0151l birtokot v\u00e1s\u00e1rolt Kebel\u00e9ben, Vicekir\u00e1lyb\u00edr\u00f3 (1803), kir\u00e1lyb\u00edr\u00f3 (1809), amikor k\u00e9nytelen elmenek\u00fclni Mv.-r\u0151l a k\u00f6zeli erd\u0151be a fell\u00e1zadt \u00e9s Jedden \u00e1llom\u00e1soz\u00f3 Maros \u2013 \u00e9s Udvarhelysz\u00e9ki sz\u00e9kely hadak el\u0151l. Marossz\u00e9ki alkir\u00e1lyb\u00edr\u00f3nak eml\u00edtette a V\u00e1rtemplom toronygombirata (1822). A a Theatr\u00e1lis Comissio (1803\u2013) tagja \u00e9s a ref. koll. fel\u00fcgyel\u0151 algondnoka lemond\u00e1s\u00e1ig (1803\u201335. m\u00e1j. 10.) Marossz\u00e9k f\u0151jegyz\u0151je (1848). Kezdem\u00e9nyezte a sz\u00e9kely nemzet\u0151rs\u00e9g \u00fcnk\u00e9ntess\u00e9gi alapon val\u00f3 fel\u00e1ll\u00edt\u00e1s\u00e1t, valamint hogy sz\u00fclessen orsz\u00e1gos t\u00f6rv\u00e9ny a nemess\u00e9g tehervisel\u00e9s\u00e9r\u0151l. <br \/><strong>Irod.:<\/strong> 1848\u20131849 Marossz\u00e9k; Chiorean 2008; Filep; Id\u0151t\u00e1r 1; Id\u0151t\u00e1r 2; Keszeg; Koncz; Kr\u00f3n. F\u00fcz. (1939. 4\/6); P\u00e1lmay; P\u00e9terfi K\u00e1roly: Az igaz filoz\u00f3fus karaktere (Debrecen, 1820)<\/br><\/p>\n","protected":false},"excerpt":{"rendered":"<p>? \u2020 ?: dirigens kir\u00e1lyb\u00edr\u00f3, kir. tan\u00e1csos, f\u0151jegyz\u0151. \u2013 Feles\u00e9ge Er\u0151s \u00c1gnes. \u2013 A Bethlen gr\u00f3fok int\u00e9z\u0151je Nagyteremiben. J\u00f6vedelm\u00e9b\u0151l birtokot v\u00e1s\u00e1rolt Kebel\u00e9ben, Vicekir\u00e1lyb\u00edr\u00f3 (1803), kir\u00e1lyb\u00edr\u00f3 (1809), amikor k\u00e9nytelen elmenek\u00fclni Mv.-r\u0151l a k\u00f6zeli erd\u0151be a fell\u00e1zadt \u00e9s Jedden \u00e1llom\u00e1soz\u00f3 Maros \u2013 \u00e9s Udvarhelysz\u00e9ki sz\u00e9kely hadak el\u0151l. Marossz\u00e9ki alkir\u00e1lyb\u00edr\u00f3nak eml\u00edtette a V\u00e1rtemplom toronygombirata (1822). A a Theatr\u00e1lis [&hellip;]<\/p>\n","protected":false},"featured_media":0,"comment_status":"open","ping_status":"closed","template":"","meta":[],"product_brand":[],"product_cat":[137],"product_tag":[],"class_list":{"0":"post-16090","1":"product","2":"type-product","3":"status-publish","5":"product_cat-maros-megyei-eletrajzi-lexikon","7":"first","8":"instock","9":"shipping-taxable","10":"product-type-simple"},"_links":{"self":[{"href":"https:\/\/uj.adatbank.ro\/lexikon\/wp-json\/wp\/v2\/product\/16090","targetHints":{"allow":["GET"]}}],"collection":[{"href":"https:\/\/uj.adatbank.ro\/lexikon\/wp-json\/wp\/v2\/product"}],"about":[{"href":"https:\/\/uj.adatbank.ro\/lexikon\/wp-json\/wp\/v2\/types\/product"}],"replies":[{"embeddable":true,"href":"https:\/\/uj.adatbank.ro\/lexikon\/wp-json\/wp\/v2\/comments?post=16090"}],"wp:attachment":[{"href":"https:\/\/uj.adatbank.ro\/lexikon\/wp-json\/wp\/v2\/media?parent=16090"}],"wp:term":[{"taxonomy":"product_brand","embeddable":true,"href":"https:\/\/uj.adatbank.ro\/lexikon\/wp-json\/wp\/v2\/product_brand?post=16090"},{"taxonomy":"product_cat","embeddable":true,"href":"https:\/\/uj.adatbank.ro\/lexikon\/wp-json\/wp\/v2\/product_cat?post=16090"},{"taxonomy":"product_tag","embeddable":true,"href":"https:\/\/uj.adatbank.ro\/lexikon\/wp-json\/wp\/v2\/product_tag?post=16090"}],"curies":[{"name":"wp","href":"https:\/\/api.w.org\/{rel}","templated":true}]}}

NAGY Dániel, kebelei

<p>? † ?: dirigens királybíró, kir. tanácsos, főjegyző. – Felesége Erős Ágnes. – A Bethlen grófok intézője Nagyteremiben. Jövedelméből birtokot vásárolt Kebelében, Vicekirálybíró (1803), királybíró (1809), amikor kénytelen elmenekülni Mv.-ről a közeli erdőbe a fellázadt és Jedden állomásozó Maros – és Udvarhelyszéki székely hadak elől. Marosszéki alkirálybírónak említette a Vártemplom toronygombirata (1822). A a Theatrális Comissio (1803–) tagja és a ref. koll. felügyelő algondnoka lemondásáig (1803–35. máj. 10.) Marosszék főjegyzője (1848). Kezdeményezte a székely nemzetőrség ünkéntességi alapon való felállítását, valamint hogy szülessen országos törvény a nemesség teherviseléséről. <br /><strong>Irod.:</strong> 1848–1849 Marosszék; Chiorean 2008; Filep; Időtár 1; Időtár 2; Keszeg; Koncz; Krón. Füz. (1939. 4/6); Pálmay; Péterfi Károly: Az igaz filozófus karaktere (Debrecen, 1820)</br></p>

<p>? † ?: dirigens királybíró, kir. tanácsos, főjegyző. – Felesége Erős Ágnes. – A Bethlen grófok intézője Nagyteremiben. Jövedelméből birtokot vásárolt Kebelében, Vicekirálybíró (1803), királybíró (1809), amikor kénytelen elmenekülni Mv.-ről a közeli erdőbe a fellázadt és Jedden állomásozó Maros – és Udvarhelyszéki székely hadak elől. Marosszéki alkirálybírónak említette a Vártemplom toronygombirata (1822). A a Theatrális [&hellip;]</p>
