{"id":16094,"date":"2025-07-15T16:04:44","date_gmt":"2025-07-15T14:04:44","guid":{"rendered":"https:\/\/uj.adatbank.ro\/lexikon\/termek\/nagy-denes\/"},"modified":"2025-07-15T16:04:44","modified_gmt":"2025-07-15T14:04:44","slug":"nagy-denes","status":"publish","type":"product","link":"https:\/\/uj.adatbank.ro\/lexikon\/termek\/nagy-denes\/","title":{"rendered":"NAGY D\u00e9nes"},"content":{"rendered":"<p>sz\u00e9kely nemes csal\u00e1dj\u00e1nak \u00f3ri\u00e1si birtokaik voltak Ny\u00e1r\u00e1dszentl\u00e1szl\u00f3 vid\u00e9k\u00e9n (15.\u201317 sz.-ban.). A falu nevezetes Szent L\u00e1szl\u00f3 m\u0171eml\u00e9kteploma r.kat templomnak \u00e9p\u00fclt (1400-as \u00e9vek v\u00e9g\u00e9n), k\u00fcl\u00f6n emelt\u00e9k a tornyot (1496), amelyen fresk\u00f3maradv\u00e1nyok tal\u00e1lhat\u00f3k az 1497-es \u00e9vsz\u00e1mmal (1896-ban t\u00e1rt\u00e1k fel \u0151ket). Az erd\u00e9lyi reform\u00e1ci\u00f3 idej\u00e9n a falu lakoss\u00e1ga \u00e1tt\u00e9rt az unit. vall\u00e1sra, a templom is unit. templom lett, \u00e9s az ma is (1568\u2013). A templomot k\u00f6r\u00fclvev\u0151 temet\u0151ben nyugszik a sz\u00e9kely nemes csal\u00e1dja, akiknek \u00f3ri\u00e1si birtokaik voltak a vid\u00e9ken. <br \/><strong>Irod.:<\/strong> MMMM<\/br><\/p>\n","protected":false},"excerpt":{"rendered":"<p>sz\u00e9kely nemes csal\u00e1dj\u00e1nak \u00f3ri\u00e1si birtokaik voltak Ny\u00e1r\u00e1dszentl\u00e1szl\u00f3 vid\u00e9k\u00e9n (15.\u201317 sz.-ban.). A falu nevezetes Szent L\u00e1szl\u00f3 m\u0171eml\u00e9kteploma r.kat templomnak \u00e9p\u00fclt (1400-as \u00e9vek v\u00e9g\u00e9n), k\u00fcl\u00f6n emelt\u00e9k a tornyot (1496), amelyen fresk\u00f3maradv\u00e1nyok tal\u00e1lhat\u00f3k az 1497-es \u00e9vsz\u00e1mmal (1896-ban t\u00e1rt\u00e1k fel \u0151ket). Az erd\u00e9lyi reform\u00e1ci\u00f3 idej\u00e9n a falu lakoss\u00e1ga \u00e1tt\u00e9rt az unit. vall\u00e1sra, a templom is unit. templom lett, \u00e9s [&hellip;]<\/p>\n","protected":false},"featured_media":0,"comment_status":"open","ping_status":"closed","template":"","meta":[],"product_brand":[],"product_cat":[137],"product_tag":[],"class_list":{"0":"post-16094","1":"product","2":"type-product","3":"status-publish","5":"product_cat-maros-megyei-eletrajzi-lexikon","7":"first","8":"instock","9":"shipping-taxable","10":"product-type-simple"},"_links":{"self":[{"href":"https:\/\/uj.adatbank.ro\/lexikon\/wp-json\/wp\/v2\/product\/16094","targetHints":{"allow":["GET"]}}],"collection":[{"href":"https:\/\/uj.adatbank.ro\/lexikon\/wp-json\/wp\/v2\/product"}],"about":[{"href":"https:\/\/uj.adatbank.ro\/lexikon\/wp-json\/wp\/v2\/types\/product"}],"replies":[{"embeddable":true,"href":"https:\/\/uj.adatbank.ro\/lexikon\/wp-json\/wp\/v2\/comments?post=16094"}],"wp:attachment":[{"href":"https:\/\/uj.adatbank.ro\/lexikon\/wp-json\/wp\/v2\/media?parent=16094"}],"wp:term":[{"taxonomy":"product_brand","embeddable":true,"href":"https:\/\/uj.adatbank.ro\/lexikon\/wp-json\/wp\/v2\/product_brand?post=16094"},{"taxonomy":"product_cat","embeddable":true,"href":"https:\/\/uj.adatbank.ro\/lexikon\/wp-json\/wp\/v2\/product_cat?post=16094"},{"taxonomy":"product_tag","embeddable":true,"href":"https:\/\/uj.adatbank.ro\/lexikon\/wp-json\/wp\/v2\/product_tag?post=16094"}],"curies":[{"name":"wp","href":"https:\/\/api.w.org\/{rel}","templated":true}]}}

NAGY Dénes

<p>székely nemes családjának óriási birtokaik voltak Nyárádszentlászló vidékén (15.–17 sz.-ban.). A falu nevezetes Szent László műemlékteploma r.kat templomnak épült (1400-as évek végén), külön emelték a tornyot (1496), amelyen freskómaradványok találhatók az 1497-es évszámmal (1896-ban tárták fel őket). Az erdélyi reformáció idején a falu lakossága áttért az unit. vallásra, a templom is unit. templom lett, és az ma is (1568–). A templomot körülvevő temetőben nyugszik a székely nemes családja, akiknek óriási birtokaik voltak a vidéken. <br /><strong>Irod.:</strong> MMMM</br></p>

<p>székely nemes családjának óriási birtokaik voltak Nyárádszentlászló vidékén (15.–17 sz.-ban.). A falu nevezetes Szent László műemlékteploma r.kat templomnak épült (1400-as évek végén), külön emelték a tornyot (1496), amelyen freskómaradványok találhatók az 1497-es évszámmal (1896-ban tárták fel őket). Az erdélyi reformáció idején a falu lakossága áttért az unit. vallásra, a templom is unit. templom lett, és [&hellip;]</p>
