{"id":16096,"date":"2025-07-15T16:04:47","date_gmt":"2025-07-15T14:04:47","guid":{"rendered":"https:\/\/uj.adatbank.ro\/lexikon\/termek\/nagy-denes-3\/"},"modified":"2025-07-15T16:04:47","modified_gmt":"2025-07-15T14:04:47","slug":"nagy-denes-3","status":"publish","type":"product","link":"https:\/\/uj.adatbank.ro\/lexikon\/termek\/nagy-denes-3\/","title":{"rendered":"NAGY D\u00e9nes"},"content":{"rendered":"<p>Mv., 1879, \u2020 ?: zenetan\u00e1r. \u2013 Tanulm\u00e1nyait a bp. \u2013 i sz\u00e9pm\u0171v\u00e9szeti akad\u00e9mi\u00e1n v\u00e9gezte, mag\u00e1n\u00faton alapos heged\u0171 tanulm\u00e1nyokat v\u00e9gzett. K\u00e9zdiv\u00e1s\u00e1rhelyen vok\u00e1lis zen\u00e9t tan\u00edtott, a r. k. l\u00edceum k\u00f3rus\u00e1t \u00e9s zenekar\u00e1t vezette (1904\u201318). Sz\u00f3listak\u00e9nt Erd\u00e9ly t\u00f6bb v\u00e1ros\u00e1ban hangversenyezett. Mv.-en Metz Albert megh\u00edv\u00e1s\u00e1ra a Konzervat\u00f3riumban tan\u00edtott (1924\u2013). <br \/><strong>Irod.:<\/strong> Anuarul Conservatorului Municipiului Tg.M. (1927\u201328); Guly\u00e1s, Predescu; Szab\u00f3 K. Attila<\/br><\/p>\n","protected":false},"excerpt":{"rendered":"<p>Mv., 1879, \u2020 ?: zenetan\u00e1r. \u2013 Tanulm\u00e1nyait a bp. \u2013 i sz\u00e9pm\u0171v\u00e9szeti akad\u00e9mi\u00e1n v\u00e9gezte, mag\u00e1n\u00faton alapos heged\u0171 tanulm\u00e1nyokat v\u00e9gzett. K\u00e9zdiv\u00e1s\u00e1rhelyen vok\u00e1lis zen\u00e9t tan\u00edtott, a r. k. l\u00edceum k\u00f3rus\u00e1t \u00e9s zenekar\u00e1t vezette (1904\u201318). Sz\u00f3listak\u00e9nt Erd\u00e9ly t\u00f6bb v\u00e1ros\u00e1ban hangversenyezett. Mv.-en Metz Albert megh\u00edv\u00e1s\u00e1ra a Konzervat\u00f3riumban tan\u00edtott (1924\u2013). Irod.: Anuarul Conservatorului Municipiului Tg.M. (1927\u201328); Guly\u00e1s, Predescu; Szab\u00f3 K. [&hellip;]<\/p>\n","protected":false},"featured_media":0,"comment_status":"open","ping_status":"closed","template":"","meta":[],"product_brand":[],"product_cat":[137],"product_tag":[],"class_list":{"0":"post-16096","1":"product","2":"type-product","3":"status-publish","5":"product_cat-maros-megyei-eletrajzi-lexikon","7":"first","8":"instock","9":"shipping-taxable","10":"product-type-simple"},"_links":{"self":[{"href":"https:\/\/uj.adatbank.ro\/lexikon\/wp-json\/wp\/v2\/product\/16096","targetHints":{"allow":["GET"]}}],"collection":[{"href":"https:\/\/uj.adatbank.ro\/lexikon\/wp-json\/wp\/v2\/product"}],"about":[{"href":"https:\/\/uj.adatbank.ro\/lexikon\/wp-json\/wp\/v2\/types\/product"}],"replies":[{"embeddable":true,"href":"https:\/\/uj.adatbank.ro\/lexikon\/wp-json\/wp\/v2\/comments?post=16096"}],"wp:attachment":[{"href":"https:\/\/uj.adatbank.ro\/lexikon\/wp-json\/wp\/v2\/media?parent=16096"}],"wp:term":[{"taxonomy":"product_brand","embeddable":true,"href":"https:\/\/uj.adatbank.ro\/lexikon\/wp-json\/wp\/v2\/product_brand?post=16096"},{"taxonomy":"product_cat","embeddable":true,"href":"https:\/\/uj.adatbank.ro\/lexikon\/wp-json\/wp\/v2\/product_cat?post=16096"},{"taxonomy":"product_tag","embeddable":true,"href":"https:\/\/uj.adatbank.ro\/lexikon\/wp-json\/wp\/v2\/product_tag?post=16096"}],"curies":[{"name":"wp","href":"https:\/\/api.w.org\/{rel}","templated":true}]}}

NAGY Dénes

<p>Mv., 1879, † ?: zenetanár. – Tanulmányait a bp. – i szépművészeti akadémián végezte, magánúton alapos hegedű tanulmányokat végzett. Kézdivásárhelyen vokális zenét tanított, a r. k. líceum kórusát és zenekarát vezette (1904–18). Szólistaként Erdély több városában hangversenyezett. Mv.-en Metz Albert meghívására a Konzervatóriumban tanított (1924–). <br /><strong>Irod.:</strong> Anuarul Conservatorului Municipiului Tg.M. (1927–28); Gulyás, Predescu; Szabó K. Attila</br></p>

<p>Mv., 1879, † ?: zenetanár. – Tanulmányait a bp. – i szépművészeti akadémián végezte, magánúton alapos hegedű tanulmányokat végzett. Kézdivásárhelyen vokális zenét tanított, a r. k. líceum kórusát és zenekarát vezette (1904–18). Szólistaként Erdély több városában hangversenyezett. Mv.-en Metz Albert meghívására a Konzervatóriumban tanított (1924–). Irod.: Anuarul Conservatorului Municipiului Tg.M. (1927–28); Gulyás, Predescu; Szabó K. [&hellip;]</p>
