{"id":16098,"date":"2025-07-15T16:04:51","date_gmt":"2025-07-15T14:04:51","guid":{"rendered":"https:\/\/uj.adatbank.ro\/lexikon\/termek\/nagy-denes-5\/"},"modified":"2025-07-15T16:04:51","modified_gmt":"2025-07-15T14:04:51","slug":"nagy-denes-5","status":"publish","type":"product","link":"https:\/\/uj.adatbank.ro\/lexikon\/termek\/nagy-denes-5\/","title":{"rendered":"NAGY D\u00e9nes"},"content":{"rendered":"<p>? \u2020 ?: rajztan\u00e1r, fest\u0151m\u0171v\u00e9sz. \u2013 A mv.-i Ref. Koll.-ban, a kereskedelmi iskol\u00e1ban volt rajztan\u00e1r (1927\u201332)., majd a negyvenes \u00e9vekben \u00e1tvette a R\u00e9v\u00e9sz-f\u00e9le k\u00f6nyvkeresked\u00e9st. <br \/><strong>Irod.:<\/strong> \u00cenv. comercial econ.; Par\u00e1di; Sipos<\/br><\/p>\n","protected":false},"excerpt":{"rendered":"<p>? \u2020 ?: rajztan\u00e1r, fest\u0151m\u0171v\u00e9sz. \u2013 A mv.-i Ref. Koll.-ban, a kereskedelmi iskol\u00e1ban volt rajztan\u00e1r (1927\u201332)., majd a negyvenes \u00e9vekben \u00e1tvette a R\u00e9v\u00e9sz-f\u00e9le k\u00f6nyvkeresked\u00e9st. Irod.: \u00cenv. comercial econ.; Par\u00e1di; Sipos<\/p>\n","protected":false},"featured_media":0,"comment_status":"open","ping_status":"closed","template":"","meta":[],"product_brand":[],"product_cat":[137],"product_tag":[],"class_list":{"0":"post-16098","1":"product","2":"type-product","3":"status-publish","5":"product_cat-maros-megyei-eletrajzi-lexikon","7":"first","8":"instock","9":"shipping-taxable","10":"product-type-simple"},"_links":{"self":[{"href":"https:\/\/uj.adatbank.ro\/lexikon\/wp-json\/wp\/v2\/product\/16098","targetHints":{"allow":["GET"]}}],"collection":[{"href":"https:\/\/uj.adatbank.ro\/lexikon\/wp-json\/wp\/v2\/product"}],"about":[{"href":"https:\/\/uj.adatbank.ro\/lexikon\/wp-json\/wp\/v2\/types\/product"}],"replies":[{"embeddable":true,"href":"https:\/\/uj.adatbank.ro\/lexikon\/wp-json\/wp\/v2\/comments?post=16098"}],"wp:attachment":[{"href":"https:\/\/uj.adatbank.ro\/lexikon\/wp-json\/wp\/v2\/media?parent=16098"}],"wp:term":[{"taxonomy":"product_brand","embeddable":true,"href":"https:\/\/uj.adatbank.ro\/lexikon\/wp-json\/wp\/v2\/product_brand?post=16098"},{"taxonomy":"product_cat","embeddable":true,"href":"https:\/\/uj.adatbank.ro\/lexikon\/wp-json\/wp\/v2\/product_cat?post=16098"},{"taxonomy":"product_tag","embeddable":true,"href":"https:\/\/uj.adatbank.ro\/lexikon\/wp-json\/wp\/v2\/product_tag?post=16098"}],"curies":[{"name":"wp","href":"https:\/\/api.w.org\/{rel}","templated":true}]}}