{"id":16100,"date":"2025-07-15T16:04:55","date_gmt":"2025-07-15T14:04:55","guid":{"rendered":"https:\/\/uj.adatbank.ro\/lexikon\/termek\/nagy-dezso\/"},"modified":"2025-07-15T16:04:55","modified_gmt":"2025-07-15T14:04:55","slug":"nagy-dezso","status":"publish","type":"product","link":"https:\/\/uj.adatbank.ro\/lexikon\/termek\/nagy-dezso\/","title":{"rendered":"NAGY Dezs\u0151"},"content":{"rendered":"<p>1878., \u2020 Mv.?: v\u00e1llalkoz\u00f3, szobafest\u0151. \u2013 Testv\u00e9re Jen\u0151. \u2013 A mv.-i V\u00e1rosh\u00e1za \u00e9p\u00edt\u00e9s\u00e9n\u00e9l a szobafest\u0151 munk\u00e1latokat v\u00e9gezte testv\u00e9r\u00e9vel, Jen\u0151vel (1906\u201308). Testv\u00e9r\u00e9vel gy\u00e1rtelepe volt a S\u00e1ndor J\u00e1nos utc\u00e1ban (1920), \u00e9p\u00edtkez\u00e9sbe kezdtek. T\u0171z \u00fct\u00f6tt ki a gy\u00e1rtelepen (1920). Mv.-r\u0151l deport\u00e1lt\u00e1k feles\u00e9g\u00e9vel (1901\u2013) egy\u00fctt (1944. m\u00e1j. 29.). <br \/><strong>Irod.:<\/strong> Kereszetes Gyula: Szecesszi\u00f3 Mv.-en 4.: A V\u00e1rosh\u00e1za (N\u00fa., 1991. okt. 26.); Mv. r\u00e9gi V\u00e1rosh\u00e1za; Mv. Zsid\u00f3s\u00e1ga; Szentgy\u00f6rgyi<\/br><\/p>\n","protected":false},"excerpt":{"rendered":"<p>1878., \u2020 Mv.?: v\u00e1llalkoz\u00f3, szobafest\u0151. \u2013 Testv\u00e9re Jen\u0151. \u2013 A mv.-i V\u00e1rosh\u00e1za \u00e9p\u00edt\u00e9s\u00e9n\u00e9l a szobafest\u0151 munk\u00e1latokat v\u00e9gezte testv\u00e9r\u00e9vel, Jen\u0151vel (1906\u201308). Testv\u00e9r\u00e9vel gy\u00e1rtelepe volt a S\u00e1ndor J\u00e1nos utc\u00e1ban (1920), \u00e9p\u00edtkez\u00e9sbe kezdtek. T\u0171z \u00fct\u00f6tt ki a gy\u00e1rtelepen (1920). Mv.-r\u0151l deport\u00e1lt\u00e1k feles\u00e9g\u00e9vel (1901\u2013) egy\u00fctt (1944. m\u00e1j. 29.). Irod.: Kereszetes Gyula: Szecesszi\u00f3 Mv.-en 4.: A V\u00e1rosh\u00e1za (N\u00fa., 1991. okt. [&hellip;]<\/p>\n","protected":false},"featured_media":0,"comment_status":"open","ping_status":"closed","template":"","meta":[],"product_brand":[],"product_cat":[137],"product_tag":[],"class_list":{"0":"post-16100","1":"product","2":"type-product","3":"status-publish","5":"product_cat-maros-megyei-eletrajzi-lexikon","7":"first","8":"instock","9":"shipping-taxable","10":"product-type-simple"},"_links":{"self":[{"href":"https:\/\/uj.adatbank.ro\/lexikon\/wp-json\/wp\/v2\/product\/16100","targetHints":{"allow":["GET"]}}],"collection":[{"href":"https:\/\/uj.adatbank.ro\/lexikon\/wp-json\/wp\/v2\/product"}],"about":[{"href":"https:\/\/uj.adatbank.ro\/lexikon\/wp-json\/wp\/v2\/types\/product"}],"replies":[{"embeddable":true,"href":"https:\/\/uj.adatbank.ro\/lexikon\/wp-json\/wp\/v2\/comments?post=16100"}],"wp:attachment":[{"href":"https:\/\/uj.adatbank.ro\/lexikon\/wp-json\/wp\/v2\/media?parent=16100"}],"wp:term":[{"taxonomy":"product_brand","embeddable":true,"href":"https:\/\/uj.adatbank.ro\/lexikon\/wp-json\/wp\/v2\/product_brand?post=16100"},{"taxonomy":"product_cat","embeddable":true,"href":"https:\/\/uj.adatbank.ro\/lexikon\/wp-json\/wp\/v2\/product_cat?post=16100"},{"taxonomy":"product_tag","embeddable":true,"href":"https:\/\/uj.adatbank.ro\/lexikon\/wp-json\/wp\/v2\/product_tag?post=16100"}],"curies":[{"name":"wp","href":"https:\/\/api.w.org\/{rel}","templated":true}]}}

NAGY Dezső

<p>1878., † Mv.?: vállalkozó, szobafestő. – Testvére Jenő. – A mv.-i Városháza építésénél a szobafestő munkálatokat végezte testvérével, Jenővel (1906–08). Testvérével gyártelepe volt a Sándor János utcában (1920), építkezésbe kezdtek. Tűz ütött ki a gyártelepen (1920). Mv.-ről deportálták feleségével (1901–) együtt (1944. máj. 29.). <br /><strong>Irod.:</strong> Kereszetes Gyula: Szecesszió Mv.-en 4.: A Városháza (Nú., 1991. okt. 26.); Mv. régi Városháza; Mv. Zsidósága; Szentgyörgyi</br></p>

<p>1878., † Mv.?: vállalkozó, szobafestő. – Testvére Jenő. – A mv.-i Városháza építésénél a szobafestő munkálatokat végezte testvérével, Jenővel (1906–08). Testvérével gyártelepe volt a Sándor János utcában (1920), építkezésbe kezdtek. Tűz ütött ki a gyártelepen (1920). Mv.-ről deportálták feleségével (1901–) együtt (1944. máj. 29.). Irod.: Kereszetes Gyula: Szecesszió Mv.-en 4.: A Városháza (Nú., 1991. okt. [&hellip;]</p>
