{"id":16102,"date":"2025-07-15T16:04:59","date_gmt":"2025-07-15T14:04:59","guid":{"rendered":"https:\/\/uj.adatbank.ro\/lexikon\/termek\/nagy-domokos-2\/"},"modified":"2025-07-15T16:04:59","modified_gmt":"2025-07-15T14:04:59","slug":"nagy-domokos-2","status":"publish","type":"product","link":"https:\/\/uj.adatbank.ro\/lexikon\/termek\/nagy-domokos-2\/","title":{"rendered":"NAGY Domokos"},"content":{"rendered":"<p>1842., \u2020 ?: ref. lelk\u00e9sz. \u2013 Lelk\u00e9sz (1868\u2013), Kutyfalv\u00e1n szolg\u00e1lt (1895\u2013), esperes (1902\u201312), majd Sz\u00e9kelyb\u0151ben m\u0171k\u00f6d\u00f6tt (1919. m\u00e1j. 9. \u2013 1932). Itt a szolg\u00e1lata ideje alatt \u00e9p\u00edtett\u00e9k fel k\u00f6zadakoz\u00e1sb\u00f3l a ref. templomot \u00e9s megv\u00e1s\u00e1rolnak egy harangot is (1920\u201321; 1924), a leromlott papilakot is fel\u00faj\u00edtott\u00e1k. A vall\u00e1sos \u00e9let viszont nagyon meglazult, ez\u00e9rt az egyh\u00e1zb\u00edr\u00f3s\u00e1g felf\u00fcggesztette \u00e1ll\u00e1s\u00e1b\u00f3l (1931). K\u00f6z\u00f6lt az Erd\u00e9lyi Protest\u00e1ns Lapokban (1903). <br \/><strong>Irod.:<\/strong> Guly\u00e1s; Papp.-Szente; Zov\u00e1nyi<\/br><\/p>\n","protected":false},"excerpt":{"rendered":"<p>1842., \u2020 ?: ref. lelk\u00e9sz. \u2013 Lelk\u00e9sz (1868\u2013), Kutyfalv\u00e1n szolg\u00e1lt (1895\u2013), esperes (1902\u201312), majd Sz\u00e9kelyb\u0151ben m\u0171k\u00f6d\u00f6tt (1919. m\u00e1j. 9. \u2013 1932). Itt a szolg\u00e1lata ideje alatt \u00e9p\u00edtett\u00e9k fel k\u00f6zadakoz\u00e1sb\u00f3l a ref. templomot \u00e9s megv\u00e1s\u00e1rolnak egy harangot is (1920\u201321; 1924), a leromlott papilakot is fel\u00faj\u00edtott\u00e1k. A vall\u00e1sos \u00e9let viszont nagyon meglazult, ez\u00e9rt az egyh\u00e1zb\u00edr\u00f3s\u00e1g felf\u00fcggesztette \u00e1ll\u00e1s\u00e1b\u00f3l [&hellip;]<\/p>\n","protected":false},"featured_media":0,"comment_status":"open","ping_status":"closed","template":"","meta":[],"product_brand":[],"product_cat":[137],"product_tag":[],"class_list":{"0":"post-16102","1":"product","2":"type-product","3":"status-publish","5":"product_cat-maros-megyei-eletrajzi-lexikon","7":"first","8":"instock","9":"shipping-taxable","10":"product-type-simple"},"_links":{"self":[{"href":"https:\/\/uj.adatbank.ro\/lexikon\/wp-json\/wp\/v2\/product\/16102","targetHints":{"allow":["GET"]}}],"collection":[{"href":"https:\/\/uj.adatbank.ro\/lexikon\/wp-json\/wp\/v2\/product"}],"about":[{"href":"https:\/\/uj.adatbank.ro\/lexikon\/wp-json\/wp\/v2\/types\/product"}],"replies":[{"embeddable":true,"href":"https:\/\/uj.adatbank.ro\/lexikon\/wp-json\/wp\/v2\/comments?post=16102"}],"wp:attachment":[{"href":"https:\/\/uj.adatbank.ro\/lexikon\/wp-json\/wp\/v2\/media?parent=16102"}],"wp:term":[{"taxonomy":"product_brand","embeddable":true,"href":"https:\/\/uj.adatbank.ro\/lexikon\/wp-json\/wp\/v2\/product_brand?post=16102"},{"taxonomy":"product_cat","embeddable":true,"href":"https:\/\/uj.adatbank.ro\/lexikon\/wp-json\/wp\/v2\/product_cat?post=16102"},{"taxonomy":"product_tag","embeddable":true,"href":"https:\/\/uj.adatbank.ro\/lexikon\/wp-json\/wp\/v2\/product_tag?post=16102"}],"curies":[{"name":"wp","href":"https:\/\/api.w.org\/{rel}","templated":true}]}}

<p>1842., † ?: ref. lelkész. – Lelkész (1868–), Kutyfalván szolgált (1895–), esperes (1902–12), majd Székelybőben működött (1919. máj. 9. – 1932). Itt a szolgálata ideje alatt építették fel közadakozásból a ref. templomot és megvásárolnak egy harangot is (1920–21; 1924), a leromlott papilakot is felújították. A vallásos élet viszont nagyon meglazult, ezért az egyházbíróság felfüggesztette állásából (1931). Közölt az Erdélyi Protestáns Lapokban (1903). <br /><strong>Irod.:</strong> Gulyás; Papp.-Szente; Zoványi</br></p>

<p>1842., † ?: ref. lelkész. – Lelkész (1868–), Kutyfalván szolgált (1895–), esperes (1902–12), majd Székelybőben működött (1919. máj. 9. – 1932). Itt a szolgálata ideje alatt építették fel közadakozásból a ref. templomot és megvásárolnak egy harangot is (1920–21; 1924), a leromlott papilakot is felújították. A vallásos élet viszont nagyon meglazult, ezért az egyházbíróság felfüggesztette állásából [&hellip;]</p>
