{"id":16105,"date":"2025-07-15T16:05:04","date_gmt":"2025-07-15T14:05:04","guid":{"rendered":"https:\/\/uj.adatbank.ro\/lexikon\/termek\/nagy-domokos-5\/"},"modified":"2025-07-15T16:05:04","modified_gmt":"2025-07-15T14:05:04","slug":"nagy-domokos-5","status":"publish","type":"product","link":"https:\/\/uj.adatbank.ro\/lexikon\/termek\/nagy-domokos-5\/","title":{"rendered":"NAGY Domokos"},"content":{"rendered":"<p>? \u2020 ?: malom \u00e9s gyapj\u00faf\u00e9s\u00fcl\u0151 tulajdonos. \u2013 A szab\u00e9di Nagy f\u00e9le malom \u00e9s gyapj\u00faf\u00e9s\u00fcl\u0151 tulajdonosa, (alap\u00edtott\u00e1k 1934), amelyet \u00e1llamos\u00edtottak, \u00e9s Szab\u00e9d k\u00f6zs\u00e9g tulajdon\u00e1ba helyeztek (1948. j\u00fan. 17.). \u00c9l\u00e9re Botha Ferenc f\u00f6ldm\u0171vest (50 \u00e9ves, RKPtag) nevezt\u00e9k ki \u00fczemvezet\u0151nek. Ugyancsak \u0151 lett a Bethlen Istv\u00e1n tulajdon\u00e1ban lev\u0151 Bethlen Malom vezet\u0151je is. K\u00e9s\u0151bb a k\u00f6zs\u00e9gi tan\u00e1cs elhat\u00e1rozta lev\u00e1lt\u00e1s\u00e1t, mert nem tanus\u00edtott megfelel\u0151 magatart\u00e1st. Hely\u00e9be Fekete G\u00e9za g\u00e9plakatost nevezt\u00e9k ki \u00fcgyvezet\u0151nek (1949. aug. 23). <br \/><strong>Irod.:<\/strong> Bartos Zolt\u00e1n<\/br><\/p>\n","protected":false},"excerpt":{"rendered":"<p>? \u2020 ?: malom \u00e9s gyapj\u00faf\u00e9s\u00fcl\u0151 tulajdonos. \u2013 A szab\u00e9di Nagy f\u00e9le malom \u00e9s gyapj\u00faf\u00e9s\u00fcl\u0151 tulajdonosa, (alap\u00edtott\u00e1k 1934), amelyet \u00e1llamos\u00edtottak, \u00e9s Szab\u00e9d k\u00f6zs\u00e9g tulajdon\u00e1ba helyeztek (1948. j\u00fan. 17.). \u00c9l\u00e9re Botha Ferenc f\u00f6ldm\u0171vest (50 \u00e9ves, RKPtag) nevezt\u00e9k ki \u00fczemvezet\u0151nek. Ugyancsak \u0151 lett a Bethlen Istv\u00e1n tulajdon\u00e1ban lev\u0151 Bethlen Malom vezet\u0151je is. K\u00e9s\u0151bb a k\u00f6zs\u00e9gi tan\u00e1cs elhat\u00e1rozta [&hellip;]<\/p>\n","protected":false},"featured_media":0,"comment_status":"open","ping_status":"closed","template":"","meta":[],"product_brand":[],"product_cat":[137],"product_tag":[],"class_list":{"0":"post-16105","1":"product","2":"type-product","3":"status-publish","5":"product_cat-maros-megyei-eletrajzi-lexikon","7":"first","8":"instock","9":"shipping-taxable","10":"product-type-simple"},"_links":{"self":[{"href":"https:\/\/uj.adatbank.ro\/lexikon\/wp-json\/wp\/v2\/product\/16105","targetHints":{"allow":["GET"]}}],"collection":[{"href":"https:\/\/uj.adatbank.ro\/lexikon\/wp-json\/wp\/v2\/product"}],"about":[{"href":"https:\/\/uj.adatbank.ro\/lexikon\/wp-json\/wp\/v2\/types\/product"}],"replies":[{"embeddable":true,"href":"https:\/\/uj.adatbank.ro\/lexikon\/wp-json\/wp\/v2\/comments?post=16105"}],"wp:attachment":[{"href":"https:\/\/uj.adatbank.ro\/lexikon\/wp-json\/wp\/v2\/media?parent=16105"}],"wp:term":[{"taxonomy":"product_brand","embeddable":true,"href":"https:\/\/uj.adatbank.ro\/lexikon\/wp-json\/wp\/v2\/product_brand?post=16105"},{"taxonomy":"product_cat","embeddable":true,"href":"https:\/\/uj.adatbank.ro\/lexikon\/wp-json\/wp\/v2\/product_cat?post=16105"},{"taxonomy":"product_tag","embeddable":true,"href":"https:\/\/uj.adatbank.ro\/lexikon\/wp-json\/wp\/v2\/product_tag?post=16105"}],"curies":[{"name":"wp","href":"https:\/\/api.w.org\/{rel}","templated":true}]}}

<p>? † ?: malom és gyapjúfésülő tulajdonos. – A szabédi Nagy féle malom és gyapjúfésülő tulajdonosa, (alapították 1934), amelyet államosítottak, és Szabéd község tulajdonába helyeztek (1948. jún. 17.). Élére Botha Ferenc földművest (50 éves, RKPtag) nevezték ki üzemvezetőnek. Ugyancsak ő lett a Bethlen István tulajdonában levő Bethlen Malom vezetője is. Később a községi tanács elhatározta leváltását, mert nem tanusított megfelelő magatartást. Helyébe Fekete Géza géplakatost nevezték ki ügyvezetőnek (1949. aug. 23). <br /><strong>Irod.:</strong> Bartos Zoltán</br></p>

<p>? † ?: malom és gyapjúfésülő tulajdonos. – A szabédi Nagy féle malom és gyapjúfésülő tulajdonosa, (alapították 1934), amelyet államosítottak, és Szabéd község tulajdonába helyeztek (1948. jún. 17.). Élére Botha Ferenc földművest (50 éves, RKPtag) nevezték ki üzemvezetőnek. Ugyancsak ő lett a Bethlen István tulajdonában levő Bethlen Malom vezetője is. Később a községi tanács elhatározta [&hellip;]</p>
