{"id":16106,"date":"2025-07-15T16:05:06","date_gmt":"2025-07-15T14:05:06","guid":{"rendered":"https:\/\/uj.adatbank.ro\/lexikon\/termek\/nagy-domokos-ifj\/"},"modified":"2025-07-15T16:05:06","modified_gmt":"2025-07-15T14:05:06","slug":"nagy-domokos-ifj","status":"publish","type":"product","link":"https:\/\/uj.adatbank.ro\/lexikon\/termek\/nagy-domokos-ifj\/","title":{"rendered":"NAGY Domokos ifj."},"content":{"rendered":"<p>? \u2020 ?: ref. lelk\u00e9sz. \u2013 Sz\u0151kefalv\u00e1n m\u0171k\u00f6d\u00f6tt (1909\u201354). A sz\u0151kefalvi ref. templom \u00e9p\u00fclt tev\u00e9kenys\u00e9ge idej\u00e9n (1912). <br \/><strong>Irod.:<\/strong> Menyh\u00e1rt: Sz\u00e1z\u00e9ves a sz\u00f6kefalvi reform\u00e1tus templom (N\u00fa., 2012. szept. 10.); Nagy L\u00e1szl\u00f3<\/br><\/p>\n","protected":false},"excerpt":{"rendered":"<p>? \u2020 ?: ref. lelk\u00e9sz. \u2013 Sz\u0151kefalv\u00e1n m\u0171k\u00f6d\u00f6tt (1909\u201354). A sz\u0151kefalvi ref. templom \u00e9p\u00fclt tev\u00e9kenys\u00e9ge idej\u00e9n (1912). Irod.: Menyh\u00e1rt: Sz\u00e1z\u00e9ves a sz\u00f6kefalvi reform\u00e1tus templom (N\u00fa., 2012. szept. 10.); Nagy L\u00e1szl\u00f3<\/p>\n","protected":false},"featured_media":0,"comment_status":"open","ping_status":"closed","template":"","meta":[],"product_brand":[],"product_cat":[137],"product_tag":[],"class_list":{"0":"post-16106","1":"product","2":"type-product","3":"status-publish","5":"product_cat-maros-megyei-eletrajzi-lexikon","7":"first","8":"instock","9":"shipping-taxable","10":"product-type-simple"},"_links":{"self":[{"href":"https:\/\/uj.adatbank.ro\/lexikon\/wp-json\/wp\/v2\/product\/16106","targetHints":{"allow":["GET"]}}],"collection":[{"href":"https:\/\/uj.adatbank.ro\/lexikon\/wp-json\/wp\/v2\/product"}],"about":[{"href":"https:\/\/uj.adatbank.ro\/lexikon\/wp-json\/wp\/v2\/types\/product"}],"replies":[{"embeddable":true,"href":"https:\/\/uj.adatbank.ro\/lexikon\/wp-json\/wp\/v2\/comments?post=16106"}],"wp:attachment":[{"href":"https:\/\/uj.adatbank.ro\/lexikon\/wp-json\/wp\/v2\/media?parent=16106"}],"wp:term":[{"taxonomy":"product_brand","embeddable":true,"href":"https:\/\/uj.adatbank.ro\/lexikon\/wp-json\/wp\/v2\/product_brand?post=16106"},{"taxonomy":"product_cat","embeddable":true,"href":"https:\/\/uj.adatbank.ro\/lexikon\/wp-json\/wp\/v2\/product_cat?post=16106"},{"taxonomy":"product_tag","embeddable":true,"href":"https:\/\/uj.adatbank.ro\/lexikon\/wp-json\/wp\/v2\/product_tag?post=16106"}],"curies":[{"name":"wp","href":"https:\/\/api.w.org\/{rel}","templated":true}]}}