{"id":16111,"date":"2025-07-15T16:05:19","date_gmt":"2025-07-15T14:05:19","guid":{"rendered":"https:\/\/uj.adatbank.ro\/lexikon\/termek\/nagy-elek-2\/"},"modified":"2025-07-15T16:05:19","modified_gmt":"2025-07-15T14:05:19","slug":"nagy-elek-2","status":"publish","type":"product","link":"https:\/\/uj.adatbank.ro\/lexikon\/termek\/nagy-elek-2\/","title":{"rendered":"NAGY Elek"},"content":{"rendered":"<p>Nagybacon, 1883. dec. 20., \u2020 Sz\u00e1szr\u00e9gen, 1935. m\u00e1rc.19.: ref. lelk\u00e9sz, \u00edr\u00f3. \u2013 Apja f\u00f6ldbirtokos volt. Teol\u00f3gi\u00e1t P\u00e1p\u00e1n v\u00e9gzett (1908), Nagy \u2013 \u00e9s Kis L\u00e1ngon, azut\u00e1n Mez\u0151cs\u00e1v\u00e1son \u00e9s Ny\u00e1r\u00e1dt\u0151n lelk\u00e9sz, majd Sz\u00e1szr\u00e9genbe ker\u00fclt, ahol hal\u00e1l\u00e1ig tev\u00e9kenykedett (1922\u2013).Tagja volt a KZST-nek \u00e9s R\u00e9gen v\u00e1ros minden kultur\u00e1lis egyes\u00fclet\u00e9nek. Saj\u00e1t maga is alkotott. Cikkeket, t\u00f6rt\u00e9nelmi t\u00e1rgy\u00fa novell\u00e1kat \u00edrt. Erd\u00e9ly f\u00e9nyl\u0151 \u00e1rny\u00e9kai c. k\u00f6tet\u00e9hez Benedek Elek \u00edrt el\u0151sz\u00f3t, m\u00e9ltatva, hogy a szerz\u0151 \u201eErd\u00e9ly m\u00faltj\u00e1b\u00f3l tereget el\u00e9nk nevezetes esem\u00e9nyeket, t\u00f6rt\u00e9nelmi h\u0171s\u00e9ggel \u00e9s \u00edr\u00f3i k\u00e9szs\u00e9ggel\u201d A k\u00f6tetben szerepelnek t\u00f6bbek k\u00f6z\u00f6tt a szerz\u0151 B\u00e1thory Zsigmond h\u00e1zass\u00e1ga, Teleki Mih\u00e1ly csizm\u00e1ja, A szokny\u00e1s fejedelem c. novell\u00e1i..\u2013 <strong>F. m.:<\/strong> Erd\u00e9ly f\u00e9nyl\u0151 \u00e1rny\u00e9kai (Mv., 1928); Erd\u00e9ly mosolya, k\u00f6nnye&#8230; (Torda, 1930); Az erd\u00e9lyi magyars\u00e1g t\u00f6rt\u00e9nete a legr\u00e9gibb id\u0151kt\u0151l napjainkig. ( ?). <br \/><strong>Irod.:<\/strong> Ferenczi 1931; F\u00fcl\u00f6p\u2013Ferencz; Guly\u00e1s; Lexiconul vietii publice; RMIL; T\u0151k\u00e9s Istv\u00e1n<\/br><\/p>\n","protected":false},"excerpt":{"rendered":"<p>Nagybacon, 1883. dec. 20., \u2020 Sz\u00e1szr\u00e9gen, 1935. m\u00e1rc.19.: ref. lelk\u00e9sz, \u00edr\u00f3. \u2013 Apja f\u00f6ldbirtokos volt. Teol\u00f3gi\u00e1t P\u00e1p\u00e1n v\u00e9gzett (1908), Nagy \u2013 \u00e9s Kis L\u00e1ngon, azut\u00e1n Mez\u0151cs\u00e1v\u00e1son \u00e9s Ny\u00e1r\u00e1dt\u0151n lelk\u00e9sz, majd Sz\u00e1szr\u00e9genbe ker\u00fclt, ahol hal\u00e1l\u00e1ig tev\u00e9kenykedett (1922\u2013).Tagja volt a KZST-nek \u00e9s R\u00e9gen v\u00e1ros minden kultur\u00e1lis egyes\u00fclet\u00e9nek. Saj\u00e1t maga is alkotott. Cikkeket, t\u00f6rt\u00e9nelmi t\u00e1rgy\u00fa novell\u00e1kat \u00edrt. Erd\u00e9ly [&hellip;]<\/p>\n","protected":false},"featured_media":0,"comment_status":"open","ping_status":"closed","template":"","meta":[],"product_brand":[],"product_cat":[137],"product_tag":[],"class_list":{"0":"post-16111","1":"product","2":"type-product","3":"status-publish","5":"product_cat-maros-megyei-eletrajzi-lexikon","7":"first","8":"instock","9":"shipping-taxable","10":"product-type-simple"},"_links":{"self":[{"href":"https:\/\/uj.adatbank.ro\/lexikon\/wp-json\/wp\/v2\/product\/16111","targetHints":{"allow":["GET"]}}],"collection":[{"href":"https:\/\/uj.adatbank.ro\/lexikon\/wp-json\/wp\/v2\/product"}],"about":[{"href":"https:\/\/uj.adatbank.ro\/lexikon\/wp-json\/wp\/v2\/types\/product"}],"replies":[{"embeddable":true,"href":"https:\/\/uj.adatbank.ro\/lexikon\/wp-json\/wp\/v2\/comments?post=16111"}],"wp:attachment":[{"href":"https:\/\/uj.adatbank.ro\/lexikon\/wp-json\/wp\/v2\/media?parent=16111"}],"wp:term":[{"taxonomy":"product_brand","embeddable":true,"href":"https:\/\/uj.adatbank.ro\/lexikon\/wp-json\/wp\/v2\/product_brand?post=16111"},{"taxonomy":"product_cat","embeddable":true,"href":"https:\/\/uj.adatbank.ro\/lexikon\/wp-json\/wp\/v2\/product_cat?post=16111"},{"taxonomy":"product_tag","embeddable":true,"href":"https:\/\/uj.adatbank.ro\/lexikon\/wp-json\/wp\/v2\/product_tag?post=16111"}],"curies":[{"name":"wp","href":"https:\/\/api.w.org\/{rel}","templated":true}]}}

<p>Nagybacon, 1883. dec. 20., † Szászrégen, 1935. márc.19.: ref. lelkész, író. – Apja földbirtokos volt. Teológiát Pápán végzett (1908), Nagy – és Kis Lángon, azután Mezőcsáváson és Nyárádtőn lelkész, majd Szászrégenbe került, ahol haláláig tevékenykedett (1922–).Tagja volt a KZST-nek és Régen város minden kulturális egyesületének. Saját maga is alkotott. Cikkeket, történelmi tárgyú novellákat írt. Erdély fénylő árnyékai c. kötetéhez Benedek Elek írt előszót, méltatva, hogy a szerző „Erdély múltjából tereget elénk nevezetes eseményeket, történelmi hűséggel és írói készséggel” A kötetben szerepelnek többek között a szerző Báthory Zsigmond házassága, Teleki Mihály csizmája, A szoknyás fejedelem c. novellái..– <strong>F. m.:</strong> Erdély fénylő árnyékai (Mv., 1928); Erdély mosolya, könnye&#8230; (Torda, 1930); Az erdélyi magyarság története a legrégibb időktől napjainkig. ( ?). <br /><strong>Irod.:</strong> Ferenczi 1931; Fülöp–Ferencz; Gulyás; Lexiconul vietii publice; RMIL; Tőkés István</br></p>

<p>Nagybacon, 1883. dec. 20., † Szászrégen, 1935. márc.19.: ref. lelkész, író. – Apja földbirtokos volt. Teológiát Pápán végzett (1908), Nagy – és Kis Lángon, azután Mezőcsáváson és Nyárádtőn lelkész, majd Szászrégenbe került, ahol haláláig tevékenykedett (1922–).Tagja volt a KZST-nek és Régen város minden kulturális egyesületének. Saját maga is alkotott. Cikkeket, történelmi tárgyú novellákat írt. Erdély [&hellip;]</p>
