{"id":16119,"date":"2025-07-15T16:05:34","date_gmt":"2025-07-15T14:05:34","guid":{"rendered":"https:\/\/uj.adatbank.ro\/lexikon\/termek\/nagy-elek-sarosberkeszi\/"},"modified":"2025-07-16T13:57:51","modified_gmt":"2025-07-16T11:57:51","slug":"nagy-elek-sarosberkeszi","status":"publish","type":"product","link":"https:\/\/uj.adatbank.ro\/lexikon\/termek\/nagy-elek-sarosberkeszi\/","title":{"rendered":"NAGY Elek, s\u00e1rosberkeszi"},"content":{"rendered":"<p>Mez\u0151bergenye, 1890., \u2020 ?: f\u00f6ldbirtokos.\u2013 Mv.-en tanult, majd mez\u0151gazdas\u00e1gi tanfolyamot v\u00e9gzett, \u00f6n\u00e1ll\u00f3 f\u00f6ldbirtokos Mez\u0151bergeny\u00e9n (1910\u2013). Az els\u0151 vh.-ban a 62. k. ezredben az orosz, francia, olasz fronton harcolt, rokkantk\u00e9nt t\u00e9rt haza. Sebes\u00fcl\u00e9si \u00e9remmel t\u00fcntett\u00e9k ki. A k\u00e9t vil\u00e1gh\u00e1bor\u00fa k\u00f6z\u00f6tt Bergeny\u00e9ben a MP, az EGE \u00e9s a M\u00e9h\u00e9szegyes\u00fclet tagja, a Sz\u00f6vetkezet \u00e9s az Aranykal\u00e1sz Gazdak\u00f6r eln\u00f6ke \u00e9s megszervez\u0151je volt, ahol a gazd\u00e1k elsaj\u00e1t\u00edthatt\u00e1k a szakszer\u0171 sz\u0151l\u0151- \u00e9s gy\u00fcm\u00f6lcstermeszt\u00e9st. Feles\u00e9ge Sill\u00f3 Piroska, Radn\u00f3ton sz\u00fcletett, a n\u0151sz\u00f6vets\u00e9g eln\u00f6ke, sz\u00e1mos kult\u00farel\u0151ad\u00e1st szervezett, f\u00e9rj\u00e9vel k\u00f6z\u00f6sen gazd\u00e1lkodott birtokukon, t\u00f6bb csal\u00e1dnak ny\u00fajtottak \u00e1lland\u00f3 meg\u00e9lhet\u00e9st. Siementh\u00e1li \u00e9s magyar v\u00f6r\u00f6s-tarka teheneket, yorkshirei sert\u00e9seket \u00e9s hossz\u00fasz\u0151r\u0171 juhokat teny\u00e9sztettek. Gyermekei : Elem\u00e9r, Lajos, D\u00e9nes.<br \/>\n<strong>Irod.:<\/strong> Nagy P\u00e9ter: 700 \u00e9ves b\u00f6lcs\u0151nk Mez\u0151bergenye (Mv., 2003); Sz\u00e9kelyf\u00f6ld \u00ed. k.<\/p>\n","protected":false},"excerpt":{"rendered":"<p>Mez\u0151bergenye, 1890., \u2020 ?: f\u00f6ldbirtokos.\u2013 Mv.-en tanult, majd mez\u0151gazdas\u00e1gi tanfolyamot v\u00e9gzett, \u00f6n\u00e1ll\u00f3 f\u00f6ldbirtokos Mez\u0151bergeny\u00e9n (1910\u2013). Az els\u0151 vh.-ban a 62. k. ezredben az orosz, francia, olasz fronton harcolt, rokkantk\u00e9nt t\u00e9rt haza. Sebes\u00fcl\u00e9si \u00e9remmel t\u00fcntett\u00e9k ki. A k\u00e9t vil\u00e1gh\u00e1bor\u00fa k\u00f6z\u00f6tt Bergeny\u00e9ben a MP, az EGE \u00e9s a M\u00e9h\u00e9szegyes\u00fclet tagja, a Sz\u00f6vetkezet \u00e9s az Aranykal\u00e1sz Gazdak\u00f6r eln\u00f6ke [&hellip;]<\/p>\n","protected":false},"featured_media":0,"comment_status":"open","ping_status":"closed","template":"","meta":[],"product_brand":[],"product_cat":[137],"product_tag":[],"class_list":{"0":"post-16119","1":"product","2":"type-product","3":"status-publish","5":"product_cat-maros-megyei-eletrajzi-lexikon","7":"first","8":"instock","9":"shipping-taxable","10":"product-type-simple"},"_links":{"self":[{"href":"https:\/\/uj.adatbank.ro\/lexikon\/wp-json\/wp\/v2\/product\/16119","targetHints":{"allow":["GET"]}}],"collection":[{"href":"https:\/\/uj.adatbank.ro\/lexikon\/wp-json\/wp\/v2\/product"}],"about":[{"href":"https:\/\/uj.adatbank.ro\/lexikon\/wp-json\/wp\/v2\/types\/product"}],"replies":[{"embeddable":true,"href":"https:\/\/uj.adatbank.ro\/lexikon\/wp-json\/wp\/v2\/comments?post=16119"}],"wp:attachment":[{"href":"https:\/\/uj.adatbank.ro\/lexikon\/wp-json\/wp\/v2\/media?parent=16119"}],"wp:term":[{"taxonomy":"product_brand","embeddable":true,"href":"https:\/\/uj.adatbank.ro\/lexikon\/wp-json\/wp\/v2\/product_brand?post=16119"},{"taxonomy":"product_cat","embeddable":true,"href":"https:\/\/uj.adatbank.ro\/lexikon\/wp-json\/wp\/v2\/product_cat?post=16119"},{"taxonomy":"product_tag","embeddable":true,"href":"https:\/\/uj.adatbank.ro\/lexikon\/wp-json\/wp\/v2\/product_tag?post=16119"}],"curies":[{"name":"wp","href":"https:\/\/api.w.org\/{rel}","templated":true}]}}

NAGY Elek, sárosberkeszi

<p>Mezőbergenye, 1890., † ?: földbirtokos.– Mv.-en tanult, majd mezőgazdasági tanfolyamot végzett, önálló földbirtokos Mezőbergenyén (1910–). Az első vh.-ban a 62. k. ezredben az orosz, francia, olasz fronton harcolt, rokkantként tért haza. Sebesülési éremmel tüntették ki. A két világháború között Bergenyében a MP, az EGE és a Méhészegyesület tagja, a Szövetkezet és az Aranykalász Gazdakör elnöke és megszervezője volt, ahol a gazdák elsajátíthatták a szakszerű szőlő- és gyümölcstermesztést. Felesége Silló Piroska, Radnóton született, a nőszövetség elnöke, számos kultúrelőadást szervezett, férjével közösen gazdálkodott birtokukon, több családnak nyújtottak állandó megélhetést. Siementháli és magyar vörös-tarka teheneket, yorkshirei sertéseket és hosszúszőrű juhokat tenyésztettek. Gyermekei : Elemér, Lajos, Dénes.<br />
<strong>Irod.:</strong> Nagy Péter: 700 éves bölcsőnk Mezőbergenye (Mv., 2003); Székelyföld í. k.</p>

<p>Mezőbergenye, 1890., † ?: földbirtokos.– Mv.-en tanult, majd mezőgazdasági tanfolyamot végzett, önálló földbirtokos Mezőbergenyén (1910–). Az első vh.-ban a 62. k. ezredben az orosz, francia, olasz fronton harcolt, rokkantként tért haza. Sebesülési éremmel tüntették ki. A két világháború között Bergenyében a MP, az EGE és a Méhészegyesület tagja, a Szövetkezet és az Aranykalász Gazdakör elnöke [&hellip;]</p>
