{"id":1612,"date":"2025-06-28T11:47:37","date_gmt":"2025-06-28T09:47:37","guid":{"rendered":"https:\/\/uj.adatbank.ro\/lexikon\/termek\/adorjan-miklos\/"},"modified":"2025-06-28T11:47:37","modified_gmt":"2025-06-28T09:47:37","slug":"adorjan-miklos","status":"publish","type":"product","link":"https:\/\/uj.adatbank.ro\/lexikon\/termek\/adorjan-miklos\/","title":{"rendered":"ADORJ\u00c1N Mikl\u00f3s"},"content":{"rendered":"<p>Mez\u0151k\u00f6vesd, 1842. okt. 1., \u2020 ?: tan\u00edt\u00f3. \u2013 A gimn\u00e1zium 7 oszt\u00e1ly\u00e1t Mv.-en, majd a tan\u00edt\u00f3k\u00e9pz\u0151t a nagyenyedi Bethlen f\u0151tanod\u00e1ban v\u00e9gezte. Tan\u00edtott D\u00e9sen (1865\u2013), D\u00e9v\u00e1n (1870\u2013), Csurg\u00f3n (1877\u2013). A Pedag\u00f3giai T\u00e1rsas\u00e1gnak v\u00e1lasztm\u00e1nyi tagja, a somogymegyei Tan\u00edt\u00f3 Egyletnek eln\u00f6ke (1880\u2013). Irodalmi m\u0171k\u00f6d\u00e9s\u00e9t f\u0151v\u00e1rosi tan\u00fcgyi \u00e9s kv-i politikai lapokban kezdte, tan\u00fcgyi tud\u00f3s\u00edt\u00e1sokkal (1868\u2013), Terjedelmesebb \u00e9rtekez\u00e9sei a N\u00e9pnevel\u0151k Lapja, Sz\u00e9kely Tan\u00fcgy, Magyar Polg\u00e1r, Vil\u00e1goss\u00e1-ban jelentek meg. Szerkesztette \u00e9s kiadta a N\u00e9piskolai Szemle, majd az Iskolai Szemle tan\u0171gyi k\u00f6zl\u00f6ny\u00f6ket (1881\u2013), a Somogymegyei Tan\u00edt\u00f3egylet \u00c9rtes\u00edt\u0151je (1882\u201384), meg\u00edrta az egyes\u00fclet t\u00f6rt\u00e9net\u00e9t; a Ver\u00e9dy K\u00e1roly szerkesztette Pedag\u00f3giai Encyklop\u00e9di\u00e1ban a Gyakorl\u00f3 iskola cikket \u0151 \u00edrta. \u2013 <strong>F. m.:<\/strong> Sz\u00fcl\u0151f\u00f6ld \u00e9s honisme (D\u00e9va, 1876); Sz\u00fcl\u0151f\u00f6ldisme (Csurg\u00f3, 1878). <br \/><strong>Irod.:<\/strong> Szinnyei<\/br><\/p>\n","protected":false},"excerpt":{"rendered":"<p>Mez\u0151k\u00f6vesd, 1842. okt. 1., \u2020 ?: tan\u00edt\u00f3. \u2013 A gimn\u00e1zium 7 oszt\u00e1ly\u00e1t Mv.-en, majd a tan\u00edt\u00f3k\u00e9pz\u0151t a nagyenyedi Bethlen f\u0151tanod\u00e1ban v\u00e9gezte. Tan\u00edtott D\u00e9sen (1865\u2013), D\u00e9v\u00e1n (1870\u2013), Csurg\u00f3n (1877\u2013). A Pedag\u00f3giai T\u00e1rsas\u00e1gnak v\u00e1lasztm\u00e1nyi tagja, a somogymegyei Tan\u00edt\u00f3 Egyletnek eln\u00f6ke (1880\u2013). Irodalmi m\u0171k\u00f6d\u00e9s\u00e9t f\u0151v\u00e1rosi tan\u00fcgyi \u00e9s kv-i politikai lapokban kezdte, tan\u00fcgyi tud\u00f3s\u00edt\u00e1sokkal (1868\u2013), Terjedelmesebb \u00e9rtekez\u00e9sei a N\u00e9pnevel\u0151k [&hellip;]<\/p>\n","protected":false},"featured_media":0,"comment_status":"open","ping_status":"closed","template":"","meta":[],"product_brand":[],"product_cat":[137],"product_tag":[],"class_list":{"0":"post-1612","1":"product","2":"type-product","3":"status-publish","5":"product_cat-maros-megyei-eletrajzi-lexikon","7":"first","8":"instock","9":"shipping-taxable","10":"product-type-simple"},"_links":{"self":[{"href":"https:\/\/uj.adatbank.ro\/lexikon\/wp-json\/wp\/v2\/product\/1612","targetHints":{"allow":["GET"]}}],"collection":[{"href":"https:\/\/uj.adatbank.ro\/lexikon\/wp-json\/wp\/v2\/product"}],"about":[{"href":"https:\/\/uj.adatbank.ro\/lexikon\/wp-json\/wp\/v2\/types\/product"}],"replies":[{"embeddable":true,"href":"https:\/\/uj.adatbank.ro\/lexikon\/wp-json\/wp\/v2\/comments?post=1612"}],"wp:attachment":[{"href":"https:\/\/uj.adatbank.ro\/lexikon\/wp-json\/wp\/v2\/media?parent=1612"}],"wp:term":[{"taxonomy":"product_brand","embeddable":true,"href":"https:\/\/uj.adatbank.ro\/lexikon\/wp-json\/wp\/v2\/product_brand?post=1612"},{"taxonomy":"product_cat","embeddable":true,"href":"https:\/\/uj.adatbank.ro\/lexikon\/wp-json\/wp\/v2\/product_cat?post=1612"},{"taxonomy":"product_tag","embeddable":true,"href":"https:\/\/uj.adatbank.ro\/lexikon\/wp-json\/wp\/v2\/product_tag?post=1612"}],"curies":[{"name":"wp","href":"https:\/\/api.w.org\/{rel}","templated":true}]}}

ADORJÁN Miklós

<p>Mezőkövesd, 1842. okt. 1., † ?: tanító. – A gimnázium 7 osztályát Mv.-en, majd a tanítóképzőt a nagyenyedi Bethlen főtanodában végezte. Tanított Désen (1865–), Déván (1870–), Csurgón (1877–). A Pedagógiai Társaságnak választmányi tagja, a somogymegyei Tanító Egyletnek elnöke (1880–). Irodalmi működését fővárosi tanügyi és kv-i politikai lapokban kezdte, tanügyi tudósításokkal (1868–), Terjedelmesebb értekezései a Népnevelők Lapja, Székely Tanügy, Magyar Polgár, Világossá-ban jelentek meg. Szerkesztette és kiadta a Népiskolai Szemle, majd az Iskolai Szemle tanűgyi közlönyöket (1881–), a Somogymegyei Tanítóegylet Értesítője (1882–84), megírta az egyesület történetét; a Verédy Károly szerkesztette Pedagógiai Encyklopédiában a Gyakorló iskola cikket ő írta. – <strong>F. m.:</strong> Szülőföld és honisme (Déva, 1876); Szülőföldisme (Csurgó, 1878). <br /><strong>Irod.:</strong> Szinnyei</br></p>

<p>Mezőkövesd, 1842. okt. 1., † ?: tanító. – A gimnázium 7 osztályát Mv.-en, majd a tanítóképzőt a nagyenyedi Bethlen főtanodában végezte. Tanított Désen (1865–), Déván (1870–), Csurgón (1877–). A Pedagógiai Társaságnak választmányi tagja, a somogymegyei Tanító Egyletnek elnöke (1880–). Irodalmi működését fővárosi tanügyi és kv-i politikai lapokban kezdte, tanügyi tudósításokkal (1868–), Terjedelmesebb értekezései a Népnevelők [&hellip;]</p>
