{"id":16120,"date":"2025-07-15T16:05:38","date_gmt":"2025-07-15T14:05:38","guid":{"rendered":"https:\/\/uj.adatbank.ro\/lexikon\/termek\/nagy-elemer\/"},"modified":"2025-07-15T16:05:38","modified_gmt":"2025-07-15T14:05:38","slug":"nagy-elemer","status":"publish","type":"product","link":"https:\/\/uj.adatbank.ro\/lexikon\/termek\/nagy-elemer\/","title":{"rendered":"NAGY Elem\u00e9r"},"content":{"rendered":"<p>Marosj\u00e1ra, 1901. nov. 15., \u2020 Marosj\u00e1ra, 1954. aug. 30.: r. k. pap. \u2013 Papp\u00e1 szentelt\u00e9k (1926. j\u00fan. 27.). K\u00e1pl\u00e1n Zetelak\u00e1n (1926), gyergy\u00f3szentmikl\u00f3son (1928), Gyulafeh\u00e9rv\u00e1ron a p\u00fcsp\u00f6ks\u00e9gen aulista. Brass\u00f3ban k\u00e1pl\u00e1n \u00e9s hitoktat\u00f3. Lelkip\u00e1sztor Holcm\u00e1nyban, V\u00edzakn\u00e1n, Lup\u00e9nyban, Magyarzs\u00e1kodon lelk\u00e9sz (1942\u201343), Mv.-en (1945), Sz\u00e9kelyhodoson (1946\u201350), Marosj\u00e1r\u00e1ba helyezt\u00e9k, emiatt \u00f6ngyilkos lett. <br \/><strong>Irod.:<\/strong> Maros-k\u00fck\u00fcll\u0151i f\u0151esp.<\/br><\/p>\n","protected":false},"excerpt":{"rendered":"<p>Marosj\u00e1ra, 1901. nov. 15., \u2020 Marosj\u00e1ra, 1954. aug. 30.: r. k. pap. \u2013 Papp\u00e1 szentelt\u00e9k (1926. j\u00fan. 27.). K\u00e1pl\u00e1n Zetelak\u00e1n (1926), gyergy\u00f3szentmikl\u00f3son (1928), Gyulafeh\u00e9rv\u00e1ron a p\u00fcsp\u00f6ks\u00e9gen aulista. Brass\u00f3ban k\u00e1pl\u00e1n \u00e9s hitoktat\u00f3. Lelkip\u00e1sztor Holcm\u00e1nyban, V\u00edzakn\u00e1n, Lup\u00e9nyban, Magyarzs\u00e1kodon lelk\u00e9sz (1942\u201343), Mv.-en (1945), Sz\u00e9kelyhodoson (1946\u201350), Marosj\u00e1r\u00e1ba helyezt\u00e9k, emiatt \u00f6ngyilkos lett. Irod.: Maros-k\u00fck\u00fcll\u0151i f\u0151esp.<\/p>\n","protected":false},"featured_media":0,"comment_status":"open","ping_status":"closed","template":"","meta":[],"product_brand":[],"product_cat":[137],"product_tag":[],"class_list":{"0":"post-16120","1":"product","2":"type-product","3":"status-publish","5":"product_cat-maros-megyei-eletrajzi-lexikon","7":"first","8":"instock","9":"shipping-taxable","10":"product-type-simple"},"_links":{"self":[{"href":"https:\/\/uj.adatbank.ro\/lexikon\/wp-json\/wp\/v2\/product\/16120","targetHints":{"allow":["GET"]}}],"collection":[{"href":"https:\/\/uj.adatbank.ro\/lexikon\/wp-json\/wp\/v2\/product"}],"about":[{"href":"https:\/\/uj.adatbank.ro\/lexikon\/wp-json\/wp\/v2\/types\/product"}],"replies":[{"embeddable":true,"href":"https:\/\/uj.adatbank.ro\/lexikon\/wp-json\/wp\/v2\/comments?post=16120"}],"wp:attachment":[{"href":"https:\/\/uj.adatbank.ro\/lexikon\/wp-json\/wp\/v2\/media?parent=16120"}],"wp:term":[{"taxonomy":"product_brand","embeddable":true,"href":"https:\/\/uj.adatbank.ro\/lexikon\/wp-json\/wp\/v2\/product_brand?post=16120"},{"taxonomy":"product_cat","embeddable":true,"href":"https:\/\/uj.adatbank.ro\/lexikon\/wp-json\/wp\/v2\/product_cat?post=16120"},{"taxonomy":"product_tag","embeddable":true,"href":"https:\/\/uj.adatbank.ro\/lexikon\/wp-json\/wp\/v2\/product_tag?post=16120"}],"curies":[{"name":"wp","href":"https:\/\/api.w.org\/{rel}","templated":true}]}}