{"id":16121,"date":"2025-07-15T16:05:39","date_gmt":"2025-07-15T14:05:39","guid":{"rendered":"https:\/\/uj.adatbank.ro\/lexikon\/termek\/nagy-elemer-2\/"},"modified":"2025-07-15T16:05:39","modified_gmt":"2025-07-15T14:05:39","slug":"nagy-elemer-2","status":"publish","type":"product","link":"https:\/\/uj.adatbank.ro\/lexikon\/termek\/nagy-elemer-2\/","title":{"rendered":"NAGY Elem\u00e9r"},"content":{"rendered":"<p>Sz\u00e1szr\u00e9gen, 1905. dec. 10., \u2020 Mv., ?: szab\u00f3. \u2013 K\u00f6z\u00e9pisk.-t v\u00e9gzett. Sz\u00e1szr\u00e9genben volt mag\u00e1niparos. Tagja volt a Nyilaskeresztes P\u00e1rtnak, zsid\u00f3ellenes \u00e9s sov\u00e9n \u2013 nacionalista megnyilv\u00e1nul\u00e1sai voltak T\u00e1rsadalmi rend elleni tev\u00e9k\u00e9nys\u00e9g\u00e9rt letart\u00f3ztatt\u00e1k \u00e9s munkat\u00e1borba vitt\u00e9k (1952 \u2013 1955). Letart\u00f3ztatt\u00e1k (1959. okt. 2.) \u00e9s azzal a v\u00e1ddal \u00e1ll\u00edtott\u00e1k b\u00edr\u00f3s\u00e1g el\u00e9, hogy 1956 \u0151ssz\u00e9n az ellenforradalom lelkes h\u00edve volt, \u00e9s r\u00e1galmazta a Szovjet\u00fani\u00f3t. A kv.-i Katonai B\u00edr\u00f3s\u00e1g 3 \u00e9v b\u00f6rt\u00f6nre \u00edt\u00e9lte. Annak let\u00f6lt\u00e9se ut\u00e1n m\u00e9g 8 h\u00f3napig volt k\u00e9nyszerlakhelyen. Mv.-en \u00e9lt. Megkapta A Haz\u00e1\u00e9rt \u00e9s a Szabads\u00e1g\u00e9rt Eml\u00e9k\u00e9rmet (1994). <br \/><strong>Irod.:<\/strong> 1956 Erd\u00e9lyben; \u00c1ldozatok<\/br><\/p>\n","protected":false},"excerpt":{"rendered":"<p>Sz\u00e1szr\u00e9gen, 1905. dec. 10., \u2020 Mv., ?: szab\u00f3. \u2013 K\u00f6z\u00e9pisk.-t v\u00e9gzett. Sz\u00e1szr\u00e9genben volt mag\u00e1niparos. Tagja volt a Nyilaskeresztes P\u00e1rtnak, zsid\u00f3ellenes \u00e9s sov\u00e9n \u2013 nacionalista megnyilv\u00e1nul\u00e1sai voltak T\u00e1rsadalmi rend elleni tev\u00e9k\u00e9nys\u00e9g\u00e9rt letart\u00f3ztatt\u00e1k \u00e9s munkat\u00e1borba vitt\u00e9k (1952 \u2013 1955). Letart\u00f3ztatt\u00e1k (1959. okt. 2.) \u00e9s azzal a v\u00e1ddal \u00e1ll\u00edtott\u00e1k b\u00edr\u00f3s\u00e1g el\u00e9, hogy 1956 \u0151ssz\u00e9n az ellenforradalom lelkes h\u00edve [&hellip;]<\/p>\n","protected":false},"featured_media":0,"comment_status":"open","ping_status":"closed","template":"","meta":[],"product_brand":[],"product_cat":[137],"product_tag":[],"class_list":{"0":"post-16121","1":"product","2":"type-product","3":"status-publish","5":"product_cat-maros-megyei-eletrajzi-lexikon","7":"first","8":"instock","9":"shipping-taxable","10":"product-type-simple"},"_links":{"self":[{"href":"https:\/\/uj.adatbank.ro\/lexikon\/wp-json\/wp\/v2\/product\/16121","targetHints":{"allow":["GET"]}}],"collection":[{"href":"https:\/\/uj.adatbank.ro\/lexikon\/wp-json\/wp\/v2\/product"}],"about":[{"href":"https:\/\/uj.adatbank.ro\/lexikon\/wp-json\/wp\/v2\/types\/product"}],"replies":[{"embeddable":true,"href":"https:\/\/uj.adatbank.ro\/lexikon\/wp-json\/wp\/v2\/comments?post=16121"}],"wp:attachment":[{"href":"https:\/\/uj.adatbank.ro\/lexikon\/wp-json\/wp\/v2\/media?parent=16121"}],"wp:term":[{"taxonomy":"product_brand","embeddable":true,"href":"https:\/\/uj.adatbank.ro\/lexikon\/wp-json\/wp\/v2\/product_brand?post=16121"},{"taxonomy":"product_cat","embeddable":true,"href":"https:\/\/uj.adatbank.ro\/lexikon\/wp-json\/wp\/v2\/product_cat?post=16121"},{"taxonomy":"product_tag","embeddable":true,"href":"https:\/\/uj.adatbank.ro\/lexikon\/wp-json\/wp\/v2\/product_tag?post=16121"}],"curies":[{"name":"wp","href":"https:\/\/api.w.org\/{rel}","templated":true}]}}

NAGY Elemér

<p>Szászrégen, 1905. dec. 10., † Mv., ?: szabó. – Középisk.-t végzett. Szászrégenben volt magániparos. Tagja volt a Nyilaskeresztes Pártnak, zsidóellenes és sovén – nacionalista megnyilvánulásai voltak Társadalmi rend elleni tevékénységért letartóztatták és munkatáborba vitték (1952 – 1955). Letartóztatták (1959. okt. 2.) és azzal a váddal állították bíróság elé, hogy 1956 ősszén az ellenforradalom lelkes híve volt, és rágalmazta a Szovjetúniót. A kv.-i Katonai Bíróság 3 év börtönre ítélte. Annak letöltése után még 8 hónapig volt kényszerlakhelyen. Mv.-en élt. Megkapta A Hazáért és a Szabadságért Emlékérmet (1994). <br /><strong>Irod.:</strong> 1956 Erdélyben; Áldozatok</br></p>

<p>Szászrégen, 1905. dec. 10., † Mv., ?: szabó. – Középisk.-t végzett. Szászrégenben volt magániparos. Tagja volt a Nyilaskeresztes Pártnak, zsidóellenes és sovén – nacionalista megnyilvánulásai voltak Társadalmi rend elleni tevékénységért letartóztatták és munkatáborba vitték (1952 – 1955). Letartóztatták (1959. okt. 2.) és azzal a váddal állították bíróság elé, hogy 1956 ősszén az ellenforradalom lelkes híve [&hellip;]</p>
