{"id":16125,"date":"2025-07-15T16:05:47","date_gmt":"2025-07-15T14:05:47","guid":{"rendered":"https:\/\/uj.adatbank.ro\/lexikon\/termek\/nagy-elemer-sarosberkeszi\/"},"modified":"2025-07-15T16:05:47","modified_gmt":"2025-07-15T14:05:47","slug":"nagy-elemer-sarosberkeszi","status":"publish","type":"product","link":"https:\/\/uj.adatbank.ro\/lexikon\/termek\/nagy-elemer-sarosberkeszi\/","title":{"rendered":"NAGY Elem\u00e9r, s\u00e1rosberkeszi"},"content":{"rendered":"<p>Mez\u0151bergenye, 1919. aug. 7., \u2020 Mv., 1995. m\u00e1j. 5.: agr\u00e1rm\u00e9rn\u00f6k. \u2013 Mez\u0151bergeny\u00e9ben az elemi iskol\u00e1ban (1929\u201336), Mv.-en a Ref. Koll.-ban (1929\u201336), Medgyesen a n\u00e9met mez\u0151gazdas\u00e1gi technikumban tanult \u00e9s itt \u00e9retts\u00e9gizett (1937\u201339), Kv.-on a Mez\u0151gazdas\u00e1gi F\u0151iskol\u00e1n szerzett oklevelet (1943). A II. vh.-ban frontkatona (1943. okt.\u201344. m\u00e1j.) \u00e9s hadifogs\u00e1gba esett (1944. m\u00e1j. \u2013 44. dec. ), haza t\u00e9rve sz\u00fclei birtok\u00e1n gazd\u00e1lkodott (1945\u201349. m\u00e1rc. 2.), Mv.-re k\u00e9nyszerlakhelyre telep\u00edtett\u00e9k \u00f6t tag\u00fa csal\u00e1dj\u00e1val (1949. m\u00e1rc. 3.). Mv.-en alkalmi munk\u00e1s, eszterg\u00e1lyos (1949\u201354), az \u00c1ll. Mez\u0151gazdas\u00e1gi V\u00e1llalat m\u00e9rn\u00f6ke nyugd\u00edjaz\u00e1s\u00e1ig (1954. \u00e1pr. 15.\u201379. aug. 31.), ill. oszt\u00e1lyvezet\u0151 f\u0151m\u00e9rn\u00f6ke. Az EMGE tagja, \u00f6nk\u00e9ntes oktat\u00f3, ez\u00fcst \u2013 \u00e9s aranykal\u00e1szos gazda-tanfolyam vezet\u0151, az RMGE v\u00e1lasztm\u00e1nyi tagja, a RMKDP tagja, aleln\u00f6ke, \u00fcgyvezet\u0151 eln\u00f6ke (1990. dec. 14.\u2013), az RMDSZ Maros megyeiszervezeteTer\u00fcleti K\u00e9pvisel\u0151k Tan\u00e1csa aleln\u00f6ke. <br \/><strong>Irod.:<\/strong> KKACs; Kusz\u00e1lik; Mik\u00f3; [Nekrol\u00f3g] (N\u00fa., 1995. m\u00e1j. 6.)<\/br><\/p>\n","protected":false},"excerpt":{"rendered":"<p>Mez\u0151bergenye, 1919. aug. 7., \u2020 Mv., 1995. m\u00e1j. 5.: agr\u00e1rm\u00e9rn\u00f6k. \u2013 Mez\u0151bergeny\u00e9ben az elemi iskol\u00e1ban (1929\u201336), Mv.-en a Ref. Koll.-ban (1929\u201336), Medgyesen a n\u00e9met mez\u0151gazdas\u00e1gi technikumban tanult \u00e9s itt \u00e9retts\u00e9gizett (1937\u201339), Kv.-on a Mez\u0151gazdas\u00e1gi F\u0151iskol\u00e1n szerzett oklevelet (1943). A II. vh.-ban frontkatona (1943. okt.\u201344. m\u00e1j.) \u00e9s hadifogs\u00e1gba esett (1944. m\u00e1j. \u2013 44. dec. ), haza [&hellip;]<\/p>\n","protected":false},"featured_media":0,"comment_status":"open","ping_status":"closed","template":"","meta":[],"product_brand":[],"product_cat":[137],"product_tag":[],"class_list":{"0":"post-16125","1":"product","2":"type-product","3":"status-publish","5":"product_cat-maros-megyei-eletrajzi-lexikon","7":"first","8":"instock","9":"shipping-taxable","10":"product-type-simple"},"_links":{"self":[{"href":"https:\/\/uj.adatbank.ro\/lexikon\/wp-json\/wp\/v2\/product\/16125","targetHints":{"allow":["GET"]}}],"collection":[{"href":"https:\/\/uj.adatbank.ro\/lexikon\/wp-json\/wp\/v2\/product"}],"about":[{"href":"https:\/\/uj.adatbank.ro\/lexikon\/wp-json\/wp\/v2\/types\/product"}],"replies":[{"embeddable":true,"href":"https:\/\/uj.adatbank.ro\/lexikon\/wp-json\/wp\/v2\/comments?post=16125"}],"wp:attachment":[{"href":"https:\/\/uj.adatbank.ro\/lexikon\/wp-json\/wp\/v2\/media?parent=16125"}],"wp:term":[{"taxonomy":"product_brand","embeddable":true,"href":"https:\/\/uj.adatbank.ro\/lexikon\/wp-json\/wp\/v2\/product_brand?post=16125"},{"taxonomy":"product_cat","embeddable":true,"href":"https:\/\/uj.adatbank.ro\/lexikon\/wp-json\/wp\/v2\/product_cat?post=16125"},{"taxonomy":"product_tag","embeddable":true,"href":"https:\/\/uj.adatbank.ro\/lexikon\/wp-json\/wp\/v2\/product_tag?post=16125"}],"curies":[{"name":"wp","href":"https:\/\/api.w.org\/{rel}","templated":true}]}}

NAGY Elemér, sárosberkeszi

<p>Mezőbergenye, 1919. aug. 7., † Mv., 1995. máj. 5.: agrármérnök. – Mezőbergenyében az elemi iskolában (1929–36), Mv.-en a Ref. Koll.-ban (1929–36), Medgyesen a német mezőgazdasági technikumban tanult és itt érettségizett (1937–39), Kv.-on a Mezőgazdasági Főiskolán szerzett oklevelet (1943). A II. vh.-ban frontkatona (1943. okt.–44. máj.) és hadifogságba esett (1944. máj. – 44. dec. ), haza térve szülei birtokán gazdálkodott (1945–49. márc. 2.), Mv.-re kényszerlakhelyre telepítették öt tagú családjával (1949. márc. 3.). Mv.-en alkalmi munkás, esztergályos (1949–54), az Áll. Mezőgazdasági Vállalat mérnöke nyugdíjazásáig (1954. ápr. 15.–79. aug. 31.), ill. osztályvezető főmérnöke. Az EMGE tagja, önkéntes oktató, ezüst – és aranykalászos gazda-tanfolyam vezető, az RMGE választmányi tagja, a RMKDP tagja, alelnöke, ügyvezető elnöke (1990. dec. 14.–), az RMDSZ Maros megyeiszervezeteTerületi Képviselők Tanácsa alelnöke. <br /><strong>Irod.:</strong> KKACs; Kuszálik; Mikó; [Nekrológ] (Nú., 1995. máj. 6.)</br></p>

<p>Mezőbergenye, 1919. aug. 7., † Mv., 1995. máj. 5.: agrármérnök. – Mezőbergenyében az elemi iskolában (1929–36), Mv.-en a Ref. Koll.-ban (1929–36), Medgyesen a német mezőgazdasági technikumban tanult és itt érettségizett (1937–39), Kv.-on a Mezőgazdasági Főiskolán szerzett oklevelet (1943). A II. vh.-ban frontkatona (1943. okt.–44. máj.) és hadifogságba esett (1944. máj. – 44. dec. ), haza [&hellip;]</p>
