{"id":16128,"date":"2025-07-15T16:05:52","date_gmt":"2025-07-15T14:05:52","guid":{"rendered":"https:\/\/uj.adatbank.ro\/lexikon\/termek\/nagy-emma-%c2%a7\/"},"modified":"2025-07-15T16:05:52","modified_gmt":"2025-07-15T14:05:52","slug":"nagy-emma-%c2%a7","status":"publish","type":"product","link":"https:\/\/uj.adatbank.ro\/lexikon\/termek\/nagy-emma-%c2%a7\/","title":{"rendered":"NAGY Emma, \u00a7"},"content":{"rendered":"<p>T\u00farkeve, 1895. m\u00e1rc. 13., \u2020 Bp., 1957. m\u00e1rc. 8.: k\u00f6lt\u0151, tan\u00e1r. \u2013 F\u00e9rje: Solt Jen\u0151 (Stockinger Jen\u0151). \u2013 Bp.-en a TE tanult (1923\u201324), tan\u00e1ri diplom\u00e1j\u00e1t szerzett. Mv.-en a Ref. Le\u00e1nyk\u00f6z\u00e9piskola idegen nyelv \u00e9s t\u00f6rt\u00e9nelem tan\u00e1ra (1918\u201323), a KZST tagja (1920\u2013). A Zord Id\u0151 egyik f\u0151munkt\u00e1rsa, has\u00e1bjain jelentek meg k\u00f6ltem\u00e9nyei, irodalmi esteken szerepelt verseivel. R\u00e9szt vett a Mv.-en rendezett Zord Id\u0151 irodalmi estjein (1919. dec. 8, 1920 szept. 29). Els\u0151 versesk\u00f6tete Mv.-en jelent meg (1920), az Erd\u00e9lyi k\u00f6lt\u0151k c. Berlinben kiadott m. versantol\u00f3gi\u00e1ba (1924) 10 vers\u00e9t vett\u00e9k fel. \u00d6ssze\u00fctk\u00f6z\u00e9sbe ker\u00fclt halad\u00f3 n\u00e9zetei miatt az egyh\u00e1zi hat\u00f3s\u00e1gokkal \u00e9s meg kellett v\u00e1llnia mv.-i katedr\u00e1j\u00e1t\u00f3l (1923), visszak\u00fcldt\u00e9k sz\u00fcl\u0151f\u00f6ldj\u00e9re. Tan\u00e1r a p\u00e9celi, szarvasi, r\u00e1ckevei, r\u00f3kusligeti, p\u00e1szt\u00f3i \u00e9s monori polg\u00e1ri iskol\u00e1kban (1925\u2013). R\u00e1kosligeten (1937\u2013), G\u00f6d\u00f6ll\u0151n (1939\u2013) \u00e9lt. Versei megjelentek a: Zord Id\u0151, Napkelet, P\u00e1sztort\u0171z, Nyugat, Magyaro, P. H\u00edrlap, \u00daj Nemzed\u00e9k-ben. \u2013 <strong>F. m.:<\/strong> A verseim (Mv., 1920); Megk\u00f6t\u00f6zve (vers.; Mez\u0151t\u00far, 1924); Az \u00e1rva n\u0151 ballad\u00e1ja (N. E. versei; Mez\u0151t\u00far, 1936); Asszonynak lenni (Hatvan, 1936); <strong>t\u00e1rssz.:<\/strong> Harmat Art\u00far: Magyar le\u00e1nyok n\u00f3t\u00e1sk\u00f6nyve (sz\u00f6veg, Bp., 1934); <strong>antol\u00f3g.:<\/strong> Erd\u00e9lyi k\u00f6lt\u0151k (Berlin, 1924); A magyar n\u0151 k\u00f6nyve (Losonc, 1926); Magyar k\u00f6lt\u0151k (Bp., 1928); Magyar brevi\u00e1rium (Bp., 1942); Z\u00f3rd Id\u0151 antol\u00f3gia (Mv., 1998). <br \/><strong>Irod.:<\/strong> Chinezu; Eml\u00e9kk.Szab\u00f3 Mikl\u00f3s; Erd\u00e9lyi lexikon; F\u00fcl\u00f6p\u2013Ferencz; Guly\u00e1s; Gy\u00f6rgy 1926; Id\u0151t\u00e1r 3; Marosi-KZST; Molter 1., 3.; Osv\u00e1th; R\u00e9thy\u2013V\u00e1czy; RMIL, Transilvania; Z\u00e1honyi; Zord Id\u0151; Gy\u00f6rgy 1926<\/br><\/p>\n","protected":false},"excerpt":{"rendered":"<p>T\u00farkeve, 1895. m\u00e1rc. 13., \u2020 Bp., 1957. m\u00e1rc. 8.: k\u00f6lt\u0151, tan\u00e1r. \u2013 F\u00e9rje: Solt Jen\u0151 (Stockinger Jen\u0151). \u2013 Bp.-en a TE tanult (1923\u201324), tan\u00e1ri diplom\u00e1j\u00e1t szerzett. Mv.-en a Ref. Le\u00e1nyk\u00f6z\u00e9piskola idegen nyelv \u00e9s t\u00f6rt\u00e9nelem tan\u00e1ra (1918\u201323), a KZST tagja (1920\u2013). A Zord Id\u0151 egyik f\u0151munkt\u00e1rsa, has\u00e1bjain jelentek meg k\u00f6ltem\u00e9nyei, irodalmi esteken szerepelt verseivel. R\u00e9szt vett [&hellip;]<\/p>\n","protected":false},"featured_media":0,"comment_status":"open","ping_status":"closed","template":"","meta":[],"product_brand":[],"product_cat":[137],"product_tag":[],"class_list":{"0":"post-16128","1":"product","2":"type-product","3":"status-publish","5":"product_cat-maros-megyei-eletrajzi-lexikon","7":"first","8":"instock","9":"shipping-taxable","10":"product-type-simple"},"_links":{"self":[{"href":"https:\/\/uj.adatbank.ro\/lexikon\/wp-json\/wp\/v2\/product\/16128","targetHints":{"allow":["GET"]}}],"collection":[{"href":"https:\/\/uj.adatbank.ro\/lexikon\/wp-json\/wp\/v2\/product"}],"about":[{"href":"https:\/\/uj.adatbank.ro\/lexikon\/wp-json\/wp\/v2\/types\/product"}],"replies":[{"embeddable":true,"href":"https:\/\/uj.adatbank.ro\/lexikon\/wp-json\/wp\/v2\/comments?post=16128"}],"wp:attachment":[{"href":"https:\/\/uj.adatbank.ro\/lexikon\/wp-json\/wp\/v2\/media?parent=16128"}],"wp:term":[{"taxonomy":"product_brand","embeddable":true,"href":"https:\/\/uj.adatbank.ro\/lexikon\/wp-json\/wp\/v2\/product_brand?post=16128"},{"taxonomy":"product_cat","embeddable":true,"href":"https:\/\/uj.adatbank.ro\/lexikon\/wp-json\/wp\/v2\/product_cat?post=16128"},{"taxonomy":"product_tag","embeddable":true,"href":"https:\/\/uj.adatbank.ro\/lexikon\/wp-json\/wp\/v2\/product_tag?post=16128"}],"curies":[{"name":"wp","href":"https:\/\/api.w.org\/{rel}","templated":true}]}}

<p>Túrkeve, 1895. márc. 13., † Bp., 1957. márc. 8.: költő, tanár. – Férje: Solt Jenő (Stockinger Jenő). – Bp.-en a TE tanult (1923–24), tanári diplomáját szerzett. Mv.-en a Ref. Leányközépiskola idegen nyelv és történelem tanára (1918–23), a KZST tagja (1920–). A Zord Idő egyik főmunktársa, hasábjain jelentek meg költeményei, irodalmi esteken szerepelt verseivel. Részt vett a Mv.-en rendezett Zord Idő irodalmi estjein (1919. dec. 8, 1920 szept. 29). Első verseskötete Mv.-en jelent meg (1920), az Erdélyi költők c. Berlinben kiadott m. versantológiába (1924) 10 versét vették fel. Összeütközésbe került haladó nézetei miatt az egyházi hatóságokkal és meg kellett vállnia mv.-i katedrájától (1923), visszaküldték szülőföldjére. Tanár a péceli, szarvasi, ráckevei, rókusligeti, pásztói és monori polgári iskolákban (1925–). Rákosligeten (1937–), Gödöllőn (1939–) élt. Versei megjelentek a: Zord Idő, Napkelet, Pásztortűz, Nyugat, Magyaro, P. Hírlap, Új Nemzedék-ben. – <strong>F. m.:</strong> A verseim (Mv., 1920); Megkötözve (vers.; Mezőtúr, 1924); Az árva nő balladája (N. E. versei; Mezőtúr, 1936); Asszonynak lenni (Hatvan, 1936); <strong>társsz.:</strong> Harmat Artúr: Magyar leányok nótáskönyve (szöveg, Bp., 1934); <strong>antológ.:</strong> Erdélyi költők (Berlin, 1924); A magyar nő könyve (Losonc, 1926); Magyar költők (Bp., 1928); Magyar breviárium (Bp., 1942); Zórd Idő antológia (Mv., 1998). <br /><strong>Irod.:</strong> Chinezu; Emlékk.Szabó Miklós; Erdélyi lexikon; Fülöp–Ferencz; Gulyás; György 1926; Időtár 3; Marosi-KZST; Molter 1., 3.; Osváth; Réthy–Váczy; RMIL, Transilvania; Záhonyi; Zord Idő; György 1926</br></p>

<p>Túrkeve, 1895. márc. 13., † Bp., 1957. márc. 8.: költő, tanár. – Férje: Solt Jenő (Stockinger Jenő). – Bp.-en a TE tanult (1923–24), tanári diplomáját szerzett. Mv.-en a Ref. Leányközépiskola idegen nyelv és történelem tanára (1918–23), a KZST tagja (1920–). A Zord Idő egyik főmunktársa, hasábjain jelentek meg költeményei, irodalmi esteken szerepelt verseivel. Részt vett [&hellip;]</p>
