{"id":16130,"date":"2025-07-15T16:05:57","date_gmt":"2025-07-15T14:05:57","guid":{"rendered":"https:\/\/uj.adatbank.ro\/lexikon\/termek\/nagy-endre-2\/"},"modified":"2025-07-15T16:05:57","modified_gmt":"2025-07-15T14:05:57","slug":"nagy-endre-2","status":"publish","type":"product","link":"https:\/\/uj.adatbank.ro\/lexikon\/termek\/nagy-endre-2\/","title":{"rendered":"NAGY Endre"},"content":{"rendered":"<p>Kutyfalva, 1883. nov. 25., \u2020 Sz\u00e9kelyudvarhely, 1969. \u00e1pr. 18.: gazdas\u00e1gi tan\u00e1r, szak\u00edr\u00f3, gazdaegyleti titk\u00e1r. \u2013 A k\u00f6z\u00e9piskol\u00e1t a mv.-i Ref. Koll.-ban v\u00e9gezte (1902), ezut\u00e1n a kv.-i Gazdas\u00e1gi Akad\u00e9mi\u00e1n szerzett oklevelet (1905), K\u00f6zben (1904\u201305) a kolozsv\u00e1ri egyetemen jogot is hallgat, de tanulm\u00e1nyait itt csak 1909\u201313 k\u00f6z\u00f6tt folytathatja, s a h\u00e1bor\u00fa \u00e9s hadifogs\u00e1g ut\u00e1n, m\u00e1r az I. Ferdin\u00e1nd Egyetemen szerzi meg az \u00e1llamtudom\u00e1nyi doktor\u00e1tust ( 1923). A l\u00e9vai Sch\u00f6ller uradalomban seg\u00e9dtiszt (1905\u201309), a kv.-i Magvizsg\u00e1l\u00f3 \u00c1llom\u00e1son dolgozott (1909\u201310) A Szolnok-Dob\u00f3ka megyei Gazdas\u00e1gi Egylet seg\u00e9dtitk\u00e1ra (1910\u2013), majd titk\u00e1ra (\u20131931). A hatalomv\u00e1ltoz\u00e1st k\u00f6vet\u0151en \u00fajraszervez\u0151je, a D\u00e9sen megjelen\u0151 Egyleti \u00c9rtes\u00edt\u0151nek, szerkeszt\u0151je a Mez\u0151gazdas\u00e1gi Szemle c. havilapnak (1930\u2013). K\u00f6zben uradalmi tan\u00e1csad\u00f3ja a mez\u0151z\u00e1hi \u00e9s bethleni m\u00e1gn\u00e1sbirtokoknak, alkalmi j\u00e9gk\u00e1rbecsl\u0151 egy biztos\u00edt\u00e1si r\u00e9szv\u00e9nyt\u00e1rsas\u00e1gn\u00e1l. Elv\u00e1llalta az unit\u00e1rius egyh\u00e1z \u00e1ltal alap\u00edtott Sz\u00e9kelykereszt\u00fari Unit\u00e1rius T\u00e9li Gazdas\u00e1gi Iskola igazgat\u00f3s\u00e1g\u00e1t (1929), majd Majl\u00e1th Guszt\u00e1v p\u00fcsp\u00f6k k\u00e9r\u00e9s\u00e9re seg\u00edtett a radn\u00f3ti (1932) \u00e9s a k\u00e9zdiv\u00e1s\u00e1rhelyi r. k. gazdas\u00e1gi iskol\u00e1k l\u00e9trehoz\u00e1s\u00e1ban; megszervezte a Bethlen Koll\u00e9gium mellett \u00ednd\u00edtott csombordi t\u00e9li gazdas\u00e1gi \u00e9s sz\u0151l\u00e9szeti iskol\u00e1t, amelynek m\u00e9g az \u00e1llamos\u00edt\u00e1son \u00e9s nyugd\u00edjaz\u00e1s\u00e1n is t\u00fal igazgat\u00f3ja tan\u00e1ra volt (1936\u20131954), A II. vil\u00e1gh\u00e1bor\u00fa \u00e9vei \u00fajabb megpr\u00f3b\u00e1ltat\u00e1sokat jelentenek sz\u00e1m\u00e1ra: mint a d\u00e9l-erd\u00e9lyi magyars\u00e1g jeles \u00e9rtelmis\u00e9gi szem\u00e9lyis\u00e9g\u00e9t, t\u00f6bbsz\u00f6r letart\u00f3ztatt\u00e1k, 1944. augusztus 23-a ut\u00e1n intern\u00e1lt\u00e1k. Hazat\u00e9rve m\u00e9gis siker\u00fcl \u00fajraszerveznie a h\u00e1bor\u00faban megviselt csombordi szakiskol\u00e1t, elt\u0171ntetnie a sebeket. 1946\u201348 k\u00f6z\u00f6tt igazgat\u00f3i \u00e9s tan\u00e1ri munk\u00e1j\u00e1n k\u00edv\u00fcl az erd\u00e9lyi magyar gazdas\u00e1gi iskol\u00e1k miniszt\u00e9rium \u00e1ltal kinevezett fel\u00fcgyel\u0151jek\u00e9nt is dolgozott. Nyugd\u00edjask\u00e9nt, k\u00f6lt\u00f6z\u00f6tt \u00e1t Sz\u00e9kelyudvarhelyre (1954), ahol n\u00e9h\u00e1ny \u00e9vig m\u00e9g tan\u00edtott a mez\u0151gazdas\u00e1gi szakliceumban. A sz\u00e9ki ref. egyh\u00e1zmegye vil\u00e1gi f\u0151jegyz\u0151je volt. Gazdas\u00e1gi szak<strong>Cikkei:<\/strong> a kv.-i Ellenz\u00e9k, Erd\u00e9lyi Gazda, Magyar N\u00e9p, a Szolnok-Dob\u00f3ka V\u00e1rmegyei Gazdas\u00e1gi Egylet Hivatalos K\u00f6zl\u00f6nye, melynek szerkeszt\u0151je is, a dics\u0151szentm\u00e1rtonban kiadott Mez\u0151gazdas\u00e1gi Szemle.-ben. \u2013 <strong>F. m.:<\/strong> A cukorr\u00e9pa termel\u00e9se (Kv., 1926, megjelent rom\u00e1n nyelven is); A gazdak\u00f6r\u00f6k szervez\u00e9s\u00e9r\u0151l \u00e9s vezet\u00e9s\u00e9r\u0151l (Kv., 1925, 1929); <strong>t\u00e1rssz.:<\/strong> Gazdatudom\u00e1ny: K\u00e9zik\u00f6nyv gazdas\u00e1gi iskol\u00e1k \u00e9s halad\u00f3 gazd\u00e1k sz\u00e1m\u00e1ra (Sz\u00e1sz Ferenccel, Kv., 1936, 1937). <br \/><strong>Irod.:<\/strong> A X. Keresk. Oktat\u00e1s\u00fcgyi Nemzetk\u00f6zi Kongresszus k\u00f6zlem\u00e9nyei (Bp., 1913); EM; Ki kicsoda ?; Osv\u00e1th, RMIL, \u00dcnnepi k\u00f6nyv; Veress Istv\u00e1n : N. E. \u00e9let\u00fatja (Term\u00e9szet Vil\u00e1ga, 1995\/1); <\/br><\/p>\n","protected":false},"excerpt":{"rendered":"<p>Kutyfalva, 1883. nov. 25., \u2020 Sz\u00e9kelyudvarhely, 1969. \u00e1pr. 18.: gazdas\u00e1gi tan\u00e1r, szak\u00edr\u00f3, gazdaegyleti titk\u00e1r. \u2013 A k\u00f6z\u00e9piskol\u00e1t a mv.-i Ref. Koll.-ban v\u00e9gezte (1902), ezut\u00e1n a kv.-i Gazdas\u00e1gi Akad\u00e9mi\u00e1n szerzett oklevelet (1905), K\u00f6zben (1904\u201305) a kolozsv\u00e1ri egyetemen jogot is hallgat, de tanulm\u00e1nyait itt csak 1909\u201313 k\u00f6z\u00f6tt folytathatja, s a h\u00e1bor\u00fa \u00e9s hadifogs\u00e1g ut\u00e1n, m\u00e1r az I. [&hellip;]<\/p>\n","protected":false},"featured_media":0,"comment_status":"open","ping_status":"closed","template":"","meta":[],"product_brand":[],"product_cat":[137],"product_tag":[],"class_list":{"0":"post-16130","1":"product","2":"type-product","3":"status-publish","5":"product_cat-maros-megyei-eletrajzi-lexikon","7":"first","8":"instock","9":"shipping-taxable","10":"product-type-simple"},"_links":{"self":[{"href":"https:\/\/uj.adatbank.ro\/lexikon\/wp-json\/wp\/v2\/product\/16130","targetHints":{"allow":["GET"]}}],"collection":[{"href":"https:\/\/uj.adatbank.ro\/lexikon\/wp-json\/wp\/v2\/product"}],"about":[{"href":"https:\/\/uj.adatbank.ro\/lexikon\/wp-json\/wp\/v2\/types\/product"}],"replies":[{"embeddable":true,"href":"https:\/\/uj.adatbank.ro\/lexikon\/wp-json\/wp\/v2\/comments?post=16130"}],"wp:attachment":[{"href":"https:\/\/uj.adatbank.ro\/lexikon\/wp-json\/wp\/v2\/media?parent=16130"}],"wp:term":[{"taxonomy":"product_brand","embeddable":true,"href":"https:\/\/uj.adatbank.ro\/lexikon\/wp-json\/wp\/v2\/product_brand?post=16130"},{"taxonomy":"product_cat","embeddable":true,"href":"https:\/\/uj.adatbank.ro\/lexikon\/wp-json\/wp\/v2\/product_cat?post=16130"},{"taxonomy":"product_tag","embeddable":true,"href":"https:\/\/uj.adatbank.ro\/lexikon\/wp-json\/wp\/v2\/product_tag?post=16130"}],"curies":[{"name":"wp","href":"https:\/\/api.w.org\/{rel}","templated":true}]}}

<p>Kutyfalva, 1883. nov. 25., † Székelyudvarhely, 1969. ápr. 18.: gazdasági tanár, szakíró, gazdaegyleti titkár. – A középiskolát a mv.-i Ref. Koll.-ban végezte (1902), ezután a kv.-i Gazdasági Akadémián szerzett oklevelet (1905), Közben (1904–05) a kolozsvári egyetemen jogot is hallgat, de tanulmányait itt csak 1909–13 között folytathatja, s a háború és hadifogság után, már az I. Ferdinánd Egyetemen szerzi meg az államtudományi doktorátust ( 1923). A lévai Schöller uradalomban segédtiszt (1905–09), a kv.-i Magvizsgáló Állomáson dolgozott (1909–10) A Szolnok-Dobóka megyei Gazdasági Egylet segédtitkára (1910–), majd titkára (–1931). A hatalomváltozást követően újraszervezője, a Désen megjelenő Egyleti Értesítőnek, szerkesztője a Mezőgazdasági Szemle c. havilapnak (1930–). Közben uradalmi tanácsadója a mezőzáhi és bethleni mágnásbirtokoknak, alkalmi jégkárbecslő egy biztosítási részvénytársaságnál. Elvállalta az unitárius egyház által alapított Székelykeresztúri Unitárius Téli Gazdasági Iskola igazgatóságát (1929), majd Majláth Gusztáv püspök kérésére segített a radnóti (1932) és a kézdivásárhelyi r. k. gazdasági iskolák létrehozásában; megszervezte a Bethlen Kollégium mellett índított csombordi téli gazdasági és szőlészeti iskolát, amelynek még az államosításon és nyugdíjazásán is túl igazgatója tanára volt (1936–1954), A II. világháború évei újabb megpróbáltatásokat jelentenek számára: mint a dél-erdélyi magyarság jeles értelmiségi személyiségét, többször letartóztatták, 1944. augusztus 23-a után internálták. Hazatérve mégis sikerül újraszerveznie a háborúban megviselt csombordi szakiskolát, eltűntetnie a sebeket. 1946–48 között igazgatói és tanári munkáján kívül az erdélyi magyar gazdasági iskolák minisztérium által kinevezett felügyelőjeként is dolgozott. Nyugdíjasként, költözött át Székelyudvarhelyre (1954), ahol néhány évig még tanított a mezőgazdasági szakliceumban. A széki ref. egyházmegye világi főjegyzője volt. Gazdasági szak<strong>Cikkei:</strong> a kv.-i Ellenzék, Erdélyi Gazda, Magyar Nép, a Szolnok-Dobóka Vármegyei Gazdasági Egylet Hivatalos Közlönye, melynek szerkesztője is, a dicsőszentmártonban kiadott Mezőgazdasági Szemle.-ben. – <strong>F. m.:</strong> A cukorrépa termelése (Kv., 1926, megjelent román nyelven is); A gazdakörök szervezéséről és vezetéséről (Kv., 1925, 1929); <strong>társsz.:</strong> Gazdatudomány: Kézikönyv gazdasági iskolák és haladó gazdák számára (Szász Ferenccel, Kv., 1936, 1937). <br /><strong>Irod.:</strong> A X. Keresk. Oktatásügyi Nemzetközi Kongresszus közleményei (Bp., 1913); EM; Ki kicsoda ?; Osváth, RMIL, Ünnepi könyv; Veress István : N. E. életútja (Természet Világa, 1995/1); </br></p>

<p>Kutyfalva, 1883. nov. 25., † Székelyudvarhely, 1969. ápr. 18.: gazdasági tanár, szakíró, gazdaegyleti titkár. – A középiskolát a mv.-i Ref. Koll.-ban végezte (1902), ezután a kv.-i Gazdasági Akadémián szerzett oklevelet (1905), Közben (1904–05) a kolozsvári egyetemen jogot is hallgat, de tanulmányait itt csak 1909–13 között folytathatja, s a háború és hadifogság után, már az I. [&hellip;]</p>
