{"id":16135,"date":"2025-07-15T16:06:07","date_gmt":"2025-07-15T14:06:07","guid":{"rendered":"https:\/\/uj.adatbank.ro\/lexikon\/termek\/nagy-erno\/"},"modified":"2025-07-15T16:06:07","modified_gmt":"2025-07-15T14:06:07","slug":"nagy-erno","status":"publish","type":"product","link":"https:\/\/uj.adatbank.ro\/lexikon\/termek\/nagy-erno\/","title":{"rendered":"NAGY Ern\u0151"},"content":{"rendered":"<p>Mv., 1914., \u2020 N\u00fcrnberg, 1995. j\u00fal. 23.: francia-magyar \u2013 rom\u00e1n szakos tan\u00e1r. \u2013 Nagy Endre Ref. Koll. igazgat\u00f3j\u00e1nak fia. Volt titk\u00e1r, tan\u00e1r \u00e9s igazgat\u00f3 helyettes a Ref. Koll.-ban (1947. j\u00fal.-ig). A II. vh.-ban tart. z\u00e1szl\u00f3si rangban vett r\u00e9szt. A tan\u00fcgyi reform ut\u00e1n falura k\u00fcldt\u00e9k \u0151t \u00e9s feles\u00e9g\u00e9t is tan\u00edtani, mert ap\u00f3sa M\u00fcller tan\u00e1r a II. vh.-ban a N\u00e9met N\u00e9pi Sz\u00f6vets\u00e9g, a Volksbund p\u00e9nzt\u00e1rosa volt. Azt\u00e1n tehets\u00e9ge, szak\u00e9rtelme \u00e9s szorgalma miatt visszaker\u00fclt a v\u00e1rosba. El\u0151bb a K\u00f6z\u00e9pfok\u00fa P\u00e9nz\u00fcgyi iskola igazgat\u00f3ja, magyartan\u00e1ra, a 4 sz. Le\u00e1nyl\u00edceumban magyart, franci\u00e1t, latint tan\u00edtott. Tan\u00e1r a mv.-i volt Ref. Koll.-ban, a Ranghe\u0163 Fi\u00faliceumban, a mai Bolyai Farkas L\u00edc-ban (1947\u201354), majd a Pedag\u00f3giai F\u0151iskola m. szakos tan\u00e1ra lett Nyugd\u00edjask\u00e9nt N\u00e9meto.-ba ment ott is halt meg. A MSE tagja (1924\u2013). A tenisz, aztalitenisz, v\u00edv\u00f3 \u00e9s s\u00edsportban szerepelt.. Az egyes\u00fclet titk\u00e1ra (1937\u2013), majd a tenisz \u00e9s asztalitenisz szakoszt\u00e1ly eln\u00f6ke \u00e9s D\u00e9lerd\u00e9ly helyettes teniszel\u0151ad\u00f3ja volt. Mint itthon mint Francio.-ban sz\u00e1mos helyez\u00e9st \u00e9rt el tenisz \u00e9s asztaliteniszben. Feles\u00e9ge M\u00fcller \u00c9va tan\u00e1rn\u0151. Francia nyelv tank\u00f6nyveket dolgozott \u00e1t magyar tannyelv\u0171 elemi-, k\u00f6z\u00e9piskol\u00e1k \u00e9s szakliceumok sz\u00e1m\u00e1ra (V-VIII o, IX-XII o; 1969\u20141980). \u2013 <strong>F. m.:<\/strong> t\u00e1rssz: Olvas\u00f3k\u00f6nyv \u00e9s nyelvtan. Tank\u00f6nyv a VII. oszt\u00e1ly sz\u00e1m\u00e1ra Buk., 1965, 1966, 1967, 1968), Irodalmi olvas\u00f3k\u00f6nyv \u00e9s nyelvtan. Tank\u00f6nyv a VIII. oszt\u00e1ly sz\u00e1m\u00e1ra (Buk., 1968), Olvas\u00f3k\u00f6nyv \u00e9s nyelvtan a IX. oszt\u00e1ly sz\u00e1m\u00e1ra (Buk., 1969). <br \/><strong>Irod.:<\/strong> Berekm\u00e9ri; Kl\u00f3sz\u2013Tolok\u00e1n; Mv. t\u00f6rt. 2.; [Nekrol\u00f3g] (N\u00fa., 1995. j\u00fal. 26.); Pluh\u00e1r; Sipos; Sk\u00f3la<\/br><\/p>\n","protected":false},"excerpt":{"rendered":"<p>Mv., 1914., \u2020 N\u00fcrnberg, 1995. j\u00fal. 23.: francia-magyar \u2013 rom\u00e1n szakos tan\u00e1r. \u2013 Nagy Endre Ref. Koll. igazgat\u00f3j\u00e1nak fia. Volt titk\u00e1r, tan\u00e1r \u00e9s igazgat\u00f3 helyettes a Ref. Koll.-ban (1947. j\u00fal.-ig). A II. vh.-ban tart. z\u00e1szl\u00f3si rangban vett r\u00e9szt. A tan\u00fcgyi reform ut\u00e1n falura k\u00fcldt\u00e9k \u0151t \u00e9s feles\u00e9g\u00e9t is tan\u00edtani, mert ap\u00f3sa M\u00fcller tan\u00e1r a II. [&hellip;]<\/p>\n","protected":false},"featured_media":0,"comment_status":"open","ping_status":"closed","template":"","meta":[],"product_brand":[],"product_cat":[137],"product_tag":[],"class_list":{"0":"post-16135","1":"product","2":"type-product","3":"status-publish","5":"product_cat-maros-megyei-eletrajzi-lexikon","7":"first","8":"instock","9":"shipping-taxable","10":"product-type-simple"},"_links":{"self":[{"href":"https:\/\/uj.adatbank.ro\/lexikon\/wp-json\/wp\/v2\/product\/16135","targetHints":{"allow":["GET"]}}],"collection":[{"href":"https:\/\/uj.adatbank.ro\/lexikon\/wp-json\/wp\/v2\/product"}],"about":[{"href":"https:\/\/uj.adatbank.ro\/lexikon\/wp-json\/wp\/v2\/types\/product"}],"replies":[{"embeddable":true,"href":"https:\/\/uj.adatbank.ro\/lexikon\/wp-json\/wp\/v2\/comments?post=16135"}],"wp:attachment":[{"href":"https:\/\/uj.adatbank.ro\/lexikon\/wp-json\/wp\/v2\/media?parent=16135"}],"wp:term":[{"taxonomy":"product_brand","embeddable":true,"href":"https:\/\/uj.adatbank.ro\/lexikon\/wp-json\/wp\/v2\/product_brand?post=16135"},{"taxonomy":"product_cat","embeddable":true,"href":"https:\/\/uj.adatbank.ro\/lexikon\/wp-json\/wp\/v2\/product_cat?post=16135"},{"taxonomy":"product_tag","embeddable":true,"href":"https:\/\/uj.adatbank.ro\/lexikon\/wp-json\/wp\/v2\/product_tag?post=16135"}],"curies":[{"name":"wp","href":"https:\/\/api.w.org\/{rel}","templated":true}]}}

NAGY Ernő

<p>Mv., 1914., † Nürnberg, 1995. júl. 23.: francia-magyar – román szakos tanár. – Nagy Endre Ref. Koll. igazgatójának fia. Volt titkár, tanár és igazgató helyettes a Ref. Koll.-ban (1947. júl.-ig). A II. vh.-ban tart. zászlósi rangban vett részt. A tanügyi reform után falura küldték őt és feleségét is tanítani, mert apósa Müller tanár a II. vh.-ban a Német Népi Szövetség, a Volksbund pénztárosa volt. Aztán tehetsége, szakértelme és szorgalma miatt visszakerült a városba. Előbb a Középfokú Pénzügyi iskola igazgatója, magyartanára, a 4 sz. Leánylíceumban magyart, franciát, latint tanított. Tanár a mv.-i volt Ref. Koll.-ban, a Rangheţ Fiúliceumban, a mai Bolyai Farkas Líc-ban (1947–54), majd a Pedagógiai Főiskola m. szakos tanára lett Nyugdíjasként Németo.-ba ment ott is halt meg. A MSE tagja (1924–). A tenisz, aztalitenisz, vívó és sísportban szerepelt.. Az egyesület titkára (1937–), majd a tenisz és asztalitenisz szakosztály elnöke és Délerdély helyettes teniszelőadója volt. Mint itthon mint Francio.-ban számos helyezést ért el tenisz és asztaliteniszben. Felesége Müller Éva tanárnő. Francia nyelv tankönyveket dolgozott át magyar tannyelvű elemi-, középiskolák és szakliceumok számára (V-VIII o, IX-XII o; 1969—1980). – <strong>F. m.:</strong> társsz: Olvasókönyv és nyelvtan. Tankönyv a VII. osztály számára Buk., 1965, 1966, 1967, 1968), Irodalmi olvasókönyv és nyelvtan. Tankönyv a VIII. osztály számára (Buk., 1968), Olvasókönyv és nyelvtan a IX. osztály számára (Buk., 1969). <br /><strong>Irod.:</strong> Berekméri; Klósz–Tolokán; Mv. tört. 2.; [Nekrológ] (Nú., 1995. júl. 26.); Pluhár; Sipos; Skóla</br></p>

<p>Mv., 1914., † Nürnberg, 1995. júl. 23.: francia-magyar – román szakos tanár. – Nagy Endre Ref. Koll. igazgatójának fia. Volt titkár, tanár és igazgató helyettes a Ref. Koll.-ban (1947. júl.-ig). A II. vh.-ban tart. zászlósi rangban vett részt. A tanügyi reform után falura küldték őt és feleségét is tanítani, mert apósa Müller tanár a II. [&hellip;]</p>
