{"id":16137,"date":"2025-07-15T16:06:10","date_gmt":"2025-07-15T14:06:10","guid":{"rendered":"https:\/\/uj.adatbank.ro\/lexikon\/termek\/nagy-erno-3\/"},"modified":"2025-07-15T16:06:10","modified_gmt":"2025-07-15T14:06:10","slug":"nagy-erno-3","status":"publish","type":"product","link":"https:\/\/uj.adatbank.ro\/lexikon\/termek\/nagy-erno-3\/","title":{"rendered":"NAGY Ern\u0151"},"content":{"rendered":"<p>1924., \u2020 Mv., 1990. nov. 24.: orvos. \u2013 A MOGYI-n v\u00e9gzett (1952). Katonaorvos lett. Ezredesk\u00e9nt fejezte be szolg\u00e1lat\u00e1t.Tev\u00e9kenys\u00e9g\u00e9t Mv.-en folytatta j\u00e1rv\u00e1nytan\u00e1szk\u00e9nt mint a Sanepid-f\u0151orvosat. <br \/><strong>Irod.:<\/strong> Kiss\u2013P\u00e9terffy\u2013P\u00e9terffy; [Nekrol\u00f3g] (N\u00fa., 1990. nov. 27.)<\/br><\/p>\n","protected":false},"excerpt":{"rendered":"<p>1924., \u2020 Mv., 1990. nov. 24.: orvos. \u2013 A MOGYI-n v\u00e9gzett (1952). Katonaorvos lett. Ezredesk\u00e9nt fejezte be szolg\u00e1lat\u00e1t.Tev\u00e9kenys\u00e9g\u00e9t Mv.-en folytatta j\u00e1rv\u00e1nytan\u00e1szk\u00e9nt mint a Sanepid-f\u0151orvosat. Irod.: Kiss\u2013P\u00e9terffy\u2013P\u00e9terffy; [Nekrol\u00f3g] (N\u00fa., 1990. nov. 27.)<\/p>\n","protected":false},"featured_media":0,"comment_status":"open","ping_status":"closed","template":"","meta":[],"product_brand":[],"product_cat":[137],"product_tag":[],"class_list":{"0":"post-16137","1":"product","2":"type-product","3":"status-publish","5":"product_cat-maros-megyei-eletrajzi-lexikon","7":"first","8":"instock","9":"shipping-taxable","10":"product-type-simple"},"_links":{"self":[{"href":"https:\/\/uj.adatbank.ro\/lexikon\/wp-json\/wp\/v2\/product\/16137","targetHints":{"allow":["GET"]}}],"collection":[{"href":"https:\/\/uj.adatbank.ro\/lexikon\/wp-json\/wp\/v2\/product"}],"about":[{"href":"https:\/\/uj.adatbank.ro\/lexikon\/wp-json\/wp\/v2\/types\/product"}],"replies":[{"embeddable":true,"href":"https:\/\/uj.adatbank.ro\/lexikon\/wp-json\/wp\/v2\/comments?post=16137"}],"wp:attachment":[{"href":"https:\/\/uj.adatbank.ro\/lexikon\/wp-json\/wp\/v2\/media?parent=16137"}],"wp:term":[{"taxonomy":"product_brand","embeddable":true,"href":"https:\/\/uj.adatbank.ro\/lexikon\/wp-json\/wp\/v2\/product_brand?post=16137"},{"taxonomy":"product_cat","embeddable":true,"href":"https:\/\/uj.adatbank.ro\/lexikon\/wp-json\/wp\/v2\/product_cat?post=16137"},{"taxonomy":"product_tag","embeddable":true,"href":"https:\/\/uj.adatbank.ro\/lexikon\/wp-json\/wp\/v2\/product_tag?post=16137"}],"curies":[{"name":"wp","href":"https:\/\/api.w.org\/{rel}","templated":true}]}}