{"id":16138,"date":"2025-07-15T16:06:12","date_gmt":"2025-07-15T14:06:12","guid":{"rendered":"https:\/\/uj.adatbank.ro\/lexikon\/termek\/nagy-erzsebet\/"},"modified":"2025-07-15T16:06:12","modified_gmt":"2025-07-15T14:06:12","slug":"nagy-erzsebet","status":"publish","type":"product","link":"https:\/\/uj.adatbank.ro\/lexikon\/termek\/nagy-erzsebet\/","title":{"rendered":"NAGY Erzs\u00e9bet"},"content":{"rendered":"<p>? \u2020 ?: f\u00f6ldbirtokos. \u2013 Balav\u00e1s\u00e1ron rendelkezett jelent\u0151s f\u00f6ldbirtokkal, amelynek nagy r\u00e9sz\u00e9t a f\u00f6ldoszt\u00e1skor kisaj\u00e1t\u00edtottak, \u00e9s az \u00e1llami iskol\u00e1nak, a g. kat. egyh\u00e1znak \u00e9s papnak, a cikm\u00e1ntori csend\u0151rs\u00e9gnek, k\u00f6zlegel\u0151nek, stb. osztottak sz\u00e9t (1922\u201324). <br \/><strong>Irod.:<\/strong> Prozan<\/br><\/p>\n","protected":false},"excerpt":{"rendered":"<p>? \u2020 ?: f\u00f6ldbirtokos. \u2013 Balav\u00e1s\u00e1ron rendelkezett jelent\u0151s f\u00f6ldbirtokkal, amelynek nagy r\u00e9sz\u00e9t a f\u00f6ldoszt\u00e1skor kisaj\u00e1t\u00edtottak, \u00e9s az \u00e1llami iskol\u00e1nak, a g. kat. egyh\u00e1znak \u00e9s papnak, a cikm\u00e1ntori csend\u0151rs\u00e9gnek, k\u00f6zlegel\u0151nek, stb. osztottak sz\u00e9t (1922\u201324). Irod.: Prozan<\/p>\n","protected":false},"featured_media":0,"comment_status":"open","ping_status":"closed","template":"","meta":[],"product_brand":[],"product_cat":[137],"product_tag":[],"class_list":{"0":"post-16138","1":"product","2":"type-product","3":"status-publish","5":"product_cat-maros-megyei-eletrajzi-lexikon","7":"first","8":"instock","9":"shipping-taxable","10":"product-type-simple"},"_links":{"self":[{"href":"https:\/\/uj.adatbank.ro\/lexikon\/wp-json\/wp\/v2\/product\/16138","targetHints":{"allow":["GET"]}}],"collection":[{"href":"https:\/\/uj.adatbank.ro\/lexikon\/wp-json\/wp\/v2\/product"}],"about":[{"href":"https:\/\/uj.adatbank.ro\/lexikon\/wp-json\/wp\/v2\/types\/product"}],"replies":[{"embeddable":true,"href":"https:\/\/uj.adatbank.ro\/lexikon\/wp-json\/wp\/v2\/comments?post=16138"}],"wp:attachment":[{"href":"https:\/\/uj.adatbank.ro\/lexikon\/wp-json\/wp\/v2\/media?parent=16138"}],"wp:term":[{"taxonomy":"product_brand","embeddable":true,"href":"https:\/\/uj.adatbank.ro\/lexikon\/wp-json\/wp\/v2\/product_brand?post=16138"},{"taxonomy":"product_cat","embeddable":true,"href":"https:\/\/uj.adatbank.ro\/lexikon\/wp-json\/wp\/v2\/product_cat?post=16138"},{"taxonomy":"product_tag","embeddable":true,"href":"https:\/\/uj.adatbank.ro\/lexikon\/wp-json\/wp\/v2\/product_tag?post=16138"}],"curies":[{"name":"wp","href":"https:\/\/api.w.org\/{rel}","templated":true}]}}