{"id":16139,"date":"2025-07-15T16:06:14","date_gmt":"2025-07-15T14:06:14","guid":{"rendered":"https:\/\/uj.adatbank.ro\/lexikon\/termek\/nagy-erzsebet-sz-kozma-erzsebet\/"},"modified":"2025-07-15T16:06:14","modified_gmt":"2025-07-15T14:06:14","slug":"nagy-erzsebet-sz-kozma-erzsebet","status":"publish","type":"product","link":"https:\/\/uj.adatbank.ro\/lexikon\/termek\/nagy-erzsebet-sz-kozma-erzsebet\/","title":{"rendered":"NAGY Erzs\u00e9bet, sz. Kozma Erzs\u00e9bet"},"content":{"rendered":"<p>1938. aug. 7., \u2020 Magyardell\u0151, 1993. aug. 4.: tan\u00edt\u00f3n\u0151. \u2013 A k\u00e9zdiv\u00e1s\u00e1rhelyi tan\u00edt\u00f3k\u00e9pz\u0151ben v\u00e9gzett (1955). Tan\u00edtott Pet\u0151falv\u00e1n (1955\u201356), Sepsiszentgy\u00f6rgy\u00f6n (1956\u201358, 1960\u201369), K\u00f6z\u00e9pajt\u00e1n (1958\u201360). Mv.-en az 5. sz. napk\u00f6ziben, a 19.-es ovod\u00e1ban m\u0171k\u00f6d\u00f6tt nyugd\u00edjaz\u00e1s\u00e1ig (1969\u201382). Munkat\u00e1rsa volt a Tan\u00fcgyi \u00dajs\u00e1g, V. Z., K\u00f6zoktat\u00e1s lapoknak. \u2013 <strong>F. m.:<\/strong> <strong>t\u00e1rssz.:<\/strong> \u00d3v\u00f3n\u0151k k\u00e9zik\u00f6nyve : Az ovodai oktat\u00f3-nevel\u0151 tev\u00e9kenys\u00e9g gyakorlati \u00fatmutat\u00f3ja (P\u00e9ter Ann\u00e1val; bevez. Udvarhelyi Mih\u00e1ly; Buk., 1981). <br \/><strong>Irod.:<\/strong> RMIL<\/br><\/p>\n","protected":false},"excerpt":{"rendered":"<p>1938. aug. 7., \u2020 Magyardell\u0151, 1993. aug. 4.: tan\u00edt\u00f3n\u0151. \u2013 A k\u00e9zdiv\u00e1s\u00e1rhelyi tan\u00edt\u00f3k\u00e9pz\u0151ben v\u00e9gzett (1955). Tan\u00edtott Pet\u0151falv\u00e1n (1955\u201356), Sepsiszentgy\u00f6rgy\u00f6n (1956\u201358, 1960\u201369), K\u00f6z\u00e9pajt\u00e1n (1958\u201360). Mv.-en az 5. sz. napk\u00f6ziben, a 19.-es ovod\u00e1ban m\u0171k\u00f6d\u00f6tt nyugd\u00edjaz\u00e1s\u00e1ig (1969\u201382). Munkat\u00e1rsa volt a Tan\u00fcgyi \u00dajs\u00e1g, V. Z., K\u00f6zoktat\u00e1s lapoknak. \u2013 F. m.: t\u00e1rssz.: \u00d3v\u00f3n\u0151k k\u00e9zik\u00f6nyve : Az ovodai oktat\u00f3-nevel\u0151 tev\u00e9kenys\u00e9g gyakorlati [&hellip;]<\/p>\n","protected":false},"featured_media":0,"comment_status":"open","ping_status":"closed","template":"","meta":[],"product_brand":[],"product_cat":[137],"product_tag":[],"class_list":{"0":"post-16139","1":"product","2":"type-product","3":"status-publish","5":"product_cat-maros-megyei-eletrajzi-lexikon","7":"first","8":"instock","9":"shipping-taxable","10":"product-type-simple"},"_links":{"self":[{"href":"https:\/\/uj.adatbank.ro\/lexikon\/wp-json\/wp\/v2\/product\/16139","targetHints":{"allow":["GET"]}}],"collection":[{"href":"https:\/\/uj.adatbank.ro\/lexikon\/wp-json\/wp\/v2\/product"}],"about":[{"href":"https:\/\/uj.adatbank.ro\/lexikon\/wp-json\/wp\/v2\/types\/product"}],"replies":[{"embeddable":true,"href":"https:\/\/uj.adatbank.ro\/lexikon\/wp-json\/wp\/v2\/comments?post=16139"}],"wp:attachment":[{"href":"https:\/\/uj.adatbank.ro\/lexikon\/wp-json\/wp\/v2\/media?parent=16139"}],"wp:term":[{"taxonomy":"product_brand","embeddable":true,"href":"https:\/\/uj.adatbank.ro\/lexikon\/wp-json\/wp\/v2\/product_brand?post=16139"},{"taxonomy":"product_cat","embeddable":true,"href":"https:\/\/uj.adatbank.ro\/lexikon\/wp-json\/wp\/v2\/product_cat?post=16139"},{"taxonomy":"product_tag","embeddable":true,"href":"https:\/\/uj.adatbank.ro\/lexikon\/wp-json\/wp\/v2\/product_tag?post=16139"}],"curies":[{"name":"wp","href":"https:\/\/api.w.org\/{rel}","templated":true}]}}

NAGY Erzsébet, sz. Kozma Erzsébet

<p>1938. aug. 7., † Magyardellő, 1993. aug. 4.: tanítónő. – A kézdivásárhelyi tanítóképzőben végzett (1955). Tanított Petőfalván (1955–56), Sepsiszentgyörgyön (1956–58, 1960–69), Középajtán (1958–60). Mv.-en az 5. sz. napköziben, a 19.-es ovodában működött nyugdíjazásáig (1969–82). Munkatársa volt a Tanügyi Újság, V. Z., Közoktatás lapoknak. – <strong>F. m.:</strong> <strong>társsz.:</strong> Óvónők kézikönyve : Az ovodai oktató-nevelő tevékenység gyakorlati útmutatója (Péter Annával; bevez. Udvarhelyi Mihály; Buk., 1981). <br /><strong>Irod.:</strong> RMIL</br></p>

<p>1938. aug. 7., † Magyardellő, 1993. aug. 4.: tanítónő. – A kézdivásárhelyi tanítóképzőben végzett (1955). Tanított Petőfalván (1955–56), Sepsiszentgyörgyön (1956–58, 1960–69), Középajtán (1958–60). Mv.-en az 5. sz. napköziben, a 19.-es ovodában működött nyugdíjazásáig (1969–82). Munkatársa volt a Tanügyi Újság, V. Z., Közoktatás lapoknak. – F. m.: társsz.: Óvónők kézikönyve : Az ovodai oktató-nevelő tevékenység gyakorlati [&hellip;]</p>
