{"id":1614,"date":"2025-06-28T11:47:40","date_gmt":"2025-06-28T09:47:40","guid":{"rendered":"https:\/\/uj.adatbank.ro\/lexikon\/termek\/adorjan-sandor\/"},"modified":"2025-06-28T11:47:40","modified_gmt":"2025-06-28T09:47:40","slug":"adorjan-sandor","status":"publish","type":"product","link":"https:\/\/uj.adatbank.ro\/lexikon\/termek\/adorjan-sandor\/","title":{"rendered":"ADORJ\u00c1N S\u00e1ndor"},"content":{"rendered":"<p>Erd\u0151sz\u00e1da, 1934, \u2020 Mv.,1982. m\u00e1rc. 16.: sz\u00edn\u00e9sz, b\u00e1bsz\u00edn\u00e9sz. \u2013 A mv.-i \u00c1llami B\u00e1bsz\u00ednh\u00e1z m\u0171v\u00e9sze (1956\u2013), az `aranycsapat` tagja volt. <br \/><strong>Irod.:<\/strong> Ariel; [Nekrol\u00f3g] (V. Z., 1982. m\u00e1rc. 18.)<\/br><\/p>\n","protected":false},"excerpt":{"rendered":"<p>Erd\u0151sz\u00e1da, 1934, \u2020 Mv.,1982. m\u00e1rc. 16.: sz\u00edn\u00e9sz, b\u00e1bsz\u00edn\u00e9sz. \u2013 A mv.-i \u00c1llami B\u00e1bsz\u00ednh\u00e1z m\u0171v\u00e9sze (1956\u2013), az `aranycsapat` tagja volt. Irod.: Ariel; [Nekrol\u00f3g] (V. Z., 1982. m\u00e1rc. 18.)<\/p>\n","protected":false},"featured_media":0,"comment_status":"open","ping_status":"closed","template":"","meta":[],"product_brand":[],"product_cat":[137],"product_tag":[],"class_list":{"0":"post-1614","1":"product","2":"type-product","3":"status-publish","5":"product_cat-maros-megyei-eletrajzi-lexikon","7":"first","8":"instock","9":"shipping-taxable","10":"product-type-simple"},"_links":{"self":[{"href":"https:\/\/uj.adatbank.ro\/lexikon\/wp-json\/wp\/v2\/product\/1614","targetHints":{"allow":["GET"]}}],"collection":[{"href":"https:\/\/uj.adatbank.ro\/lexikon\/wp-json\/wp\/v2\/product"}],"about":[{"href":"https:\/\/uj.adatbank.ro\/lexikon\/wp-json\/wp\/v2\/types\/product"}],"replies":[{"embeddable":true,"href":"https:\/\/uj.adatbank.ro\/lexikon\/wp-json\/wp\/v2\/comments?post=1614"}],"wp:attachment":[{"href":"https:\/\/uj.adatbank.ro\/lexikon\/wp-json\/wp\/v2\/media?parent=1614"}],"wp:term":[{"taxonomy":"product_brand","embeddable":true,"href":"https:\/\/uj.adatbank.ro\/lexikon\/wp-json\/wp\/v2\/product_brand?post=1614"},{"taxonomy":"product_cat","embeddable":true,"href":"https:\/\/uj.adatbank.ro\/lexikon\/wp-json\/wp\/v2\/product_cat?post=1614"},{"taxonomy":"product_tag","embeddable":true,"href":"https:\/\/uj.adatbank.ro\/lexikon\/wp-json\/wp\/v2\/product_tag?post=1614"}],"curies":[{"name":"wp","href":"https:\/\/api.w.org\/{rel}","templated":true}]}}